000
CXUS51 KBUF 011402
CLMART
CLIMATE REPORT
NATIONAL WEATHER SERVICE BUFFALO NY
1002 AM EDT SUN OCT 01 2023
...................................
...THE WATERTOWN NY CLIMATE SUMMARY FOR THE MONTH OF SEPTEMBER 2023...
CLIMATE NORMAL PERIOD: 1991 TO 2020
CLIMATE RECORD PERIOD: 1949 TO 2023
WEATHER OBSERVED NORMAL DEPART LAST YEAR`S
VALUE DATE(S) VALUE FROM VALUE DATE(S)
NORMAL
................................................................
TEMPERATURE (F)
RECORD
HIGH 96 09/04/1953
LOW 22 09/30/1991
HIGHEST 85 09/05 82 09/03
09/06
LOWEST 34 09/27 33 09/24
09/30
AVG. MAXIMUM 73.1 71.2 1.9 69.6
AVG. MINIMUM 50.4 48.8 1.6 51.8
MEAN 61.8 60.0 1.8 60.7
DAYS MAX >= 90 0 0.1 -0.1 0
DAYS MAX <= 32 0 0.0 0.0 0
DAYS MIN <= 32 0 1.2 -1.2 0
DAYS MIN <= 0 0 0.0 0.0 0
PRECIPITATION (INCHES)
RECORD
MAXIMUM 7.42 1975
MINIMUM 0.16 1961
TOTALS 1.59 3.56 -1.97 2.90
DAYS >= .01 8 10.8 -2.8 12
DAYS >= .10 5 6.8 -1.8 8
DAYS >= .50 1 2.2 -1.2 3
DAYS >= 1.00 0 0.6 -0.6 0
GREATEST
24 HR. TOTAL 0.72 09/09 TO 09/10 0.84 09/25 TO 09/26
DEGREE DAYS
HEATING TOTAL 144 190 -46 153
SINCE 7/1 180 251 -71 MM
COOLING TOTAL 54 40 14 31
SINCE 1/1 403 381 22 MM
................................................................
WIND (MPH)
AVERAGE WIND SPEED 5.1
HIGHEST WIND SPEED/DIRECTION 20/210
20/250
HIGHEST GUST SPEED/DIRECTION 31/230 DATE 09/02
SKY COVER
POSSIBLE SUNSHINE (PERCENT) MM
AVERAGE SKY COVER 0.29
NUMBER OF DAYS FAIR 20
NUMBER OF DAYS PC 5
NUMBER OF DAYS CLOUDY 5
AVERAGE RH (PERCENT) 75
WEATHER CONDITIONS. NUMBER OF DAYS WITH
THUNDERSTORM 2 MIXED PRECIP 0
HEAVY RAIN 5 RAIN 4
LIGHT RAIN 9 FREEZING RAIN 0
LT FREEZING RAIN 0 HAIL 0
HEAVY SNOW 0 SNOW 0
LIGHT SNOW 0 SLEET 0
FOG 16 FOG W/VIS <= 1/4 MILE 4
HAZE 2
- INDICATES NEGATIVE NUMBERS.
R INDICATES RECORD WAS SET OR TIED.
MM INDICATES DATA IS MISSING.
T INDICATES TRACE AMOUNT.
$$