000
CXUS53 KARX 020845
CF6ARX
PRELIMINARY LOCAL CLIMATOLOGICAL DATA (WS FORM: F-6)
STATION: LA CROSSE WEATHER OFFICE WI
MONTH: MAY
YEAR: 2022
LATITUDE: 43 49 N
LONGITUDE: 91 12 W
TEMPERATURE IN F: :PCPN: SNOW: WIND :SUNSHINE: SKY :PK WND
================================================================================
1 2 3 4 5 6A 6B 7 8 9 10 11 12 13 14 15 16 17 18
12Z AVG MX 2MIN
DY MAX MIN AVG DEP HDD CDD WTR SNW DPTH SPD SPD DIR MIN PSBL S-S WX SPD DR
================================================================================
1 46 41 44 -8 21 0 0.05 0.0 0 M M M M M M 35 M
2 45 39 42 -11 23 0 T 0.0 0 M M M M M M 23 M
3 52 39 46 -7 19 0 0.30 0.0 0 M M M M M M 14 M
4 63 36 50 -3 15 0 0.00 0.0 0 M M M M M M 14 M
5 66 43 55 1 10 0 0.00 0.0 0 M M M M M M 13 M
6 69 43 56 2 9 0 0.00 0.0 0 M M M M M M 22 M
7 71 44 58 4 7 0 0.00 0.0 0 M M M M M M 29 M
8 58 50 54 -1 11 0 0.09 0.0 0 M M M M M M 43 M
9 83 56 70 15 0 5 0.02 0.0 0 M M M M M M 3 43 M
10 76 62 69 13 0 4 0.01 0.0 0 M M M M M M 39 M
11 88 66 77 21 0 12 0.00 0.0 0 M M M M M M 3 27 M
12 92 74 83 27 0 18 0.00 0.0 0 M M M M M M 27 M
13 85 64 75 18 0 10 0.00 0.0 0 M M M M M M 30 M
14 83 60 72 15 0 7 0.02 0.0 0 M M M M M M 45 M
15 73 54 64 7 1 0 0.00 0.0 0 M M M M M M 20 M
16 72 51 62 4 3 0 0.00 0.0 0 M M M M M M 28 M
17 65 47 56 -2 9 0 0.28 0.0 0 M M M M M M 1 13 M
18 63 49 56 -2 9 0 0.08 0.0 0 M M M M M M 13 22 M
19 75 54 65 6 0 0 2.19 T 0 M M M M M M 135 54 M
20 67 52 60 1 5 0 0.08 0.0 0 M M M M M M 3 20 M
21 55 43 49 -10 16 0 0.00 0.0 0 M M M M M M 23 M
22 54 40 47 -13 18 0 0.00 0.0 0 M M M M M M 22 M
23 62 39 51 -9 14 0 0.00 0.0 0 M M M M M M 21 M
24 66 43 55 -5 10 0 0.11 0.0 0 M M M M M M 19 M
25 53 45 49 -12 16 0 1.22 0.0 0 M M M M M M 1 30 M
26 55 50 53 -8 12 0 0.06 0.0 0 M M M M M M 1 15 M
27 71 46 59 -2 6 0 0.00 0.0 0 M M M M M M 16 M
28 75 57 66 4 0 1 T 0.0 0 M M M M M M 3 28 M
29 77 61 69 7 0 4 0.07 0.0 0 M M M M M M 3 37 M
30 84 68 76 14 0 11 T 0.0 0 M M M M M M 44 M
31 77 57 67 4 0 2 0.18 0.0 M M M M M M 0 44 M
================================================================================
SM 2121 1573 234 74 4.76 T M M 0
================================================================================
AV 68.4 50.7 M FASTST M M 0 MAX(MPH)
MISC ----> M M 54 9999
================================================================================
NOTES:
# LAST OF SEVERAL OCCURRENCES
COLUMN 17 PEAK WIND IN M.P.H.
PRELIMINARY LOCAL CLIMATOLOGICAL DATA (WS FORM: F-6) , PAGE 2
STATION: LA CROSSE WEATHER OFFICE WI
MONTH: MAY
YEAR: 2022
LATITUDE: 43 49 N
LONGITUDE: 91 12 W
[TEMPERATURE DATA] [PRECIPITATION DATA] SYMBOLS USED IN COLUMN 16
AVERAGE MONTHLY: 59.6 TOTAL FOR MONTH: 4.76 1 = FOG OR MIST
DPTR FM NORMAL: 2.1 DPTR FM NORMAL: -0.15 2 = FOG REDUCING VISIBILITY
HIGHEST: 92 ON 12 GRTST 24HR 2.19 ON 19-19 TO 1/4 MILE OR LESS
LOWEST: 36 ON 4 3 = THUNDER
SNOW, ICE PELLETS, HAIL 4 = ICE PELLETS
TOTAL MONTH: T 5 = HAIL
GRTST 24HR T ON 19-19 6 = FREEZING RAIN OR DRIZZLE
GRTST DEPTH: 0 7 = DUSTSTORM OR SANDSTORM:
VSBY 1/2 MILE OR LESS
8 = SMOKE OR HAZE
[NO. OF DAYS WITH] [WEATHER - DAYS WITH] 9 = BLOWING SNOW
X = TORNADO
MAX 32 OR BELOW: 0 0.01 INCH OR MORE: 15
MAX 90 OR ABOVE: 1 0.10 INCH OR MORE: 6
MIN 32 OR BELOW: 0 0.50 INCH OR MORE: 2
MIN 0 OR BELOW: 0 1.00 INCH OR MORE: 2
[HDD (BASE 65) ]
TOTAL THIS MO. 234 CLEAR (SCALE 0-3) 1
DPTR FM NORMAL -26 PTCLDY (SCALE 4-7) 0
TOTAL FM JUL 1 7459 CLOUDY (SCALE 8-10) 30
DPTR FM NORMAL -79
[CDD (BASE 65) ]
TOTAL THIS MO. 74
DPTR FM NORMAL 45 [PRESSURE DATA]
TOTAL FM JAN 1 74 HIGHEST SLP M ON M
DPTR FM NORMAL 42 LOWEST SLP M ON M
[REMARKS]
#FINAL-05-22#