000
CXUS53 KARX 011000
CF6ARX
PRELIMINARY LOCAL CLIMATOLOGICAL DATA (WS FORM: F-6)
STATION: LA CROSSE WEATHER OFFICE WI
MONTH: FEBRUARY
YEAR: 2024
LATITUDE: 43 49 N
LONGITUDE: 91 12 W
TEMPERATURE IN F: :PCPN: SNOW: WIND :SUNSHINE: SKY :PK WND
================================================================================
1 2 3 4 5 6A 6B 7 8 9 10 11 12 13 14 15 16 17 18
12Z AVG MX 2MIN
DY MAX MIN AVG DEP HDD CDD WTR SNW DPTH SPD SPD DIR MIN PSBL S-S WX SPD DR
================================================================================
1 47 32 40 24 25 0 0.00 0.0 T M M M M M M 13 M
2 33 25 29 12 36 0 0.00 0.0 0 M M M M M M 18 M
3 44 29 37 20 28 0 0.00 0.0 0 M M M M M M 15 M
4 49 24 37 20 28 0 0.00 0.0 0 M M M M M 0 1 15 M
5 50 29 40 23 25 0 0.00 0.0 0 M M M M M M 2 M
6 52 29 41 23 24 0 0.00 0.0 0 M M M M M M 20 M
7 46 35 41 23 24 0 T 0.0 0 M M M M M M M M
8 57 37 47 29 18 0 0.05 0.0 0 M M M M M M M M
9 37 27 32 13 33 0 T T 0 M M M M M M 4 24 M
10 36 24 30 11 35 0 0.00 0.0 0 M M M M M M M M
11 39 22 31 12 34 0 0.00 0.0 0 M M M M M M 5 M
12 44 26 35 15 30 0 0.00 0.0 0 M M M M M M M M
13 37 24 31 11 34 0 0.00 0.0 0 M M M M M M M M
14 45 27 36 16 29 0 0.03 T 0 M M M M M M 1 M M
15 33 20 27 6 38 0 0.15 1.1 1 M M M M M M 1 M M
16 21 7 14 -7 51 0 0.00 0.0 T M M M M M M M M
17 32 5 19 -2 46 0 0.00 0.0 T M M M M M M M M
18 39 22 31 9 34 0 0.00 0.0 0 M M M M M M M M
19 44 23 34 12 31 0 0.00 0.0 0 M M M M M M 14 M
20 51 33 42 19 23 0 0.00 0.0 0 M M M M M M 20 M
21 52 31 42 19 23 0 0.00 0.0 0 M M M M M M 11 M
22 59 33 46 22 19 0 0.00 0.0 0 M M M M M M 26 M
23 38 16 27 3 38 0 T 0.1 0 M M M M M M 26 M
24 37 11 24 0 41 0 0.00 0.0 T M M M M M M 34 M
25 53 32 43 18 22 0 0.00 0.0 0 M M M M M M 15 M
26 65 32 49 24 16 0 0.00 0.0 0 M M M M M M 28 M
27 66 15 41 15 24 0 0.05 0.7 0 M M M M M M 36 M
28 19 5 12 -14 53 0 T T 1 M M M M M M M M
29 49 10 30 4 35 0 0.00 0.0 1 M M M M M M 32 M
================================================================================
SM 1274 685 897 0 0.28 1.9 M M 0
================================================================================
AV 43.9 23.6 M FASTST M M 0 MAX(MPH)
MISC ----> M M 36 9999
================================================================================
NOTES:
# LAST OF SEVERAL OCCURRENCES
COLUMN 17 PEAK WIND IN M.P.H.
PRELIMINARY LOCAL CLIMATOLOGICAL DATA (WS FORM: F-6) , PAGE 2
STATION: LA CROSSE WEATHER OFFICE WI
MONTH: FEBRUARY
YEAR: 2024
LATITUDE: 43 49 N
LONGITUDE: 91 12 W
[TEMPERATURE DATA] [PRECIPITATION DATA] SYMBOLS USED IN COLUMN 16
AVERAGE MONTHLY: 33.8 TOTAL FOR MONTH: 0.28 1 = FOG OR MIST
DPTR FM NORMAL: 13.1 DPTR FM NORMAL: -0.85 2 = FOG REDUCING VISIBILITY
HIGHEST: 66 ON 27 GRTST 24HR 0.15 ON 15-15 TO 1/4 MILE OR LESS
LOWEST: 5 ON 28,17 3 = THUNDER
SNOW, ICE PELLETS, HAIL 4 = ICE PELLETS
TOTAL MONTH: 1.9 INCHES 5 = HAIL
GRTST 24HR 1.1 ON 15-15 6 = FREEZING RAIN OR DRIZZLE
GRTST DEPTH: 2 ON M 7 = DUSTSTORM OR SANDSTORM:
VSBY 1/2 MILE OR LESS
8 = SMOKE OR HAZE
[NO. OF DAYS WITH] [WEATHER - DAYS WITH] 9 = BLOWING SNOW
X = TORNADO
MAX 32 OR BELOW: 3 0.01 INCH OR MORE: 4
MAX 90 OR ABOVE: 0 0.10 INCH OR MORE: 1
MIN 32 OR BELOW: 25 0.50 INCH OR MORE: 0
MIN 0 OR BELOW: 0 1.00 INCH OR MORE: 0
[HDD (BASE 65) ]
TOTAL THIS MO. 897 CLEAR (SCALE 0-3) 1
DPTR FM NORMAL -342 PTCLDY (SCALE 4-7) 0
TOTAL FM JUL 1 4671 CLOUDY (SCALE 8-10) 28
DPTR FM NORMAL -1104
[CDD (BASE 65) ]
TOTAL THIS MO. 0
DPTR FM NORMAL 0 [PRESSURE DATA]
TOTAL FM JAN 1 0 HIGHEST SLP M ON M
DPTR FM NORMAL 0 LOWEST SLP M ON M
[REMARKS]
#FINAL-02-24#