000
CXUS55 KGJT 010959
CLMASE
CLIMATE REPORT
NATIONAL WEATHER SERVICE GRAND JUNCTION CO
359 AM MDT MON MAY 01 2023
...................................
...THE ASPEN CO CLIMATE SUMMARY FOR THE MONTH OF APRIL 2023...
CLIMATE NORMAL PERIOD 1991 TO 2020
CLIMATE RECORD PERIOD 9999 TO 9999
WEATHER OBSERVED NORMAL DEPART LAST YEAR`S
VALUE DATE(S) VALUE FROM VALUE DATE(S)
NORMAL
................................................................
TEMPERATURE (F)
HIGHEST 66 04/11 MM MM 69 04/21
LOWEST 5 04/06 MM MM 9 04/13
AVG. MAXIMUM 49.7 54.7 -5.0 53.4
AVG. MINIMUM 23.7 28.0 -4.3 27.1
MEAN 36.7 41.3 -4.6 40.2
DAYS MAX >= 90 0 0.0 0.0 0
DAYS MAX <= 32 2 0.7 1.3 1
DAYS MIN <= 32 27 24.5 2.5 24
DAYS MIN <= 0 0 0.0 0.0 0
PRECIPITATION (INCHES)
TOTALS 1.35 1.80 -0.45 1.05
DAILY AVG. 0.05 0.06 -0.01 0.04
DAYS >= .01 13 11.7 1.3 9
DAYS >= .10 5 5.6 -0.6 3
DAYS >= .50 1 0.6 0.4 0
DAYS >= 1.00 0 0.0 0.0 0
GREATEST
24 HR. TOTAL 0.68 04/24 TO 04/25 0.28
SNOWFALL (INCHES)
TOTALS MM MM MM MM
SINCE 7/1 MM MM MM MM
SNOWDEPTH AVG. MM MM
DAYS >= 1.0 MM MM MM MM
GREATEST
SNOW DEPTH MM MM MM
24 HR TOTAL MM MM
DEGREE DAYS
HEATING TOTAL 844 710 134 736
SINCE 7/1 8114 7502 612 7332
COOLING TOTAL 0 0 0 0
SINCE 1/1 0 0 0 0
................................................................
WIND (MPH)
AVERAGE WIND SPEED 6.7
HIGHEST WIND SPEED/DIRECTION 28/170 DATE 04/03
28/170 04/18
HIGHEST GUST SPEED/DIRECTION 43/170 DATE 04/03
SKY COVER
POSSIBLE SUNSHINE (PERCENT) MM
AVERAGE SKY COVER 0.42
NUMBER OF DAYS FAIR 13
NUMBER OF DAYS PC 11
NUMBER OF DAYS CLOUDY 6
AVERAGE RH (PERCENT) 48
WEATHER CONDITIONS. NUMBER OF DAYS WITH
THUNDERSTORM 1 MIXED PRECIP 0
HEAVY RAIN 0 RAIN 0
LIGHT RAIN 3 FREEZING RAIN 0
LT FREEZING RAIN 0 HAIL 0
HEAVY SNOW 2 SNOW 6
LIGHT SNOW 14 SLEET 0
FOG 13 FOG W/VIS <= 1/4 MILE 4
HAZE 9
- INDICATES NEGATIVE NUMBERS.
R INDICATES RECORD WAS SET OR TIED.
MM INDICATES DATA IS MISSING.
T INDICATES TRACE AMOUNT.
$$