000
CXUS56 KPQR 011201
CF6AST
PRELIMINARY LOCAL CLIMATOLOGICAL DATA (WS FORM: F-6)
STATION: ASTORIA OR
MONTH: APRIL
YEAR: 2023
LATITUDE: 46 9 N
LONGITUDE: 123 53 W
TEMPERATURE IN F: :PCPN: SNOW: WIND :SUNSHINE: SKY :PK WND
================================================================================
1 2 3 4 5 6A 6B 7 8 9 10 11 12 13 14 15 16 17 18
12Z AVG MX 2MIN
DY MAX MIN AVG DEP HDD CDD WTR SNW DPTH SPD SPD DIR MIN PSBL S-S WX SPD DR
================================================================================
1 48 39 44 -3 21 0 0.21 M M 10.1 22 260 M M 8 1 30 260
2 47 35 41 -6 24 0 0.42 M M 9.2 22 260 M M 8 1 31 260
3 50 36 43 -4 22 0 0.23 M M 8.2 23 290 M M 8 1 29 290
4 49 35 42 -5 23 0 0.12 M M 5.3 14 320 M M 6 1 17 250
5 49 32 41 -7 24 0 0.16 M M 4.4 12 160 M M 7 1 16 170
6 55 46 51 3 14 0 1.12 M M 8.1 28 190 M M 10 1 38 210
7 52 46 49 1 16 0 0.07 M M 7.7 17 250 M M 10 18 24 200
8 51 46 49 1 16 0 0.13 M M 8.2 18 180 M M 10 18 28 180
9 55 48 52 4 13 0 1.03 M M 11.8 30 200 M M 10 1 45 180
10 49 42 46 -2 19 0 0.69 M M 3.6 12 190 M M 10 1 15 180
11 50 39 45 -3 20 0 0.32 M M 10.1 20 230 M M 6 1 28 200
12 50 34 42 -6 23 0 0.31 M M 4.8 17 300 M M 7 1 21 290
13 51 37 44 -4 21 0 0.02 M M 4.4 12 260 M M 8 1 14 260
14 55 33 44 -4 21 0 0.00 M M 5.8 13 250 M M 4 12 18 360
15 53 42 48 0 17 0 T M M 7.6 21 220 M M 10 29 220
16 50 39 45 -4 20 0 0.93 M M 8.3 25 250 M M 8 1 35 250
17 49 38 44 -5 21 0 0.32 M M 12.1 25 210 M M 9 1 35 190
18 46 37 42 -7 23 0 1.29 M M 10.1 22 250 M M 9 13 33 250
19 50 38 44 -5 21 0 0.23 M M 9.0 20 220 M M 6 1 26 200
20 49 37 43 -6 22 0 0.31 M M 8.0 30 190 M M 9 18 38 220
21 52 46 49 0 16 0 0.02 M M 5.1 15 240 M M 10 1 21 250
22 60 47 54 5 11 0 0.21 M M 3.9 13 250 M M 10 1 17 230
23 52 46 49 -1 16 0 0.21 M M 10.4 22 230 M M 10 18 29 210
24 54 45 50 0 15 0 0.01 M M 7.4 17 240 M M 8 18 23 240
25 58 44 51 1 14 0 0.00 M M 8.7 22 310 M M 5 26 320
26 66 42 54 4 11 0 0.00 M M 0.9 6 140 M M 0 1 7 120
27 67 45 56 6 9 0 0.00 M M 8.8 20 310 M M 4 1 24 310
28 86 45 66 16 0 1 0.00 M M 7.3 16 220 M M 1 1 23 220
29 57 49 53 2 12 0 0.00 M M 9.5 22 210 M M 9 31 220
30 58 49 54 3 11 0 0.06 M M 9.0 20 230 M M 7 1 26 220
================================================================================
SM 1618 1237 516 1 8.42 M 227.8 M 227
================================================================================
AV 53.9 41.2 7.6 FASTST M M 8 MAX(MPH)
MISC ----> # 30 200 45 180
================================================================================
NOTES:
# LAST OF SEVERAL OCCURRENCES
COLUMN 17 PEAK WIND IN M.P.H.
PRELIMINARY LOCAL CLIMATOLOGICAL DATA (WS FORM: F-6) , PAGE 2
STATION: ASTORIA OR
MONTH: APRIL
YEAR: 2023
LATITUDE: 46 9 N
LONGITUDE: 123 53 W
[TEMPERATURE DATA] [PRECIPITATION DATA] SYMBOLS USED IN COLUMN 16
AVERAGE MONTHLY: 47.6 TOTAL FOR MONTH: 8.42 1 = FOG OR MIST
DPTR FM NORMAL: -1.1 DPTR FM NORMAL: 2.62 2 = FOG REDUCING VISIBILITY
HIGHEST: 86 ON 28 GRTST 24HR 1.47 ON 18-19 TO 1/4 MILE OR LESS
LOWEST: 32 ON 5 3 = THUNDER
SNOW, ICE PELLETS, HAIL 4 = ICE PELLETS
TOTAL MONTH: M 5 = HAIL
GRTST 24HR M ON M 6 = FREEZING RAIN OR DRIZZLE
GRTST DEPTH: M ON M 7 = DUSTSTORM OR SANDSTORM:
VSBY 1/2 MILE OR LESS
8 = SMOKE OR HAZE
[NO. OF DAYS WITH] [WEATHER - DAYS WITH] 9 = BLOWING SNOW
X = TORNADO
MAX 32 OR BELOW: 0 0.01 INCH OR MORE: 23
MAX 90 OR ABOVE: 0 0.10 INCH OR MORE: 18
MIN 32 OR BELOW: 1 0.50 INCH OR MORE: 5
MIN 0 OR BELOW: 0 1.00 INCH OR MORE: 3
[HDD (BASE 65) ]
TOTAL THIS MO. 516 CLEAR (SCALE 0-3) 2
DPTR FM NORMAL 27 PTCLDY (SCALE 4-7) 13
TOTAL FM JUL 1 4295 CLOUDY (SCALE 8-10) 15
DPTR FM NORMAL -71
[CDD (BASE 65) ]
TOTAL THIS MO. 1
DPTR FM NORMAL 1 [PRESSURE DATA]
TOTAL FM JAN 1 1 HIGHEST SLP 30.42 ON 21
DPTR FM NORMAL 1 LOWEST SLP 29.60 ON 17
[REMARKS]
#FINAL-04-23#