000
CXUS54 KEWX 011010
CF6AUS
PRELIMINARY LOCAL CLIMATOLOGICAL DATA (WS FORM: F-6)
STATION: AUSTIN BERGSTROM
MONTH: NOVEMBER
YEAR: 2020
LATITUDE: 30 13 N
LONGITUDE: 97 40 W
TEMPERATURE IN F: :PCPN: SNOW: WIND :SUNSHINE: SKY :PK WND
================================================================================
1 2 3 4 5 6A 6B 7 8 9 10 11 12 13 14 15 16 17 18
12Z AVG MX 2MIN
DY MAX MIN AVG DEP HDD CDD WTR SNW DPTH SPD SPD DIR MIN PSBL S-S WX SPD DR
================================================================================
1 79 43 61 -3 4 0 0.00 0.0 0 8.3 22 20 M M 4 29 30
2 77 39 58 -6 7 0 0.00 0.0 0 1.9 8 30 M M 2 14 20
3 80 35 58 -5 7 0 0.00 0.0 0 4.5 14 190 M M 2 21 180
4 81 40 61 -2 4 0 0.00 0.0 0 5.3 17 190 M M 2 26 180
5 82 47 65 3 0 0 0.00 0.0 0 3.9 15 190 M M 4 12 21 180
6 81 54 68 6 0 3 0.00 0.0 0 3.1 12 140 M M 7 15 170
7 82 47 65 3 0 0 0.00 0.0 0 3.0 13 130 M M 1 1 17 130
8 83 50 67 6 0 2 T 0.0 0 5.8 17 140 M M 5 1 21 160
9 86 59 73 12 0 8 0.00 0.0 0 8.5 18 180 M M 5 28 150
10 82 58 70 10 0 5 T 0.0 0 7.4 18 340 M M 7 1 25 340
11 84 53 69 9 0 4 0.00 0.0 0 5.8 13 30 M M 2 19 20
12 85 57 71 11 0 6 0.00 0.0 0 3.2 15 200 M M 5 1 22 190
13 86 58 72 13 0 7 0.00 0.0 0 4.2 15 50 M M 8 12 19 50
14 89 64 77 18 0 12 0.00 0.0 0 9.6 23 200 M M 6 33 190
15 74 39 57 -1 8 0 0.00 0.0 0 12.6 32 360 M M 2 41 360
16 76 32 54 -4 11 0 0.00 0.0 0 1.4 10 120 M M 0 17 110
17 77 34 56 -2 9 0 0.00 0.0 0 2.5 12 60 M M 1 17 50
18 80 36 58 1 7 0 0.00 0.0 0 5.6 16 150 M M 0 23 170
19 83 48 66 9 0 1 T 0.0 0 6.5 21 180 M M 4 12 27 190
20 84 53 69 12 0 4 0.00 0.0 0 5.5 15 180 M M 5 1 21 160
21 81 56 69 13 0 4 0.01 0.0 0 3.6 12 110 M M 8 12 15 130
22 83 58 71 15 0 6 T 0.0 0 7.8 24 30 M M 8 1 32 30
23 68 52 60 4 5 0 0.00 0.0 0 8.0 21 20 M M 7 1 25 20
24 85 61 73 18 0 8 0.01 0.0 0 12.7 25 180 M M 7 1 37 170
25 73 44 59 4 6 0 T 0.0 0 6.8 22 350 M M 4 27 350
26 77 39 58 3 7 0 0.00 0.0 0 3.1 13 170 M M 5 18 180
27 71 60 66 12 0 1 0.03 0.0 0 8.7 21 360 M M 10 13 26 360
28 61 52 57 3 8 0 0.78 0.0 0 9.5 18 10 M M 10 1 24 20
29 60 48 54 0 11 0 T 0.0 0 12.1 23 350 M M 8 31 360
30 58 30 44 -9 21 0 0.00 0.0 0 10.4 26 350 M M 1 39 340
================================================================================
SM 2348 1446 115 71 0.83 0.0 191.3 M 140
================================================================================
AV 78.3 48.2 6.4 FASTST M M 5 MAX(MPH)
MISC ----> # 32 360 # 41 360
================================================================================
NOTES:
# LAST OF SEVERAL OCCURRENCES
COLUMN 17 PEAK WIND IN M.P.H.
PRELIMINARY LOCAL CLIMATOLOGICAL DATA (WS FORM: F-6) , PAGE 2
STATION: AUSTIN BERGSTROM
MONTH: NOVEMBER
YEAR: 2020
LATITUDE: 30 13 N
LONGITUDE: 97 40 W
[TEMPERATURE DATA] [PRECIPITATION DATA] SYMBOLS USED IN COLUMN 16
AVERAGE MONTHLY: 63.2 TOTAL FOR MONTH: 0.83 1 = FOG OR MIST
DPTR FM NORMAL: 4.8 DPTR FM NORMAL: -2.11 2 = FOG REDUCING VISIBILITY
HIGHEST: 89 ON 14 GRTST 24HR 0.78 ON 28-28 TO 1/4 MILE OR LESS
LOWEST: 30 ON 30 3 = THUNDER
SNOW, ICE PELLETS, HAIL 4 = ICE PELLETS
TOTAL MONTH: 0.0 INCH 5 = HAIL
GRTST 24HR 0.0 6 = FREEZING RAIN OR DRIZZLE
GRTST DEPTH: 0 7 = DUSTSTORM OR SANDSTORM:
VSBY 1/2 MILE OR LESS
8 = SMOKE OR HAZE
[NO. OF DAYS WITH] [WEATHER - DAYS WITH] 9 = BLOWING SNOW
X = TORNADO
MAX 32 OR BELOW: 0 0.01 INCH OR MORE: 4
MAX 90 OR ABOVE: 0 0.10 INCH OR MORE: 1
MIN 32 OR BELOW: 2 0.50 INCH OR MORE: 1
MIN 0 OR BELOW: 0 1.00 INCH OR MORE: 0
[HDD (BASE 65) ]
TOTAL THIS MO. 115 CLEAR (SCALE 0-3) 10
DPTR FM NORMAL -119 PTCLDY (SCALE 4-7) 18
TOTAL FM JUL 1 188 CLOUDY (SCALE 8-10) 2
DPTR FM NORMAL -97
[CDD (BASE 65) ]
TOTAL THIS MO. 71
DPTR FM NORMAL 33 [PRESSURE DATA]
TOTAL FM JAN 1 3193 HIGHEST SLP 30.52 ON 2
DPTR FM NORMAL 452 LOWEST SLP 29.74 ON 24
[REMARKS]
#FINAL-11-20#