000
CXUS54 KEWX 010920
CLMAUS
CLIMATE REPORT
NATIONAL WEATHER SERVICE AUSTIN/SAN ANTONIO
316 AM CST THU FEB 01 2024
...................................
...THE AUSTIN BERGSTROM CLIMATE SUMMARY FOR THE MONTH OF JANUARY 2024...
CLIMATE NORMAL PERIOD: 1991 TO 2020
CLIMATE RECORD PERIOD: 1943 TO 2024
WEATHER OBSERVED NORMAL DEPART LAST YEAR`S
VALUE DATE(S) VALUE FROM VALUE DATE(S)
NORMAL
................................................................
TEMPERATURE (F)
HIGHEST 78 01/18 83 01/02
LOWEST 11 01/17 25 01/14
01/23
AVG. MAXIMUM 58.4 62.5 -4.1 66.8
AVG. MINIMUM 34.1 37.7 -3.6 39.9
MEAN 46.2 50.1 -3.9 53.4
DAYS MAX >= 90 0 0
DAYS MAX <= 32 1 0
DAYS MIN <= 32 13 8
DAYS MIN <= 0 0 0
PRECIPITATION (INCHES)
TOTALS 6.77 2.82 3.95 1.53
DAILY AVG. 0.22 0.09 0.13 0.05
DAYS >= .01 9 6
DAYS >= .10 5 2
DAYS >= .50 3 1
DAYS >= 1.00 3 1
GREATEST
24 HR. TOTAL 3.56 01/21 TO 01/22
SNOWFALL (INCHES)
TOTALS T 0.0 0.0 0.0
SINCE 7/1 T 0.1 -0.1 MM
DEGREE DAYS
HEATING TOTAL 573 470 103 371
SINCE 7/1 1163 1158 5 MM
COOLING TOTAL 0 8 -8 19
SINCE 1/1 0 8 -8 MM
................................................................
WIND (MPH)
AVERAGE WIND SPEED 8.4
HIGHEST WIND SPEED/DIRECTION 31/360 DATE 01/19
HIGHEST GUST SPEED/DIRECTION 52/310 DATE 01/08
SKY COVER
POSSIBLE SUNSHINE (PERCENT) MM
AVERAGE SKY COVER 0.54
NUMBER OF DAYS FAIR 11
NUMBER OF DAYS PC 8
NUMBER OF DAYS CLOUDY 12
AVERAGE RH (PERCENT) 70
WEATHER CONDITIONS. NUMBER OF DAYS WITH
THUNDERSTORM 3 MIXED PRECIP 0
HEAVY RAIN 3 RAIN 5
LIGHT RAIN 11 FREEZING RAIN 0
LT FREEZING RAIN 2 HAIL 0
HEAVY SNOW 0 SNOW 0
LIGHT SNOW 2 SLEET 0
FOG 16 FOG W/VIS <= 1/4 MILE 3
HAZE 0
- INDICATES NEGATIVE NUMBERS.
R INDICATES RECORD WAS SET OR TIED.
MM INDICATES DATA IS MISSING.
T INDICATES TRACE AMOUNT.
&&
MONTHLY CLIMATE SUMMARY:
JANUARY 2024 WAS THE 14TH COLDEST AND
5TH WETTEST JANUARY ON RECORD.
SEA LEVEL PRESSURE DATA:
HIGHEST SLP 30.62 ON THE 20TH
LOWEST SLP 29.46 ON THE 11TH
PRELIMINARY LOCAL CLIMATOLOGICAL DATA (WS FORM: F-6)
STATION: AUSTIN BERGSTROM
MONTH: JANUARY
YEAR: 2024
LATITUDE: 30 13 N
LONGITUDE: 97 40 W
TEMPERATURE IN F: :PCPN: SNOW: WIND :SUNSHINE: SKY :PK WND
================================================================================
1 2 3 4 5 6A 6B 7 8 9 10 11 12 13 14 15 16 17 18
12Z AVG MX 2MIN
DY MAX MIN AVG DEP HDD CDD WTR SNW DPTH SPD SPD DIR MIN PSBL S-S WX SPD DR
================================================================================
1 58 38 48 -2 17 0 T M 0 11.8 23 360 M M 5 1 28 350
2 53 38 46 -4 19 0 1.51 0.0 0 9.1 17 360 M M 10 13 23 350
3 51 44 48 -2 17 0 T 0.0 0 8.3 16 350 M M 10 1 19 360
4 58 34 46 -4 19 0 0.04 0.0 0 4.8 16 110 M M 8 1 22 120
5 67 39 53 3 12 0 0.01 0.0 0 5.3 15 300 M M 5 1 24 290
6 64 33 49 -1 16 0 0.00 0.0 0 2.9 14 30 M M 3 20 40
7 65 29 47 -3 18 0 T 0.0 0 8.4 21 140 M M 4 1 28 150
8 75 50 63 13 2 0 0.27 0.0 0 15.0 30 310 M M 9 1 52 310
9 57 31 44 -6 21 0 0.00 0.0 0 11.3 23 320 M M 1 36 330
10 67 24 46 -4 19 0 0.00 0.0 0 7.5 25 210 M M 2 37 220
11 74 32 53 3 12 0 0.00 0.0 0 8.8 23 180 M M 4 12 32 180
12 68 27 48 -2 17 0 0.00 0.0 0 11.1 29 290 M M 3 49 290
13 63 21 42 -8 23 0 0.00 0.0 0 7.3 22 30 M M 5 31 210
14 36 19 28 -22 37 0 T T 0 17.5 23 360 M M 9 16 30 360
15 25 18 22 -28 43 0 T T T 16.4 25 20 M M 9 16 33 350
16 34 17 26 -24 39 0 0.00 0.0 0 13.2 29 360 M M 1 40 360
17 46 11 29 -21 36 0 0.00 0.0 0 7.0 20 180 M M 2 26 180
18 78 32 55 5 10 0 0.00 0.0 0 5.9 21 230 M M 2 31 240
19 49 31 40 -10 25 0 0.00 0.0 0 18.7 31 360 M M 0 42 10
20 42 26 34 -16 31 0 0.00 0.0 0 11.4 20 10 M M 5 27 30
21 41 37 39 -11 26 0 0.02 0.0 0 6.8 13 80 M M 10 1 19 60
22 58 39 49 -1 16 0 3.54 0.0 0 4.8 21 130 M M 10 123 27 130
23 60 53 57 7 8 0 0.23 0.0 0 4.7 14 360 M M 10 1 18 10
24 57 54 56 5 9 0 1.09 0.0 0 6.3 14 20 M M 10 13 21 30
25 60 45 53 2 12 0 0.06 0.0 0 5.4 14 350 M M 8 1 18 340
26 57 50 54 3 11 0 T 0.0 0 7.5 15 360 M M 10 12 20 60
27 63 41 52 1 13 0 0.00 0.0 0 8.9 20 330 M M 5 30 320
28 66 34 50 -1 15 0 0.00 0.0 0 3.1 10 360 M M 0 14 50
29 71 34 53 2 12 0 0.00 0.0 0 4.3 14 200 M M 2 18 200
30 74 37 56 5 9 0 0.00 0.0 0 2.4 10 170 M M 3 14 220
31 73 38 56 4 9 0 0.00 0.0 0 3.3 12 150 M M 5 15 140
================================================================================
SM 1810 1056 573 0 6.77 T 259.2 M 170
================================================================================
AV 58.4 34.1 8.4 FASTST M M 5 MAX(MPH)
MISC ----> 31 360 52 310
================================================================================
NOTES:
# LAST OF SEVERAL OCCURRENCES
COLUMN 17 PEAK WIND IN M.P.H.
SYMBOLS USED IN COLUMN 16
1 = FOG OR MIST
2 = FOG REDUCING VISIBILITY TO 1/4 MILE OR LESS
3 = THUNDER
4 = ICE PELLETS
5 = HAIL
6 = FREEZING RAIN OR DRIZZLE
7 = DUSTSTORM OR SANDSTORM: VSBY 1/2 MILE OR LESS
8 = SMOKE OR HAZE
9 = BLOWING SNOW
X = TORNADO
$$