000
CXUS54 KEWX 032145
CLMAUS
CLIMATE REPORT
NATIONAL WEATHER SERVICE AUSTIN/SAN ANTONIO
405 PM CDT FRI NOV 03 2023
...................................
...THE AUSTIN BERGSTROM CLIMATE SUMMARY FOR THE MONTH OF OCTOBER 2023...
CLIMATE NORMAL PERIOD: 1991 TO 2020
CLIMATE RECORD PERIOD: 1943 TO 2023
WEATHER OBSERVED NORMAL DEPART LAST YEAR`S
VALUE DATE(S) VALUE FROM VALUE DATE(S)
NORMAL
................................................................
TEMPERATURE (F)
HIGHEST 100R 10/04 96 10/12
LOWEST 38 10/31 38 10/19
AVG. MAXIMUM 83.5 82.5 1.0 84.1
AVG. MINIMUM 58.8 57.2 1.6 54.2
MEAN 71.2 69.9 1.3 69.1
DAYS MAX >= 90 8 5
DAYS MAX <= 32 0 0
DAYS MIN <= 32 0 0
DAYS MIN <= 0 0 0
PRECIPITATION (INCHES)
TOTALS 6.07 4.25 1.82 1.99
DAILY AVG. 0.20 0.14 0.06 0.06
DAYS >= .01 9 5
DAYS >= .10 6 3
DAYS >= .50 3 1
DAYS >= 1.00 2 1
GREATEST
24 HR. TOTAL 2.59 10/26 TO 10/26
SNOWFALL (INCHES)
TOTALS 0.0 0.0 0.0 0.0
SINCE 7/1 T 0.0 0.0 MM
DEGREE DAYS
HEATING TOTAL 52 44 8 43
SINCE 7/1 52 44 8 MM
COOLING TOTAL 247 195 52 176
SINCE 1/1 3446 2934 512 MM
................................................................
WIND (MPH)
AVERAGE WIND SPEED 8.4
HIGHEST WIND SPEED/DIRECTION 29/360 DATE 10/30
HIGHEST GUST SPEED/DIRECTION 40/010 DATE 10/30
SKY COVER
POSSIBLE SUNSHINE (PERCENT) MM
AVERAGE SKY COVER 0.55
NUMBER OF DAYS FAIR 8
NUMBER OF DAYS PC 14
NUMBER OF DAYS CLOUDY 9
AVERAGE RH (PERCENT) 68
WEATHER CONDITIONS. NUMBER OF DAYS WITH
THUNDERSTORM 4 MIXED PRECIP 0
HEAVY RAIN 3 RAIN 6
LIGHT RAIN 12 FREEZING RAIN 0
LT FREEZING RAIN 0 HAIL 0
HEAVY SNOW 0 SNOW 0
LIGHT SNOW 0 SLEET 0
FOG 11 FOG W/VIS <= 1/4 MILE 1
HAZE 1
- INDICATES NEGATIVE NUMBERS.
R INDICATES RECORD WAS SET OR TIED.
MM INDICATES DATA IS MISSING.
T INDICATES TRACE AMOUNT.
&&
MONTHLY CLIMATE SUMMARY:
OCTOBER 2023 WAS THE 30TH WARMEST AND THE 17TH WETTEST OCTOBER ON RECORD.
SEA LEVEL PRESSURE DATA:
HIGHEST SLP 30.45 ON 31ST
LOWEST SLP 29.59 ON 12TH
PRELIMINARY LOCAL CLIMATOLOGICAL DATA (WS FORM: F-6)
STATION: AUSTIN BERGSTROM
MONTH: OCTOBER
YEAR: 2023
LATITUDE: 30 13 N
LONGITUDE: 97 40 W
TEMPERATURE IN F: :PCPN: SNOW: WIND :SUNSHINE: SKY :PK WND
================================================================================
1 2 3 4 5 6A 6B 7 8 9 10 11 12 13 14 15 16 17 18
12Z AVG MX 2MIN
DY MAX MIN AVG DEP HDD CDD WTR SNW DPTH SPD SPD DIR MIN PSBL S-S WX SPD DR
================================================================================
1 96 66 81 6 0 16 0.00 0.0 0 5.7 17 120 M M 6 27 130
2 95 67 81 6 0 16 0.00 0.0 0 6.7 17 80 M M 4 24 80
3 97 64 81 7 0 16 0.00 0.0 0 5.4 20 80 M M 4 25 80
4 100 74 87 13 0 22 T 0.0 0 7.8 21 150 M M 7 28 150
5 81 69 75 1 0 10 1.74 0.0 0 8.8 28 20 M M 9 13 35 20
6 89 67 78 5 0 13 0.00 0.0 0 9.6 20 360 M M 7 31 30
7 77 58 68 -5 0 3 0.00 0.0 0 12.6 25 10 M M 7 33 20
8 81 49 65 -8 0 0 0.00 0.0 0 4.5 12 180 M M 4 16 50
9 85 51 68 -4 0 3 0.00 0.0 0 6.9 21 190 M M 4 29 190
10 81 63 72 0 0 7 0.01 0.0 0 5.0 18 160 M M 7 25 150
11 73 65 69 -3 0 4 T 0.0 0 5.9 14 140 M M 8 23 90
12 86 62 74 3 0 9 0.00 0.0 0 10.3 18 160 M M 7 1 26 150
13 93 63 78 7 0 13 T 0.0 0 6.8 20 20 M M 7 1 29 10
14 78 52 65 -6 0 0 0.00 0.0 0 11.3 22 10 M M 3 29 10
15 76 52 64 -6 1 0 0.00 0.0 0 13.2 26 10 M M 1 35 360
16 75 45 60 -10 5 0 0.00 0.0 0 9.2 21 360 M M 0 31 340
17 78 39 59 -11 6 0 0.00 0.0 0 3.7 13 150 M M 0 18 150
18 84 44 64 -5 1 0 0.00 0.0 0 6.9 22 180 M M 0 29 170
19 89 53 71 2 0 6 0.00 0.0 0 5.8 17 10 M M 1 25 350
20 98 50 74 6 0 9 0.00 0.0 0 3.4 10 40 M M 1 15 20
21 95 52 74 6 0 9 0.00 0.0 0 5.1 13 190 M M 6 18 190
22 90 61 76 8 0 11 0.00 0.0 0 7.3 20 140 M M 6 12 25 150
23 84 70 77 10 0 12 0.86 0.0 0 7.6 22 190 M M 8 1 28 200
24 81 73 77 10 0 12 0.46 0.0 0 12.2 23 150 M M 9 18 30 140
25 86 74 80 13 0 15 T 0.0 0 13.3 25 140 M M 9 32 160
26 79 69 74 8 0 9 2.59 0.0 0 7.5 23 180 M M 8 13 31 160
27 87 75 81 15 0 16 0.04 0.0 0 7.0 25 140 M M 8 13 32 140
28 88 73 81 15 0 16 0.07 0.0 0 9.2 18 150 M M 7 1 26 170
29 78 43 61 -4 4 0 0.16 0.0 0 13.5 26 340 M M 9 13 37 350
30 49 41 45 -20 20 0 0.14 0.0 0 17.5 29 360 M M 10 1 40 10
31 61 38 50 -14 15 0 T 0.0 0 12.0 23 10 M M 5 30 10
================================================================================
SM 2590 1822 52 247 6.07 0.0 261.7 M 172
================================================================================
AV 83.5 58.8 8.4 FASTST M M 6 MAX(MPH)
MISC ----> 29 360 40 10
================================================================================
NOTES:
# LAST OF SEVERAL OCCURRENCES
COLUMN 17 PEAK WIND IN M.P.H.
SYMBOLS USED IN COLUMN 16
1 = FOG OR MIST
2 = FOG REDUCING VISIBILITY TO 1/4 MILE OR LESS
3 = THUNDER
4 = ICE PELLETS
5 = HAIL
6 = FREEZING RAIN OR DRIZZLE
7 = DUSTSTORM OR SANDSTORM: VSBY 1/2 MILE OR LESS
8 = SMOKE OR HAZE
9 = BLOWING SNOW
X = TORNADO
$$