000
CXUS52 KGSP 010817
CF6AVL
PRELIMINARY LOCAL CLIMATOLOGICAL DATA (WS FORM: F-6)
STATION: ASHEVILLE NC
MONTH: MAY
YEAR: 2023
LATITUDE: 35 25 N
LONGITUDE: 82 33 W
TEMPERATURE IN F: :PCPN: SNOW: WIND :SUNSHINE: SKY :PK WND
================================================================================
1 2 3 4 5 6A 6B 7 8 9 10 11 12 13 14 15 16 17 18
12Z AVG MX 2MIN
DY MAX MIN AVG DEP HDD CDD WTR SNW DPTH SPD SPD DIR MIN PSBL S-S WX SPD DR
================================================================================
1 63 39 51 -10 14 0 0.00 0.0 0 10.5 24 310 M M 3 34 260
2 66 49 58 -4 7 0 0.00 0.0 0 12.3 24 330 M M 3 33 320
3 63 43 53 -9 12 0 0.00 0.0 0 13.6 30 330 M M 1 43 330
4 69 36 53 -9 12 0 0.00 0.0 0 6.6 18 340 M M 0 25 350
5 70 41 56 -6 9 0 0.00 0.0 0 4.6 17 170 M M 0 20 180
6 72 51 62 0 3 0 0.00 0.0 0 4.4 14 190 M M 3 18 220
7 79 48 64 1 1 0 0.37 0.0 0 2.7 29 330 M M 4 13 45 320
8 79 59 69 6 0 4 0.02 0.0 0 5.2 16 300 M M 5 21 310
9 81 55 68 5 0 3 0.12 0.0 0 6.6 21 340 M M 1 13 26 330
10 75 57 66 3 0 1 0.00 0.0 0 4.3 15 150 M M 3 20 160
11 77 55 66 2 0 1 0.00 0.0 0 5.1 15 140 M M 3 20 160
12 77 57 67 3 0 2 0.00 0.0 0 5.8 16 190 M M 6 3 21 200
13 81 61 71 7 0 6 0.00 0.0 0 3.8 17 340 M M 4 1 22 340
14 83 60 72 8 0 7 0.13 0.0 0 5.2 16 170 M M 4 13 20 150
15 70 64 67 3 0 2 0.06 0.0 0 4.1 10 160 M M 10 1 14 140
16 83 61 72 7 0 7 0.30 0.0 0 4.9 25 350 M M 5 13 32 350
17 76 58 67 2 0 2 0.00 0.0 0 9.4 21 330 M M 3 28 340
18 66 53 60 -5 5 0 T 0.0 0 3.5 9 90 M M 8 16 120
19 71 53 62 -3 3 0 0.00 0.0 0 3.9 13 160 M M 8 19 170
20 74 61 68 2 0 3 0.02 0.0 0 5.8 13 340 M M 8 17 350
21 79 59 69 3 0 4 0.00 0.0 0 6.0 16 340 M M 5 22 20
22 74 55 65 -1 0 0 0.00 0.0 0 2.5 12 150 M M 2 19 150
23 73 53 63 -3 2 0 0.00 0.0 0 2.7 12 140 M M 3 16 100
24 76 52 64 -3 1 0 0.00 0.0 0 3.1 15 340 M M 1 20 340
25 77 50 64 -3 1 0 0.00 0.0 0 3.6 14 340 M M 1 20 170
26 73 55 64 -3 1 0 0.00 0.0 0 3.0 12 130 M M 4 18 130
27 66 51 59 -8 6 0 0.77 0.0 0 4.3 12 10 M M 4 1 21 360
28 61 50 56 -12 9 0 1.37 0.0 0 8.5 16 340 M M 9 1 20 350
29 76 52 64 -4 1 0 0.27 0.0 0 7.8 20 340 M M 8 1 26 340
30 73 57 65 -3 0 0 0.15 0.0 0 2.9 9 160 M M 9 12 14 120
31 74 60 67 -1 0 2 0.00 0.0 0 3.9 14 160 M M 9 1 18 140
================================================================================
SM 2277 1655 87 44 3.58 0.0 170.6 M 137
================================================================================
AV 73.5 53.4 5.5 FASTST M M 4 MAX(MPH)
MISC ----> 30 330 45 320
================================================================================
NOTES:
# LAST OF SEVERAL OCCURRENCES
COLUMN 17 PEAK WIND IN M.P.H.
PRELIMINARY LOCAL CLIMATOLOGICAL DATA (WS FORM: F-6) , PAGE 2
STATION: ASHEVILLE NC
MONTH: MAY
YEAR: 2023
LATITUDE: 35 25 N
LONGITUDE: 82 33 W
[TEMPERATURE DATA] [PRECIPITATION DATA] SYMBOLS USED IN COLUMN 16
AVERAGE MONTHLY: 63.4 TOTAL FOR MONTH: 3.58 1 = FOG OR MIST
DPTR FM NORMAL: -1.4 DPTR FM NORMAL: -0.55 2 = FOG REDUCING VISIBILITY
HIGHEST: 83 ON 16,14 GRTST 24HR 2.14 ON 27-28 TO 1/4 MILE OR LESS
LOWEST: 36 ON 4 3 = THUNDER
SNOW, ICE PELLETS, HAIL 4 = ICE PELLETS
TOTAL MONTH: 0.0 INCH 5 = HAIL
GRTST 24HR 0.0 6 = FREEZING RAIN OR DRIZZLE
GRTST DEPTH: 0 7 = DUSTSTORM OR SANDSTORM:
VSBY 1/2 MILE OR LESS
8 = SMOKE OR HAZE
[NO. OF DAYS WITH] [WEATHER - DAYS WITH] 9 = BLOWING SNOW
X = TORNADO
MAX 32 OR BELOW: 0 0.01 INCH OR MORE: 11
MAX 90 OR ABOVE: 0 0.10 INCH OR MORE: 8
MIN 32 OR BELOW: 0 0.50 INCH OR MORE: 2
MIN 0 OR BELOW: 0 1.00 INCH OR MORE: 1
[HDD (BASE 65) ]
TOTAL THIS MO. 87 CLEAR (SCALE 0-3) 13
DPTR FM NORMAL 3 PTCLDY (SCALE 4-7) 14
TOTAL FM JUL 1 3590 CLOUDY (SCALE 8-10) 4
DPTR FM NORMAL -243
[CDD (BASE 65) ]
TOTAL THIS MO. 44
DPTR FM NORMAL -32 [PRESSURE DATA]
TOTAL FM JAN 1 56 HIGHEST SLP 30.27 ON 6
DPTR FM NORMAL -35 LOWEST SLP 29.54 ON 1
[REMARKS]
#FINAL-05-23#