000
CXUS54 KEWX 011010
CF6BAZ
PRELIMINARY LOCAL CLIMATOLOGICAL DATA (WS FORM: F-6)
STATION: NEW BRAUNFELS
MONTH: OCTOBER
YEAR: 2023
LATITUDE: 29 43 N
LONGITUDE: 98 3 W
TEMPERATURE IN F: :PCPN: SNOW: WIND :SUNSHINE: SKY :PK WND
================================================================================
1 2 3 4 5 6A 6B 7 8 9 10 11 12 13 14 15 16 17 18
12Z AVG MX 2MIN
DY MAX MIN AVG DEP HDD CDD WTR SNW DPTH SPD SPD DIR MIN PSBL S-S WX SPD DR
================================================================================
1 96 71 84 8 0 19 0.01 M M 9.0 20 120 M M 5 1 29 110
2 96 72 84 8 0 19 0.00 M M 8.6 18 150 M M 4 27 90
3 98 69 84 9 0 19 0.00 M M 6.8 21 100 M M 3 25 100
4 99 77 88 13 0 23 0.01 M M 9.7 22 140 M M 6 1 28 140
5 83 70 77 2 0 12 1.00 M M 6.9 36 10 M M 6 13 50 10
6 89 69 79 5 0 14 0.00 M M 9.1 20 30 M M 0 32 30
7 80 65 73 -1 0 8 0.00 M M 11.2 23 20 M M 0 31 20
8 80 55 68 -6 0 3 0.00 M M 4.8 12 210 M M 0 15 210
9 84 57 71 -3 0 6 0.00 M M 8.6 21 190 M M 1 28 200
10 77 65 71 -2 0 6 0.10 M M 5.7 20 170 M M 7 18 25 170
11 75 66 71 -2 0 6 0.03 M M 5.8 14 130 M M 8 1 17 130
12 89 67 78 5 0 13 T M M 10.1 20 160 M M 8 18 29 170
13 93 74 84 12 0 19 T M M 6.7 16 50 M M 9 1 23 60
14 82 61 72 0 0 7 0.00 M M 12.1 23 20 M M 3 31 30
15 79 58 69 -3 0 4 0.00 M M 11.8 25 360 M M 1 36 340
16 78 50 64 -7 1 0 0.00 M M 9.5 21 360 M M 0 32 10
17 79 45 62 -9 3 0 0.00 M M 4.7 12 180 M M 0 16 150
18 85 48 67 -4 0 2 0.00 M M 8.3 21 190 M M 0 28 200
19 92 58 75 5 0 10 0.00 0.0 0 6.2 16 20 M M 0 21 10
20 97 57 77 7 0 12 0.00 0.0 0 5.8 13 180 M M 0 17 200
21 95 57 76 6 0 11 0.00 M M 6.1 16 160 M M 0 20 160
22 91 63 77 8 0 12 0.00 M M 8.9 21 130 M M 4 12 29 170
23 85 73 79 10 0 14 0.36 M M 10.6 25 180 M M 9 1 33 170
24 85 72 79 10 0 14 0.06 0.0 0 14.8 28 170 M M 9 1 38 180
25 90 74 82 14 0 17 0.01 0.0 0 15.4 26 150 M M 8 1 36 150
26 83 75 79 11 0 14 1.97 M M 10.0 26 180 M M 7 13 31 170
27 87 75 81 13 0 16 0.06 M M 7.9 20 190 M M 8 138 24 180
28 90 74 82 15 0 17 T M M 8.6 18 170 M M 6 1 25 150
29 85 45 65 -2 0 0 0.18 M M 14.6 30 10 M M 9 1 41 10
30 49 43 46 -20 19 0 0.43 M M 17.5 32 360 M M 10 1 44 330
31 63 42 53 -13 12 0 0.01 M M 12.5 22 20 M M 5 33 360
================================================================================
SM 2634 1947 35 317 4.23 0.0 288.3 M 136
================================================================================
AV 85.0 62.8 9.3 FASTST M M 4 MAX(MPH)
MISC ----> 36 10 50 10
================================================================================
NOTES:
# LAST OF SEVERAL OCCURRENCES
COLUMN 17 PEAK WIND IN M.P.H.
PRELIMINARY LOCAL CLIMATOLOGICAL DATA (WS FORM: F-6) , PAGE 2
STATION: NEW BRAUNFELS
MONTH: OCTOBER
YEAR: 2023
LATITUDE: 29 43 N
LONGITUDE: 98 3 W
[TEMPERATURE DATA] [PRECIPITATION DATA] SYMBOLS USED IN COLUMN 16
AVERAGE MONTHLY: 73.9 TOTAL FOR MONTH: 4.23 1 = FOG OR MIST
DPTR FM NORMAL: 2.6 DPTR FM NORMAL: 0.93 2 = FOG REDUCING VISIBILITY
HIGHEST: 99 ON 4 GRTST 24HR 1.98 ON 26-27 TO 1/4 MILE OR LESS
LOWEST: 42 ON 31 3 = THUNDER
SNOW, ICE PELLETS, HAIL 4 = ICE PELLETS
TOTAL MONTH: 0.0 INCH 5 = HAIL
GRTST 24HR 0.0 6 = FREEZING RAIN OR DRIZZLE
GRTST DEPTH: 0 7 = DUSTSTORM OR SANDSTORM:
VSBY 1/2 MILE OR LESS
8 = SMOKE OR HAZE
[NO. OF DAYS WITH] [WEATHER - DAYS WITH] 9 = BLOWING SNOW
X = TORNADO
MAX 32 OR BELOW: 0 0.01 INCH OR MORE: 13
MAX 90 OR ABOVE: 11 0.10 INCH OR MORE: 6
MIN 32 OR BELOW: 0 0.50 INCH OR MORE: 2
MIN 0 OR BELOW: 0 1.00 INCH OR MORE: 2
[HDD (BASE 65) ]
TOTAL THIS MO. 35 CLEAR (SCALE 0-3) 12
DPTR FM NORMAL 3 PTCLDY (SCALE 4-7) 14
TOTAL FM JUL 1 35 CLOUDY (SCALE 8-10) 5
DPTR FM NORMAL 4
[CDD (BASE 65) ]
TOTAL THIS MO. 317
DPTR FM NORMAL 91 [PRESSURE DATA]
TOTAL FM JAN 1 3891 HIGHEST SLP 30.43 ON 31
DPTR FM NORMAL 823 LOWEST SLP 29.58 ON 12
[REMARKS]
#FINAL-10-23#