000
CXUS55 KLBF 011510
CF6BBW
PRELIMINARY LOCAL CLIMATOLOGICAL DATA (WS FORM: F-6)
STATION: BROKEN BOW
MONTH: DECEMBER
YEAR: 2020
LATITUDE: 41 26 N
LONGITUDE: 99 39 W
TEMPERATURE IN F: :PCPN: SNOW: WIND :SUNSHINE: SKY :PK WND
================================================================================
1 2 3 4 5 6A 6B 7 8 9 10 11 12 13 14 15 16 17 18
12Z AVG MX 2MIN
DY MAX MIN AVG DEP HDD CDD WTR SNW DPTH SPD SPD DIR MIN PSBL S-S WX SPD DR
================================================================================
1 49 12 31 3 34 0 0.00 M M 12.0 28 340 M M 0 37 340
2 38 24 31 3 34 0 0.00 M M 17.7 30 350 M M 9 40 360
3 48 18 33 5 32 0 0.00 M M 7.8 17 300 M M 0 23 310
4 62 29 46 19 19 0 0.00 M M 10.1 18 310 M M 0 24 300
5 56 32 44 17 21 0 0.00 M M 13.0 25 330 M M 0 33 320
6 54 19 37 10 28 0 0.00 M M 2.8 15 320 M M 0 19 320
7 62 27 45 19 20 0 0.00 M M 14.3 30 320 M M 0 38 310
8 68 27 48 22 17 0 0.00 M M 6.4 15 260 M M 0 23 300
9 71 30 51 25 14 0 0.00 M M 3.0 16 320 M M 0 23 330
10 43 24 34 8 31 0 0.00 M M 17.0 35 340 M M 2 43 350
11 33 28 31 6 34 0 T M M 17.7 30 350 M M 9 39 340
12 33 12 23 -2 42 0 T M M 7.4 23 350 M M 6 29 350
13 38 8 23 -2 42 0 0.00 M M 6.9 21 320 M M 2 28 330
14 24 8 16 -9 49 0 0.06 M M 9.1 17 100 M M 4 1 23 110
15 24 9 17 -8 48 0 0.18 M M 3.3 13 110 M M 10 18 19 110
16 38 1 20 -5 45 0 0.00 M M 5.9 18 290 M M 3 128 24 290
17 38 8 23 -2 42 0 0.00 M M 7.9 18 300 M M 0 24 300
18 44 12 28 3 37 0 0.00 M M 11.3 31 340 M M 1 1 39 340
19 43 12 28 3 37 0 0.00 M M 7.0 17 310 M M 0 24 300
20 50 29 40 15 25 0 0.00 M M 9.9 22 290 M M 1 29 300
21 55 26 41 16 24 0 0.00 M M 9.2 17 290 M M 1 24 290
22 56 30 43 18 22 0 0.00 M M 10.8 26 170 M M 0 34 180
23 47 18 33 8 32 0 0.40 M M 28.7 47 330 M M 7 1289 65 330
24 33 15 24 -1 41 0 0.00 M M 10.3 22 320 M M 6 28 290
25 50 13 32 7 33 0 0.00 M M 7.7 22 300 M M 0 27 290
26 51 18 35 10 30 0 0.00 M M 2.5 9 230 M M 1 12 220
27 42 25 34 9 31 0 0.01 M M 13.8 26 330 M M 6 35 340
28 35 21 28 3 37 0 0.04 M M 5.2 16 130 M M 9 1 23 140
29 33 23 28 3 37 0 0.15 M M 12.9 31 320 M M 10 1 43 320
30 30 2 16 -9 49 0 0.00 M M 9.6 23 310 M M 0 18 29 310
31 35 3 19 -6 46 0 0.00 M M 3.4 13 140 M M 0 18 21 170
================================================================================
SM 1383 563 1033 0 0.84 M 304.6 M 87
================================================================================
AV 44.6 18.2 9.8 FASTST M M 3 MAX(MPH)
MISC ----> 47 330 65 330
================================================================================
NOTES:
# LAST OF SEVERAL OCCURRENCES
COLUMN 17 PEAK WIND IN M.P.H.
PRELIMINARY LOCAL CLIMATOLOGICAL DATA (WS FORM: F-6) , PAGE 2
STATION: BROKEN BOW
MONTH: DECEMBER
YEAR: 2020
LATITUDE: 41 26 N
LONGITUDE: 99 39 W
[TEMPERATURE DATA] [PRECIPITATION DATA] SYMBOLS USED IN COLUMN 16
AVERAGE MONTHLY: 31.4 TOTAL FOR MONTH: 0.84 1 = FOG OR MIST
DPTR FM NORMAL: 5.9 DPTR FM NORMAL: 0.34 2 = FOG REDUCING VISIBILITY
HIGHEST: 71 ON 9 GRTST 24HR 0.40 ON 23-23 TO 1/4 MILE OR LESS
LOWEST: 1 ON 16 3 = THUNDER
SNOW, ICE PELLETS, HAIL 4 = ICE PELLETS
TOTAL MONTH: M 5 = HAIL
GRTST 24HR M ON M 6 = FREEZING RAIN OR DRIZZLE
GRTST DEPTH: M ON M 7 = DUSTSTORM OR SANDSTORM:
VSBY 1/2 MILE OR LESS
8 = SMOKE OR HAZE
[NO. OF DAYS WITH] [WEATHER - DAYS WITH] 9 = BLOWING SNOW
X = TORNADO
MAX 32 OR BELOW: 3 0.01 INCH OR MORE: 6
MAX 90 OR ABOVE: 0 0.10 INCH OR MORE: 3
MIN 32 OR BELOW: 31 0.50 INCH OR MORE: 0
MIN 0 OR BELOW: 0 1.00 INCH OR MORE: 0
[HDD (BASE 65) ]
TOTAL THIS MO. 1033 CLEAR (SCALE 0-3) 20
DPTR FM NORMAL -191 PTCLDY (SCALE 4-7) 6
TOTAL FM JUL 1 2380 CLOUDY (SCALE 8-10) 5
DPTR FM NORMAL -372
[CDD (BASE 65) ]
TOTAL THIS MO. 0
DPTR FM NORMAL 0 [PRESSURE DATA]
TOTAL FM JAN 1 987 HIGHEST SLP 30.46 ON 2
DPTR FM NORMAL 219 LOWEST SLP 29.34 ON 22
[REMARKS]
#FINAL-12-20#