000
CXUS51 KBOX 010910
CF6BDL
PRELIMINARY LOCAL CLIMATOLOGICAL DATA (WS FORM: F-6)
STATION: HARTFORD CT
MONTH: DECEMBER
YEAR: 2023
LATITUDE: 41 55 N
LONGITUDE: 72 41 W
TEMPERATURE IN F: :PCPN: SNOW: WIND :SUNSHINE: SKY :PK WND
================================================================================
1 2 3 4 5 6A 6B 7 8 9 10 11 12 13 14 15 16 17 18
12Z AVG MX 2MIN
DY MAX MIN AVG DEP HDD CDD WTR SNW DPTH SPD SPD DIR MIN PSBL S-S WX SPD DR
================================================================================
1 51 34 43 6 22 0 0.08 0.0 0 6.8 15 170 M M 7 1 18 170
2 51 39 45 8 20 0 T 0.0 0 3.9 9 220 M M 9 12 11 200
3 45 39 42 6 23 0 0.81 0.0 0 7.0 17 290 M M 10 12 20 20
4 53 35 44 8 21 0 0.00 0.0 0 4.6 13 230 M M 8 12 15 230
5 40 32 36 0 29 0 0.00 0.0 0 8.1 20 290 M M 9 25 290
6 39 28 34 -1 31 0 T T 0 5.9 16 300 M M 8 21 340
7 34 21 28 -7 37 0 0.00 0.0 0 2.5 13 330 M M 6 18 330
8 48 27 38 3 27 0 0.00 0.0 0 2.4 12 180 M M 7 15 180
9 52 31 42 8 23 0 0.00 0.0 0 2.3 7 310 M M 8 18 7 310
10 60 45 53 19 12 0 1.47 0.0 0 6.9 22 180 M M 10 12 29 170
11 49 35 42 8 23 0 0.72 0.0 0 13.1 28 290 M M 9 1 38 310
12 44 31 38 4 27 0 0.00 0.0 0 9.6 18 310 M M 3 24 230
13 45 27 36 3 29 0 T T 0 10.0 22 320 M M 3 8 30 320
14 38 24 31 -2 34 0 0.00 0.0 0 7.9 15 310 M M 3 20 330
15 58 29 44 11 21 0 0.00 0.0 0 6.9 20 310 M M 3 26 310
16 54 30 42 10 23 0 0.00 0.0 0 4.4 17 20 M M 3 21 20
17 47 30 39 7 26 0 0.90 0.0 0 5.7 14 20 M M 10 13 18 10
18 64 43 54 22 11 0 2.17 0.0 0 16.3 40 150 M M 9 1 51 140
19 46 31 39 7 26 0 0.00 0.0 0 9.8 20 300 M M 4 25 310
20 46 27 37 6 28 0 0.00 0.0 0 7.5 23 350 M M 2 30 360
21 38 23 31 0 34 0 0.00 0.0 0 10.1 20 340 M M 2 25 360
22 35 17 26 -5 39 0 0.00 0.0 0 3.4 13 20 M M 2 16 20
23 36 18 27 -4 38 0 0.00 0.0 0 1.2 6 300 M M 7 7 320
24 42 32 37 7 28 0 0.00 0.0 0 1.2 5 360 M M 10 6 10
25 47 36 42 12 23 0 T 0.0 0 2.0 8 10 M M 9 12 10 350
26 41 36 39 9 26 0 0.00 0.0 0 2.6 7 180 M M 10 12 8 180
27 46 40 43 13 22 0 0.13 0.0 0 2.7 8 10 M M 10 12 11 350
28 49 44 47 17 18 0 1.70 0.0 0 10.6 17 20 M M 10 1 22 10
29 47 42 45 16 20 0 0.05 0.0 0 4.0 9 180 M M 10 1 11 360
30 46 35 41 12 24 0 0.01 0.0 0 9.0 22 310 M M 8 28 310
31 39 35 37 8 28 0 0.00 0.0 0 8.7 18 320 M M 10 24 320
================================================================================
SM 1430 996 793 0 8.04 T 197.1 M 219
================================================================================
AV 46.1 32.1 6.4 FASTST M M 7 MAX(MPH)
MISC ----> 40 150 51 140
================================================================================
NOTES:
# LAST OF SEVERAL OCCURRENCES
COLUMN 17 PEAK WIND IN M.P.H.
PRELIMINARY LOCAL CLIMATOLOGICAL DATA (WS FORM: F-6) , PAGE 2
STATION: HARTFORD CT
MONTH: DECEMBER
YEAR: 2023
LATITUDE: 41 55 N
LONGITUDE: 72 41 W
[TEMPERATURE DATA] [PRECIPITATION DATA] SYMBOLS USED IN COLUMN 16
AVERAGE MONTHLY: 39.1 TOTAL FOR MONTH: 8.04 1 = FOG OR MIST
DPTR FM NORMAL: 6.5 DPTR FM NORMAL: 3.96 2 = FOG REDUCING VISIBILITY
HIGHEST: 64 ON 18 GRTST 24HR 3.06 ON 17-18 TO 1/4 MILE OR LESS
LOWEST: 17 ON 22 3 = THUNDER
SNOW, ICE PELLETS, HAIL 4 = ICE PELLETS
TOTAL MONTH: T 5 = HAIL
GRTST 24HR T ON 6- 6 6 = FREEZING RAIN OR DRIZZLE
GRTST DEPTH: 0 7 = DUSTSTORM OR SANDSTORM:
VSBY 1/2 MILE OR LESS
8 = SMOKE OR HAZE
[NO. OF DAYS WITH] [WEATHER - DAYS WITH] 9 = BLOWING SNOW
X = TORNADO
MAX 32 OR BELOW: 0 0.01 INCH OR MORE: 10
MAX 90 OR ABOVE: 0 0.10 INCH OR MORE: 7
MIN 32 OR BELOW: 17 0.50 INCH OR MORE: 6
MIN 0 OR BELOW: 0 1.00 INCH OR MORE: 3
[HDD (BASE 65) ]
TOTAL THIS MO. 793 CLEAR (SCALE 0-3) 6
DPTR FM NORMAL -211 PTCLDY (SCALE 4-7) 8
TOTAL FM JUL 1 1847 CLOUDY (SCALE 8-10) 17
DPTR FM NORMAL -325
[CDD (BASE 65) ]
TOTAL THIS MO. 0
DPTR FM NORMAL 0 [PRESSURE DATA]
TOTAL FM JAN 1 931 HIGHEST SLP 30.66 ON 14
DPTR FM NORMAL 112 LOWEST SLP 28.94 ON 18
[REMARKS]
#FINAL-12-23#