000
CXUS51 KOKX 011744
CF6BDR
PRELIMINARY LOCAL CLIMATOLOGICAL DATA (WS FORM: F-6)
STATION: BRIDGEPORT CT
MONTH: JANUARY
YEAR: 2023
LATITUDE: 41 10 N
LONGITUDE: 73 8 W
TEMPERATURE IN F: :PCPN: SNOW: WIND :SUNSHINE: SKY :PK WND
================================================================================
1 2 3 4 5 6A 6B 7 8 9 10 11 12 13 14 15 16 17 18
12Z AVG MX 2MIN
DY MAX MIN AVG DEP HDD CDD WTR SNW DPTH SPD SPD DIR MIN PSBL S-S WX SPD DR
================================================================================
1 55 42 49 16 16 0 T 0.0 0 7.2 18 310 M M 4 12 23 300
2 50 31 41 8 24 0 0.00 0.0 0 2.7 9 230 M M 3 13 230
3 48 42 45 12 20 0 0.49 0.0 0 3.4 12 50 M M 10 12 15 50
4 57 40 49 16 16 0 0.02 0.0 0 6.2 21 60 M M 7 12 25 60
5 48 42 45 13 20 0 0.02 0.0 0 6.3 10 30 M M 10 1 13 30
6 43 39 41 9 24 0 0.40 0.0 0 4.5 15 350 M M 10 1 19 340
7 46 33 40 8 25 0 0.00 0.0 0 6.0 18 300 M M 5 23 300
8 38 28 33 1 32 0 0.00 0.0 0 6.9 16 340 M M 0 20 330
9 45 29 37 5 28 0 0.01 0.0 0 5.7 14 340 M M 5 19 220
10 43 27 35 3 30 0 0.00 0.0 0 5.0 12 300 M M 7 16 270
11 37 31 34 2 31 0 0.00 0.0 0 7.6 13 100 M M 5 16 40
12 54 35 45 14 20 0 0.58 0.0 0 12.0 26 190 M M 10 13 34 190
13 55 37 46 15 19 0 0.06 0.0 0 13.2 28 190 M M 9 42 180
14 37 30 34 3 31 0 T T 0 13.1 22 360 M M 10 30 350
15 42 30 36 5 29 0 T T 0 13.8 22 350 M M 6 30 340
16 42 27 35 4 30 0 T T 0 11.7 26 350 M M 6 36 350
17 42 30 36 5 29 0 0.01 0.0 0 5.0 13 220 M M 4 17 330
18 54 36 45 14 20 0 0.00 0.0 0 8.5 26 300 M M 5 34 300
19 42 33 38 7 27 0 1.11 0.0 0 7.0 21 40 M M 6 13 25 30
20 48 37 43 12 22 0 T 0.0 0 8.4 21 290 M M 8 29 290
21 40 34 37 6 28 0 0.00 0.0 0 8.1 16 340 M M 9 23 320
22 40 34 37 6 28 0 0.44 0.0 0 5.4 16 20 M M 10 1 19 30
23 40 35 38 7 27 0 0.45 T 0 11.8 20 360 M M 10 1 28 310
24 45 34 40 9 25 0 0.00 0.0 0 11.1 26 290 M M 7 37 310
25 52 30 41 10 24 0 1.10 T 0 10.7 25 90 M M 6 1 34 100
26 53 39 46 15 19 0 0.39 0.0 0 14.4 26 270 M M 8 1 36 280
27 42 30 36 5 29 0 T T 0 5.6 16 220 M M 3 21 260
28 49 33 41 10 24 0 T 0.0 0 9.8 18 230 M M 3 23 220
29 49 32 41 10 24 0 0.00 0.0 0 5.6 14 180 M M 4 19 170
30 51 35 43 12 22 0 0.00 0.0 0 3.0 10 180 M M 1 14 190
31 42 29 36 5 29 0 0.02 T T 8.8 16 330 M M 7 1 22 320
================================================================================
SM 1429 1044 772 0 5.10 T 248.5 M 198
================================================================================
AV 46.1 33.7 8.0 FASTST M M 6 MAX(MPH)
MISC ----> 28 190 42 180
================================================================================
NOTES:
# LAST OF SEVERAL OCCURRENCES
COLUMN 17 PEAK WIND IN M.P.H.
PRELIMINARY LOCAL CLIMATOLOGICAL DATA (WS FORM: F-6) , PAGE 2
STATION: BRIDGEPORT CT
MONTH: JANUARY
YEAR: 2023
LATITUDE: 41 10 N
LONGITUDE: 73 8 W
[TEMPERATURE DATA] [PRECIPITATION DATA] SYMBOLS USED IN COLUMN 16
AVERAGE MONTHLY: 39.9 TOTAL FOR MONTH: 5.10 1 = FOG OR MIST
DPTR FM NORMAL: 8.5 DPTR FM NORMAL: 1.92 2 = FOG REDUCING VISIBILITY
HIGHEST: 57 ON 4 GRTST 24HR 1.47 ON 25-26 TO 1/4 MILE OR LESS
LOWEST: 27 ON 16,10 3 = THUNDER
SNOW, ICE PELLETS, HAIL 4 = ICE PELLETS
TOTAL MONTH: T 5 = HAIL
GRTST 24HR T ON 14-14 6 = FREEZING RAIN OR DRIZZLE
GRTST DEPTH: T 7 = DUSTSTORM OR SANDSTORM:
VSBY 1/2 MILE OR LESS
8 = SMOKE OR HAZE
[NO. OF DAYS WITH] [WEATHER - DAYS WITH] 9 = BLOWING SNOW
X = TORNADO
MAX 32 OR BELOW: 0 0.01 INCH OR MORE: 14
MAX 90 OR ABOVE: 0 0.10 INCH OR MORE: 8
MIN 32 OR BELOW: 13 0.50 INCH OR MORE: 3
MIN 0 OR BELOW: 0 1.00 INCH OR MORE: 2
[HDD (BASE 65) ]
TOTAL THIS MO. 772 CLEAR (SCALE 0-3) 4
DPTR FM NORMAL -270 PTCLDY (SCALE 4-7) 16
TOTAL FM JUL 1 2488 CLOUDY (SCALE 8-10) 11
DPTR FM NORMAL -318
[CDD (BASE 65) ]
TOTAL THIS MO. 0
DPTR FM NORMAL 0 [PRESSURE DATA]
TOTAL FM JAN 1 0 HIGHEST SLP 30.34 ON 25
DPTR FM NORMAL 0 LOWEST SLP 29.37 ON 26
[REMARKS]
#FINAL-01-23#