000
CXUS51 KOKX 010910
CF6BDR
PRELIMINARY LOCAL CLIMATOLOGICAL DATA (WS FORM: F-6)
STATION: BRIDGEPORT CT
MONTH: JUNE
YEAR: 2021
LATITUDE: 41 10 N
LONGITUDE: 73 8 W
TEMPERATURE IN F: :PCPN: SNOW: WIND :SUNSHINE: SKY :PK WND
================================================================================
1 2 3 4 5 6A 6B 7 8 9 10 11 12 13 14 15 16 17 18
12Z AVG MX 2MIN
DY MAX MIN AVG DEP HDD CDD WTR SNW DPTH SPD SPD DIR MIN PSBL S-S WX SPD DR
================================================================================
1 74 49 62 -3 3 0 0.00 0.0 0 4.5 17 200 M M 0 1 23 200
2 74 56 65 0 0 0 T 0.0 0 5.6 17 190 M M 1 23 200
3 67 59 63 -3 2 0 0.09 0.0 0 5.7 14 200 M M 9 1 17 200
4 77 63 70 4 0 5 0.04 0.0 0 6.4 13 200 M M 7 1 15 200
5 86 61 74 8 0 9 0.00 0.0 0 7.7 16 210 M M 2 128 20 230
6 93 65 79 12 0 14 0.00 0.0 0 6.9 17 190 M M 0 21 200
7 85 68 77 10 0 12 0.00 0.0 0 6.8 16 200 M M 1 20 200
8 86 68 77 10 0 12 0.09 0.0 0 6.0 13 190 M M 2 13 15 200
9 87 69 78 10 0 13 0.00 0.0 0 5.3 14 120 M M 2 13 16 110
10 79 62 71 3 0 6 0.00 0.0 0 9.2 17 30 M M 1 21 20
11 68 58 63 -5 2 0 0.00 0.0 0 11.3 17 80 M M 2 20 90
12 68 62 65 -4 0 0 0.02 0.0 0 6.8 15 90 M M 8 18 90
13 78 57 68 -1 0 3 0.00 0.0 0 7.0 14 190 M M 4 16 210
14 70 60 65 -4 0 0 0.65 0.0 0 6.9 22 210 M M 8 13 27 230
15 80 65 73 3 0 8 0.00 0.0 0 7.7 18 300 M M 5 24 300
16 78 62 70 0 0 5 0.00 0.0 0 9.5 20 320 M M 1 32 310
17 79 53 66 -4 0 1 0.00 0.0 0 6.3 17 350 M M 0 24 220
18 83 56 70 0 0 5 0.00 0.0 0 8.5 17 210 M M 0 23 200
19 85 66 76 5 0 11 0.28 0.0 0 9.4 23 200 M M 4 1 30 190
20 86 66 76 5 0 11 0.01 0.0 0 7.9 16 220 M M 2 20 190
21 81 68 75 3 0 10 0.00 0.0 0 7.8 17 190 M M 4 18 24 200
22 77 59 68 -4 0 3 0.34 0.0 0 7.8 18 330 M M 6 1 23 340
23 75 54 65 -7 0 0 0.00 0.0 0 7.0 20 10 M M 2 26 360
24 74 56 65 -7 0 0 0.01 0.0 0 8.1 17 90 M M 1 1 22 100
25 72 60 66 -7 0 1 0.01 0.0 M 5.8 12 30 M M 7 1 17 120
26 81 68 75 2 0 10 0.00 0.0 M 9.0 17 190 M M 5 1 23 180
27 85 70 78 5 0 13 0.00 0.0 0 8.4 18 180 M M 3 25 210
28 91 71 81 8 0 16 0.00 0.0 0 9.0 18 200 M M 0 24 200
29 94 74 84 10 0 19 0.00 0.0 0 9.7 18 200 M M 0 22 200
30 96 74 85 11 0 20 0.01 0.0 0 9.5 23 360 M M 1 3 29 360
================================================================================
SM 2409 1879 7 207 1.55 0.0 227.5 M 88
================================================================================
AV 80.3 62.6 7.6 FASTST M M 3 MAX(MPH)
MISC ----> # 23 200 32 310
================================================================================
NOTES:
# LAST OF SEVERAL OCCURRENCES
COLUMN 17 PEAK WIND IN M.P.H.
PRELIMINARY LOCAL CLIMATOLOGICAL DATA (WS FORM: F-6) , PAGE 2
STATION: BRIDGEPORT CT
MONTH: JUNE
YEAR: 2021
LATITUDE: 41 10 N
LONGITUDE: 73 8 W
[TEMPERATURE DATA] [PRECIPITATION DATA] SYMBOLS USED IN COLUMN 16
AVERAGE MONTHLY: 71.5 TOTAL FOR MONTH: 1.55 1 = FOG OR MIST
DPTR FM NORMAL: 1.9 DPTR FM NORMAL: -2.22 2 = FOG REDUCING VISIBILITY
HIGHEST: 96 ON 30 GRTST 24HR 0.65 ON 14-14 TO 1/4 MILE OR LESS
LOWEST: 49 ON 1 3 = THUNDER
SNOW, ICE PELLETS, HAIL 4 = ICE PELLETS
TOTAL MONTH: 0.0 INCH 5 = HAIL
GRTST 24HR 0.0 6 = FREEZING RAIN OR DRIZZLE
GRTST DEPTH: 0 7 = DUSTSTORM OR SANDSTORM:
VSBY 1/2 MILE OR LESS
8 = SMOKE OR HAZE
[NO. OF DAYS WITH] [WEATHER - DAYS WITH] 9 = BLOWING SNOW
X = TORNADO
MAX 32 OR BELOW: 0 0.01 INCH OR MORE: 11
MAX 90 OR ABOVE: 4 0.10 INCH OR MORE: 3
MIN 32 OR BELOW: 0 0.50 INCH OR MORE: 1
MIN 0 OR BELOW: 0 1.00 INCH OR MORE: 0
[HDD (BASE 65) ]
TOTAL THIS MO. 7 CLEAR (SCALE 0-3) 19
DPTR FM NORMAL -18 PTCLDY (SCALE 4-7) 9
TOTAL FM JUL 1 4787 CLOUDY (SCALE 8-10) 2
DPTR FM NORMAL -350
[CDD (BASE 65) ]
TOTAL THIS MO. 207
DPTR FM NORMAL 44 [PRESSURE DATA]
TOTAL FM JAN 1 247 HIGHEST SLP M ON M
DPTR FM NORMAL 54 LOWEST SLP 29.59 ON 22
[REMARKS]
#FINAL-06-21#