000
CXUS51 KOKX 011611
CLMBDR
NYCCLMBDR 000
TTAA00 OKX 011608
CLIMATE REPORT
NATIONAL WEATHER SERVICE NEW YORK, NY
1208 PM EDT SAT APR 01 2023
...................................
...THE BRIDGEPORT CT CLIMATE SUMMARY FOR THE MONTH OF MARCH 2023...
CLIMATE NORMAL PERIOD 1991 TO 2020
CLIMATE RECORD PERIOD 1948 TO 2023
WEATHER OBSERVED NORMAL DEPART LAST YEAR`S
VALUE DATE(S) VALUE FROM VALUE DATE(S)
NORMAL
................................................................
TEMPERATURE (F)
RECORD
HIGH 84 03/13/1990
LOW 4 03/19/1967
HIGHEST 63 03/26 MM MM 69 03/18
LOWEST 26 03/01 MM MM 18 03/04
AVG. MAXIMUM 49.2 47.4 1.8 49.8
AVG. MINIMUM 34.0 32.3 1.7 33.4
MEAN 41.6 39.9 1.7 41.6
DAYS MAX >= 90 0 0.0 0.0 0
DAYS MAX <= 32 0 1.0 -1.0 1
DAYS MIN <= 32 13 15.7 -2.7 13
DAYS MIN <= 0 0 0.0 0.0 0
PRECIPITATION (INCHES)
RECORD
MAXIMUM 10.19 2010
MINIMUM 0.69 1981
TOTALS 3.77 4.09 -0.32 2.52
DAILY AVG. 0.12 0.13 -0.01 0.08
DAYS >= .01 13 11.2 1.8 12
DAYS >= .10 9 7.5 1.5 5
DAYS >= .50 3 2.7 0.3 1
DAYS >= 1.00 0 0.9 -0.9 0
GREATEST
24 HR. TOTAL 1.60 03/13 TO 03/14 0.89 03/24 TO 03/24
STORM TOTAL 0.87 0.89
(MM/DD(HH)) MM
SNOWFALL (INCHES)
TOTALS T 7.0 -7.0 2.0
LIQUID EQUIV T 0.70 -0.70 0.20
SINCE 7/1 4.9 32.7 -27.8 MM
LIQUID 7/1 0.49 3.20 -2.71 MM
SNOWDEPTH AVG. 0 0
DAYS >= TRACE 2 3.0 -1.0 5
DAYS >= 1.0 0 2.0 -2.0 1
GREATEST
SNOW DEPTH 3 03/01 1 03/10
24 HR TOTAL MM MM
STORM TOTAL 0.0 1.4
(MM/DD(HH)) MM
DEGREE DAYS
HEATING TOTAL 720 780 -60 718
SINCE 7/1 4004 4481 -477 MM
COOLING TOTAL 0 0 0 0
SINCE 1/1 0 0 0 MM
................................................................
WIND (MPH)
AVERAGE WIND SPEED 10.1
HIGHEST WIND SPEED/DIRECTION 41/070 DATE 03/04
HIGHEST GUST SPEED/DIRECTION 49/090 DATE 03/04
WEATHER CONDITIONS. NUMBER OF DAYS WITH
THUNDERSTORM 0 MIXED PRECIP 0
HEAVY RAIN 3 RAIN 7
LIGHT RAIN 16 FREEZING RAIN 0
LT FREEZING RAIN 0 HAIL 0
HEAVY SNOW 0 SNOW 0
LIGHT SNOW 3 SLEET 0
FOG 10 FOG W/VIS <= 1/4 MILE 2
HAZE 0
- INDICATES NEGATIVE NUMBERS.
R INDICATES RECORD WAS SET OR TIED.
MM INDICATES DATA IS MISSING.
T INDICATES TRACE AMOUNT.
$$