000
CXUS51 KOKX 011752
CLMBDR
CLIMATE REPORT
NATIONAL WEATHER SERVICE NEW YORK, NY
151 PM EDT SUN OCT 01 2023
...................................
...THE BRIDGEPORT CT CLIMATE SUMMARY FOR THE MONTH OF SEPTEMBER 2023...
CLIMATE NORMAL PERIOD 1991 TO 2020
CLIMATE RECORD PERIOD 1948 TO 2023
WEATHER OBSERVED NORMAL DEPART LAST YEAR`S
VALUE DATE(S) VALUE FROM VALUE DATE(S)
NORMAL
................................................................
TEMPERATURE (F)
RECORD
HIGH 99 09/02/1953
LOW 36 09/24/1963
09/28/1957
09/21/1956
HIGHEST 93 09/07 MM MM 86 09/01
LOWEST 47 09/27 MM MM 46 09/24
AVG. MAXIMUM 74.9 75.4 -0.5 75.5
AVG. MINIMUM 60.8 59.8 1.0 59.4
MEAN 67.8 67.6 0.2 67.4
DAYS MAX >= 90 1 0.3 0.7 0
DAYS MAX <= 32 0 0.0 0.0 0
DAYS MIN <= 32 0 0.0 0.0 0
DAYS MIN <= 0 0 0.0 0.0 0
PRECIPITATION (INCHES)
RECORD
MAXIMUM 8.59 2018
MINIMUM 0.43 1959
TOTALS 8.28 3.96 4.32 5.07
DAILY AVG. 0.28 0.13 0.15 0.17
DAYS >= .01 13 8.2 4.8 8
DAYS >= .10 9 5.6 3.4 6
DAYS >= .50 3 2.7 0.3 2
DAYS >= 1.00 3 1.2 1.8 2
GREATEST
24 HR. TOTAL 3.35 09/29 TO 09/29 2.60 09/05 TO 09/06
STORM TOTAL 3.35 2.56
(MM/DD(HH)) MM
DEGREE DAYS
HEATING TOTAL 59 45 14 38
SINCE 7/1 59 45 14 MM
COOLING TOTAL 147 123 24 118
SINCE 1/1 901 940 -39 MM
................................................................
WIND (MPH)
AVERAGE WIND SPEED 8.6
HIGHEST WIND SPEED/DIRECTION 25/040 DATE 09/23
25/030 09/29
HIGHEST GUST SPEED/DIRECTION 33/040 DATE 09/23
WEATHER CONDITIONS. NUMBER OF DAYS WITH
THUNDERSTORM 6 MIXED PRECIP 0
HEAVY RAIN 4 RAIN 7
LIGHT RAIN 13 FREEZING RAIN 0
LT FREEZING RAIN 0 HAIL 0
HEAVY SNOW 0 SNOW 0
LIGHT SNOW 0 SLEET 0
FOG 9 FOG W/VIS <= 1/4 MILE 0
HAZE 0
- INDICATES NEGATIVE NUMBERS.
R INDICATES RECORD WAS SET OR TIED.
MM INDICATES DATA IS MISSING.
T INDICATES TRACE AMOUNT.
$$