000
CXAK56 PAFC 050328
CF6BET
PRELIMINARY LOCAL CLIMATOLOGICAL DATA (WS FORM: F-6)
STATION: BETHEL
MONTH: JULY
YEAR: 2020
LATITUDE: 60 46 N
LONGITUDE: 161 48 W
TEMPERATURE IN F: :PCPN: SNOW: WIND :SUNSHINE: SKY :PK WND
================================================================================
1 2 3 4 5 6A 6B 7 8 9 10 11 12 13 14 15 16 17 18
12Z AVG MX 2MIN
DY MAX MIN AVG DEP HDD CDD WTR SNW DPTH SPD SPD DIR MIN PSBL S-S WX SPD DR
================================================================================
1 57 47 52 -4 13 0 T M M 10.2 17 190 M M 9 1 21 190
2 57 50 54 -2 11 0 0.10 M M 12.1 24 190 M M 10 1 32 170
3 60 47 54 -2 11 0 0.00 M M 1.8 8 250 M M 9 10 60
4 74 47 61 5 4 0 T M M 6.1 15 230 M M 4 1 17 230
5 64 54 59 3 6 0 0.04 M M 9.2 13 280 M M 10 1 16 270
6 54 48 51 -5 14 0 T M M 10.0 17 300 M M 10 1 21 300
7 54 47 51 -5 14 0 0.03 M M 10.7 20 230 M M 10 18 24 230
8 58 47 53 -3 12 0 0.04 M M 10.3 18 320 M M 9 1 24 320
9 61 48 55 -1 10 0 0.00 M M 8.4 14 290 M M 9 1 18 310
10 68 47 58 2 7 0 0.00 M M 9.5 16 330 M M 5 12 21 310
11 68 52 60 4 5 0 T M M 7.5 14 240 M M 2 8 19 240
12 72 47 60 4 5 0 0.01 M M 4.9 15 130 M M 6 12 20 120
13 66 52 59 3 6 0 0.00 M M 11.6 16 230 M M 7 1 22 200
14 70 48 59 3 6 0 0.00 M M 6.5 13 240 M M 5 1 16 270
15 76 47 62 6 3 0 T M M 4.9 9 150 M M 5 12 13 70
16 77 58 68 12 0 3 T M M 6.5 15 350 M M 9 8 19 360
17 71 54 63 7 2 0 0.00 M M 6.6 14 290 M M 5 19 300
18 70 53 62 6 3 0 0.14 M M 4.6 14 140 M M 8 12 17 150
19 66 48 57 1 8 0 0.00 M M 10.6 17 330 M M 4 18 21 320
20 59 49 54 -2 11 0 T M M 5.8 13 300 M M 10 1 17 290
21 58 50 54 -2 11 0 0.16 M M 6.9 15 230 M M 10 1 18 250
22 60 44 52 -4 13 0 0.06 M M 7.6 17 320 M M 9 1 24 320
23 63 48 56 0 9 0 T M M 3.5 10 200 M M 9 14 80
24 62 52 57 1 8 0 0.17 M M 8.5 18 240 M M 10 18 21 240
25 66 51 59 3 6 0 0.03 M M 7.3 15 340 M M 7 1 18 330
26 66 50 58 2 7 0 0.00 M M 8.9 15 320 M M 5 18 320
27 65 49 57 1 8 0 0.00 M M 9.2 18 230 M M 3 18 22 210
28 58 46 52 -3 13 0 0.00 M M 12.3 21 220 M M 8 24 220
29 61 49 55 0 10 0 0.30 M M 8.2 15 160 M M 9 1 20 160
30 57 50 54 -1 11 0 0.32 M M 8.6 16 190 M M 10 1 20 200
31 63 47 55 0 10 0 T M M 5.4 9 80 M M 9 12 13 110
================================================================================
SM 1981 1526 257 3 1.40 M 244.2 M 235
================================================================================
AV 63.9 49.2 7.9 FASTST M M 8 MAX(MPH)
MISC ----> 24 190 32 170
================================================================================
NOTES:
# LAST OF SEVERAL OCCURRENCES
COLUMN 17 PEAK WIND IN M.P.H.
PRELIMINARY LOCAL CLIMATOLOGICAL DATA (WS FORM: F-6) , PAGE 2
STATION: BETHEL
MONTH: JULY
YEAR: 2020
LATITUDE: 60 46 N
LONGITUDE: 161 48 W
[TEMPERATURE DATA] [PRECIPITATION DATA] SYMBOLS USED IN COLUMN 16
AVERAGE MONTHLY: 56.6 TOTAL FOR MONTH: 1.40 1 = FOG OR MIST
DPTR FM NORMAL: 0.5 DPTR FM NORMAL: -0.96 2 = FOG REDUCING VISIBILITY
HIGHEST: 77 ON 16 GRTST 24HR 0.61 ON 29-30 TO 1/4 MILE OR LESS
LOWEST: 44 ON 22 3 = THUNDER
SNOW, ICE PELLETS, HAIL 4 = ICE PELLETS
TOTAL MONTH: M 5 = HAIL
GRTST 24HR M ON M 6 = FREEZING RAIN OR DRIZZLE
GRTST DEPTH: M ON M 7 = DUSTSTORM OR SANDSTORM:
VSBY 1/2 MILE OR LESS
8 = SMOKE OR HAZE
[NO. OF DAYS WITH] [WEATHER - DAYS WITH] 9 = BLOWING SNOW
X = TORNADO
MAX 32 OR BELOW: 0 0.01 INCH OR MORE: 12
MAX 90 OR ABOVE: 0 0.10 INCH OR MORE: 6
MIN 32 OR BELOW: 0 0.50 INCH OR MORE: 0
MIN 0 OR BELOW: 0 1.00 INCH OR MORE: 0
[HDD (BASE 65) ]
TOTAL THIS MO. 257 CLEAR (SCALE 0-3) 2
DPTR FM NORMAL -21 PTCLDY (SCALE 4-7) 12
TOTAL FM JUL 1 257 CLOUDY (SCALE 8-10) 17
DPTR FM NORMAL -27
[CDD (BASE 65) ]
TOTAL THIS MO. 3
DPTR FM NORMAL 1 [PRESSURE DATA]
TOTAL FM JAN 1 3 HIGHEST SLP 30.29 ON 1
DPTR FM NORMAL 0 LOWEST SLP 29.62 ON 30
[REMARKS]
#FINAL-07-20#