000
CXUS51 KCTP 010800
CF6BFD
PRELIMINARY LOCAL CLIMATOLOGICAL DATA (WS FORM: F-6)
STATION: BRADFORD
MONTH: JUNE
YEAR: 2020
LATITUDE: 41 47 N
LONGITUDE: 78 38 W
TEMPERATURE IN F: :PCPN: SNOW: WIND :SUNSHINE: SKY :PK WND
================================================================================
1 2 3 4 5 6A 6B 7 8 9 10 11 12 13 14 15 16 17 18
12Z AVG MX 2MIN
DY MAX MIN AVG DEP HDD CDD WTR SNW DPTH SPD SPD DIR MIN PSBL S-S WX SPD DR
================================================================================
1 66 33 50 -8 15 0 0.00 M M 7.1 23 320 M M 2 29 280
2 74 43 59 1 6 0 T M M 6.2 17 280 M M 8 3 26 190
3 77 55 66 8 0 1 0.29 M M 8.1 25 290 M M 6 13 36 290
4 76 50 63 4 2 0 0.01 M M 3.8 13 230 M M 3 12 20 230
5 78 61 70 11 0 5 0.00 M M 4.8 10 230 M M 6 1 15 200
6 77 51 64 5 1 0 0.00 M M 9.2 20 310 M M 3 18 26 290
7 69 45 57 -2 8 0 0.00 M M 6.9 18 320 M M 1 23 330
8 77 40 59 -1 6 0 0.00 M M 2.7 10 310 M M 0 1 15 300
9 88 48 68 8 0 3 0.00 M M 2.2 9 230 M M 0 18 12 220
10 87 67 77 17 0 12 0.02 M M 8.4 18 210 M M 3 30 170
11 73 50 62 1 3 0 0.08 M M 7.6 21 310 M M 6 1 27 300
12 70 43 57 -4 8 0 0.00 M M 7.8 22 320 M M 2 28 320
13 64 37 51 -10 14 0 0.00 M M 4.7 14 330 M M 0 20 320
14 68 35 52 -9 13 0 0.00 M M 4.4 17 120 M M 2 22 110
15 71 49 60 -2 5 0 T M M 4.4 10 90 M M 7 15 90
16 77 40 59 -3 6 0 0.00 M M 2.5 12 60 M M 0 1 15 60
17 80 45 63 1 2 0 0.00 M M 4.2 13 90 M M 0 17 150
18 80 50 65 3 0 0 0.00 M M 5.9 18 120 M M 2 24 140
19 76 53 65 2 0 0 0.09 M M 3.0 12 320 M M 4 123 14 110
20 80 50 65 2 0 0 T M M 1.8 9 110 M M 5 123 12 140
21 83 54 69 6 0 4 0.01 M M 4.3 13 210 M M 4 123 16 220
22 86 59 73 10 0 8 0.36 M M 3.6 17 190 M M 4 123 23 190
23 77 57 67 4 0 2 1.13 M M 6.8 18 170 M M 9 138 28 160
24 70 48 59 -5 6 0 0.00 M M 7.7 18 280 M M 4 26 260
25 76 47 62 -2 3 0 0.28 M M 3.9 22 310 M M 3 13 26 310
26 78 56 67 3 0 2 0.00 M M 5.1 17 320 M M 1 24 310
27 75 59 67 3 0 2 0.65 M M 7.1 20 300 M M 8 13 27 270
28 80 59 70 6 0 5 0.08 M M 7.8 17 300 M M 5 1 23 330
29 82 55 69 5 0 4 0.00 M M 4.9 14 310 M M 1 1 18 350
30 79 55 67 2 0 2 0.00 M M 5.1 14 10 M M 2 18 20
================================================================================
SM 2294 1494 98 50 3.00 M 162.0 M 101
================================================================================
AV 76.5 49.8 5.4 FASTST M M 3 MAX(MPH)
MISC ----> 25 290 36 290
================================================================================
NOTES:
# LAST OF SEVERAL OCCURRENCES
COLUMN 17 PEAK WIND IN M.P.H.
PRELIMINARY LOCAL CLIMATOLOGICAL DATA (WS FORM: F-6) , PAGE 2
STATION: BRADFORD
MONTH: JUNE
YEAR: 2020
LATITUDE: 41 47 N
LONGITUDE: 78 38 W
[TEMPERATURE DATA] [PRECIPITATION DATA] SYMBOLS USED IN COLUMN 16
AVERAGE MONTHLY: 63.1 TOTAL FOR MONTH: 3.00 1 = FOG OR MIST
DPTR FM NORMAL: 1.6 DPTR FM NORMAL: -1.91 2 = FOG REDUCING VISIBILITY
HIGHEST: 88 ON 9 GRTST 24HR 1.13 ON 23-23 TO 1/4 MILE OR LESS
LOWEST: 33 ON 1 3 = THUNDER
SNOW, ICE PELLETS, HAIL 4 = ICE PELLETS
TOTAL MONTH: M 5 = HAIL
GRTST 24HR M ON M 6 = FREEZING RAIN OR DRIZZLE
GRTST DEPTH: M ON M 7 = DUSTSTORM OR SANDSTORM:
VSBY 1/2 MILE OR LESS
8 = SMOKE OR HAZE
[NO. OF DAYS WITH] [WEATHER - DAYS WITH] 9 = BLOWING SNOW
X = TORNADO
MAX 32 OR BELOW: 0 0.01 INCH OR MORE: 11
MAX 90 OR ABOVE: 0 0.10 INCH OR MORE: 5
MIN 32 OR BELOW: 0 0.50 INCH OR MORE: 2
MIN 0 OR BELOW: 0 1.00 INCH OR MORE: 1
[HDD (BASE 65) ]
TOTAL THIS MO. 98 CLEAR (SCALE 0-3) 15
DPTR FM NORMAL -47 PTCLDY (SCALE 4-7) 14
TOTAL FM JUL 1 6913 CLOUDY (SCALE 8-10) 1
DPTR FM NORMAL -774
[CDD (BASE 65) ]
TOTAL THIS MO. 50
DPTR FM NORMAL 10 [PRESSURE DATA]
TOTAL FM JAN 1 72 HIGHEST SLP 30.44 ON 15
DPTR FM NORMAL 22 LOWEST SLP 29.62 ON 23
[REMARKS]
#FINAL-06-20#