000
CXUS55 KCYS 011809
CLMBFF
CLIMATE REPORT
NATIONAL WEATHER SERVICE CHEYENNE WY
1209 PM MDT WED NOV 01 2023
...................................
...THE SCOTTSBLUFF NE AIRPORT CLIMATE SUMMARY FOR THE MONTH OF OCTOBER 2023...
CLIMATE NORMAL PERIOD 1991 TO 2020
CLIMATE RECORD PERIOD 1871 TO 2023
WEATHER OBSERVED NORMAL DEPART LAST YEAR`S
VALUE DATE(S) VALUE FROM VALUE DATE(S)
NORMAL
................................................................
TEMPERATURE (F)
RECORD
HIGH 93 10/03/1906
LOW -10 10/27/2020
HIGHEST 88 10/01 65 23 83
LOWEST 5 10/30 34 -29 22
AVG. MAXIMUM 65.7 64.9 0.8 69.0
AVG. MINIMUM 32.3 33.6 -1.3 33.9
MEAN 49.0 49.3 -0.3 51.5
DAYS MAX >= 90 0 0.3 -0.3 0
DAYS MAX <= 32 1 0.7 0.3 0
DAYS MIN <= 32 11 13.9 -2.9 14
DAYS MIN <= 0 0 0.2 -0.2 0
PRECIPITATION (INCHES)
RECORD
MAXIMUM 3.14 2009
TOTALS 0.81 1.23 -0.42 0.49
DAYS >= .01 4 7.0 -3.0 5
DAYS >= .10 3 3.2 -0.2 2
DAYS >= .50 0 0.5 -0.5 0
DAYS >= 1.00 0 0.2 -0.2 0
GREATEST
24 HR. TOTAL 0.44 10/11 TO 10/12 0.26 10/06 TO 10/07
SNOWFALL (INCHES)
RECORDS
TOTAL 31.5 2009
24 HR TOTAL MM
TOTALS 1.7 3.5 -1.8 0.0
SINCE 7/1 1.7 3.8 -2.1 MM
DAYS >= 1.0 1 1.0 0.0 0
GREATEST
SNOW DEPTH 1 10/29 0
10/30
24 HR TOTAL 1.7 10/28 TO 10/28 MM
DEGREE DAYS
HEATING TOTAL 497 490 7 410
SINCE 7/1 558 631 -73 MM
COOLING TOTAL 10 2 8 0
SINCE 1/1 790 853 -63 MM
................................................................
WIND (MPH)
AVERAGE WIND SPEED 7.9
HIGHEST WIND SPEED/DIRECTION 36/260 DATE 10/02
HIGHEST GUST SPEED/DIRECTION 53/250 DATE 10/02
SKY COVER
POSSIBLE SUNSHINE (PERCENT) MM
AVERAGE SKY COVER 0.24
NUMBER OF DAYS FAIR 22
NUMBER OF DAYS PC 6
NUMBER OF DAYS CLOUDY 3
AVERAGE RH (PERCENT) 64
WEATHER CONDITIONS. NUMBER OF DAYS WITH
THUNDERSTORM 2 MIXED PRECIP 0
HEAVY RAIN 1 RAIN 2
LIGHT RAIN 6 FREEZING RAIN 0
LT FREEZING RAIN 0 HAIL 0
HEAVY SNOW 0 SNOW 1
LIGHT SNOW 3 SLEET 0
FOG 9 FOG W/VIS <= 1/4 MILE 1
HAZE 4
- INDICATES NEGATIVE NUMBERS.
R INDICATES RECORD WAS SET OR TIED.
MM INDICATES DATA IS MISSING.
T INDICATES TRACE AMOUNT.
$$