000
CXUS46 KHNX 010833
CLMBFL
CLIMATE REPORT
NATIONAL WEATHER SERVICE
133 AM PDT MON MAY 01 2023
...................................
...THE BAKERSFIELD CA CLIMATE SUMMARY FOR THE MONTH OF APRIL 2023...
CLIMATE NORMAL PERIOD 1991 TO 2020
CLIMATE RECORD PERIOD 1889 TO 2023
WEATHER OBSERVED NORMAL DEPART LAST YEAR`S
VALUE DATE(S) VALUE FROM VALUE DATE(S)
NORMAL
................................................................
TEMPERATURE (F)
RECORD
HIGH 101 04/30/1981
LOW 28 04/08/1893
HIGHEST 97 04/28 MM MM 97 04/07
LOWEST 34 04/04 MM MM 39 04/13
MEAN 63.2 63.3 -0.1
DAYS MAX >= 90 4 2.5 1.5 2
DAYS MIN <= 32 0 0.0 0.0 0
PRECIPITATION (INCHES)
RECORD
MAXIMUM 2.99 1915
MINIMUM 0.00 1966
TOTALS T 0.60 -0.60
DAYS >= .01 0 3.9 -3.9 2
DAYS >= .10 0 1.7 -1.7 2
DAYS >= .50 0 0.2 -0.2 0
DAYS >= 1.00 0 0.0 0.0 0
GREATEST
24 HR. TOTAL T 04/04 TO 04/04
04/03 TO 04/03
SNOWFALL (INCHES)
RECORDS
TOTAL T 1994
TOTALS 0.0 0.0
DEGREE DAYS
HEATING TOTAL 134 113 21 68
SINCE 7/1 2253 1929 324 MM
COOLING TOTAL 85 62 23 60
SINCE 1/1 85 76 9 MM
................................................................
WIND (MPH)
AVERAGE WIND SPEED 6.0
HIGHEST WIND SPEED/DIRECTION 32/330 DATE 04/03
HIGHEST GUST SPEED/DIRECTION 40/320 DATE 04/03
AVERAGE RH (PERCENT) 53
WEATHER CONDITIONS. NUMBER OF DAYS WITH
THUNDERSTORM 0 RAIN 0
HAIL 0 FOG 4
FOG W/VIS <= 1/4 MILE 0 HAZE 8
- INDICATES NEGATIVE NUMBERS.
R INDICATES RECORD WAS SET OR TIED.
MM INDICATES DATA IS MISSING.
T INDICATES TRACE AMOUNT.
$$