000
CXUS46 KHNX 021441
CLMBFL
CLIMATE REPORT
NATIONAL WEATHER SERVICE
741 AM PDT SAT SEP 02 2023
...................................
...THE BAKERSFIELD CA CLIMATE SUMMARY FOR THE MONTH OF AUGUST 2023...
CLIMATE NORMAL PERIOD 1991 TO 2020
CLIMATE RECORD PERIOD 1889 TO 2023
WEATHER OBSERVED NORMAL DEPART LAST YEAR`S
VALUE DATE(S) VALUE FROM VALUE DATE(S)
NORMAL
................................................................
TEMPERATURE (F)
RECORD
HIGH 117 08/14/1933
LOW 44 08/22/1903
HIGHEST 109 08/17 MM MM 108 08/20
LOWEST 65 08/04 MM MM 68 08/15
MEAN 84.5 83.4 1.1
DAYS MAX >= 90 27 27.8 -0.8 31
DAYS MIN <= 32 0 0.0 0.0 0
PRECIPITATION (INCHES)
RECORD
MAXIMUM 1.18 1983
MINIMUM 0.00
TOTALS 1.08 0.00 1.08
DAYS >= .01 1 0.1 0.9 0
DAYS >= .10 1 0.0 1.0 0
DAYS >= .50 1 0.0 1.0 0
DAYS >= 1.00 1 0.0 1.0 0
GREATEST
24 HR. TOTAL 1.08 08/20 TO 08/20
SNOWFALL (INCHES)
RECORDS
TOTAL 0.0
TOTALS 0.0 0.0
DEGREE DAYS
HEATING TOTAL 0 0 0 0
SINCE 7/1 0 0 0 MM
COOLING TOTAL 610 572 38 701
SINCE 1/1 1935 1889 46 MM
................................................................
WIND (MPH)
AVERAGE WIND SPEED 6.2
HIGHEST WIND SPEED/DIRECTION 26/110 DATE 08/13
HIGHEST GUST SPEED/DIRECTION 38/110 DATE 08/13
AVERAGE RH (PERCENT) 41
WEATHER CONDITIONS. NUMBER OF DAYS WITH
THUNDERSTORM 2 RAIN 1
HAIL 0 FOG 2
FOG W/VIS <= 1/4 MILE 0 HAZE 26
- INDICATES NEGATIVE NUMBERS.
R INDICATES RECORD WAS SET OR TIED.
MM INDICATES DATA IS MISSING.
T INDICATES TRACE AMOUNT.
$$