000
CXUS51 KCAR 022157
CLMBGR
CLIMATE REPORT
NATIONAL WEATHER SERVICE CARIBOU ME
451 PM EST SAT MAR 02 2024
...................................
...THE BANGOR ME CLIMATE SUMMARY FOR THE MONTH OF FEBRUARY 2024...
CLIMATE NORMAL PERIOD: 1991 TO 2020
CLIMATE RECORD PERIOD: 1925 TO 2024
WEATHER OBSERVED NORMAL DEPART LAST YEAR`S
VALUE DATE(S) VALUE FROM VALUE DATE(S)
NORMAL
................................................................
TEMPERATURE (F)
RECORD
HIGH 65 02/23/2022
LOW -32 02/10/1948
HIGHEST 50 02/27 MM MM 52 02/16
02/28
LOWEST 4 02/21 MM MM -17 02/03
02/04
AVG. MAXIMUM 36.1 31.2 4.9 32.4
AVG. MINIMUM 17.8 10.9 6.9 11.7
MEAN 26.9 21.0 5.9 22.1
DAYS MAX >= 90 0 0.0 0.0 0
DAYS MAX <= 32 10 14.4 -4.4 13
DAYS MIN <= 32 28 26.9 1.1 27
DAYS MIN <= 0 0 6.9 -6.9 6
PRECIPITATION (INCHES)
RECORD
MAXIMUM 7.12 1969
MINIMUM 0.53 1987
TOTALS 1.37 -1.01
DAILY AVG. 0.05 NAN NAN 0.04
DAYS >= .01 5 9.9 -4.9 11
DAYS >= .10 4 6.3 -2.3 5
DAYS >= .50 1 1.3 -0.3 0
DAYS >= 1.00 0 0.2 -0.2 0
GREATEST
24 HR. TOTAL 0.96 02/28 TO 02/29 0.53 02/09 TO 02/10
SNOWFALL (INCHES)
RECORDS
TOTAL 62.5 1969
TOTALS 1.2 17.5 -16.3 10.5
SINCE 7/1 27.0 55.7 -28.7 MM
SNOWDEPTH AVG. 1 4
DAYS >= 1.0 0 5.0 -5.0 3
GREATEST
SNOW DEPTH 5 02/01 7 02/05
02/06
02/08
24 HR TOTAL MM MM
DEGREE DAYS
HEATING TOTAL 1096 1230 -134 1195
SINCE 7/1 4759 5544 -785 MM
COOLING TOTAL 0 0 0 0
SINCE 1/1 0 0 0 MM
................................................................
WIND (MPH)
AVERAGE WIND SPEED 8.9
HIGHEST WIND SPEED/DIRECTION 35/180 DATE 02/28
HIGHEST GUST SPEED/DIRECTION 52/270 DATE 02/29
SKY COVER
POSSIBLE SUNSHINE (PERCENT) MM
AVERAGE SKY COVER 0.54
NUMBER OF DAYS FAIR 8
NUMBER OF DAYS PC 13
NUMBER OF DAYS CLOUDY 8
AVERAGE RH (PERCENT) 68
WEATHER CONDITIONS. NUMBER OF DAYS WITH
THUNDERSTORM 1 MIXED PRECIP 1
HEAVY RAIN 0 RAIN 3
LIGHT RAIN 4 FREEZING RAIN 0
LT FREEZING RAIN 0 HAIL 0
HEAVY SNOW 0 SNOW 2
LIGHT SNOW 10 SLEET 0
FOG 12 FOG W/VIS <= 1/4 MILE 1
HAZE 1
- INDICATES NEGATIVE NUMBERS.
* INDICATES RECORD WAS SET OR TIED.
MM INDICATES DATA IS MISSING.
T INDICATES TRACE AMOUNT.
---------------------------------------------------------------------
...PRELIMINARY FEBRUARY 2024 CLIMATE NARRATIVE FOR NORTHERN/EASTERN
MAINE...
FEBRUARY 2024 FOR THE REGION AS A WHOLE FINISHED WITH WELL ABOVE
AVERAGE TEMPERATURES. PRECIPITATION AND SNOWFALL WERE BOTH WELL
BELOW AVERAGE.
TEMPERATURES ACROSS THE AREA RANGED FROM 5.5 TO 7.5 DEGREES (F)
ABOVE 1991-2020 NORMALS. IT RANKED AS THE 5TH WARMEST FEBRUARY ON
RECORD AT BOTH CARIBOU AND HOULTON, AND AS THE 4TH WARMEST IN
MILLINOCKET, AND THE 9TH WARMEST IN BANGOR.
THE MONTH WAS VERY DRY ACROSS THE REGION WITH PRECIPITATION THAT
RANGED FROM 25 TO 50 PERCENT OF NORMAL, EXCEPT LOCALLY 50 TO 75
PERCENT OF NORMAL IN PARTS OF EASTERN AROOSTOOK COUNTY AND
WASHINGTON COUNTY.
SNOWFALL WAS WELL BELOW AVERAGE ACROSS THE ENTIRE REGION. IN FACT,
IT WAS THE 2ND LEAST SNOWY FEBRUARY ON RECORD IN BANGOR WITH ONLY
1.2 INCHES OF SNOW. THE ONLY YEAR ON RECORD WITH LESS SNOWFALL IN
FEBRUARY WAS IN 1998 WHEN AN INCH WAS OBSERVED. IN CARIBOU, ONLY 8.7
INCHES OF SNOW WAS OBSERVED WHICH MADE IT THE 7TH LEAST SNOWY
FEBRUARY ON RECORD.
A BIG WARM-UP AT THE END OF THE MONTH COMBINED WITH RAIN CAUSED MUCH
OF THE SNOW ACROSS NORTHERN AREAS TO MELT. BY THE END OF THE MONTH
THE SNOW DEPTH ACROSS THE REGION RANGED FROM ZERO TO AN INCH IN
BANGOR AND ALONG THE COAST (DUE TO RAIN CHANGING TO SNOW DURING THE
EVENING OF THE 29TH). ACROSS CENTRAL AND NORTHERN PORTIONS OF THE
REGION, THE SNOW DEPTH RANGED FROM 2 TO 8 INCHES, BUT WITH LOCALLY A
FOOT OR MORE ACROSS THE HIGHEST TERRAIN. THE SNOW DEPTH AT THE END
OF THE MONTH WAS WELL BELOW AVERAGE ACROSS ALL AREAS.
THE WARM-UP AND RAIN AT THE END OF THE MONTH WIPED OUT SO MUCH OF
THE SNOWPACK ACROSS NORTHERN AREAS AND THE SNOWMOBILE TRAILS BECAME
POOR AND IN MOST AREAS THE SNOWMOBILE SEASON ENDED. THE LACK OF SNOW
HAD SIGNIFICANT IMPLICATIONS FOR WINTER RECREATIONAL ACTIVITIES
CAUSING MANY TO BE POSTPONED OR CANCELLED.
THE CLIMATE PREDICTION CENTER`S FORECAST FOR MARCH 2024 INDICATES
THAT THERE ARE STRONG SIGNALS THAT POINT TOWARD ABOVE AVERAGE
TEMPERATURES. THERE ARE NO STRONG SIGNALS THAT POINT TOWARD EITHER
ABOVE OR BELOW AVERAGE PRECIPITATION. TEMPERATURES SLOWLY MODERATE
DURING THE MONTH OF MARCH AND LOWS/HIGHS IN THE UPPER SINGLE
DIGITS/MID 20S F OVER THE FAR NORTH TO AROUND 15F/35F ALONG THE
DOWNEAST COAST AT THE START OF THE MONTH, AND FROM LOWS/HIGHS IN THE
LOW 20S/NEAR 40F IN THE FAR NORTH TO AROUND 25F/45F AT THE DOWNEAST
COAST. AVERAGE PRECIPITATION IS CLOSE TO 3 INCHES ACROSS THE REGION,
AND AVERAGE SNOWFALL IS 15.2 INCHES IN BANGOR AND 21.4 INCHES IN
CARIBOU. OVER AN HOUR AND 40 MINUTES OF DAYLIGHT IS GAINED DURING
THE MONTH OF MARCH. DAYLIGHT SAVINGS TIME BEGINS THIS YEAR ON MARCH
10TH.
$$
CB/VJN