000
CXUS55 KBYZ 011750
CF6BHK
PRELIMINARY LOCAL CLIMATOLOGICAL DATA (WS FORM: F-6)
STATION: BAKER MT
MONTH: NOVEMBER
YEAR: 2022
LATITUDE: 46 20 N
LONGITUDE: 104 15 W
TEMPERATURE IN F: :PCPN: SNOW: WIND :SUNSHINE: SKY :PK WND
================================================================================
1 2 3 4 5 6A 6B 7 8 9 10 11 12 13 14 15 16 17 18
12Z AVG MX 2MIN
DY MAX MIN AVG DEP HDD CDD WTR SNW DPTH SPD SPD DIR MIN PSBL S-S WX SPD DR
================================================================================
1 64 38 51 15 14 0 0.00 M M 10.8 22 150 M M 0 28 150
2 70 33 52 16 13 0 0.00 M M 16.1 31 290 M M 1 40 290
3 33 16 25 -11 40 0 0.00 M M 13.5 28 310 M M 6 37 300
4 46 15 31 -4 34 0 0.00 M M 9.5 20 220 M M 1 26 260
5 55 34 45 10 20 0 T M M 19.7 41 270 M M 6 8 53 280
6 33 8 21 -13 44 0 0.00 M M 18.7 32 300 M M 2 42 290
7 32 8 20 -14 45 0 T M M 22.0 41 120 M M 4 1 52 120
8 30 14 22 -12 43 0 T M M 12.1 24 300 M M 7 1 29 300
9 17 13 15 -18 50 0 0.03 M M 8.9 16 330 M M 10 16 20 330
10 14 -3 6 -27 59 0 0.16 M M 13.8 23 310 M M 9 12 29 310
11 16 -13 2 -30 63 0 0.00 M M 2.3 13 270 M M 2 128 14 260
12 22 -12 5 -27 60 0 0.00 M M 4.1 12 120 M M 0 18 13 120
13 21 11 16 -16 49 0 0.01 M M 9.4 18 290 M M 8 1 23 300
14 25 19 22 -9 43 0 T M M 11.9 22 300 M M 10 1 27 290
15 20 9 15 -16 50 0 T M M 5.8 13 350 M M 10 1 15 350
16 29 18 24 -6 41 0 0.03 M M 19.2 32 320 M M 10 19 40 330
17 18 3 11 -19 54 0 T M M 22.3 32 310 M M 10 1289 43 310
18 21 -4 9 -21 56 0 T M M 20.0 32 260 M M 3 18 41 310
19 26 14 20 -9 45 0 T M M 15.3 25 320 M M 5 1 29 330
20 32 17 25 -4 40 0 0.00 M M 12.7 22 260 M M 0 24 250
21 36 19 28 -1 37 0 0.00 M M 6.3 16 270 M M 2 18 270
22 41 21 31 3 34 0 0.00 M M 10.4 18 220 M M 0 22 220
23 40 15 28 0 37 0 T M M 9.5 21 290 M M 5 1 28 280
24 39 20 30 3 35 0 0.00 M M 10.4 17 250 M M 1 22 290
25 53 29 41 14 24 0 0.00 M M 10.4 20 250 M M 0 25 240
26 43 20 32 5 33 0 0.00 M M 8.1 20 330 M M 1 25 330
27 41 18 30 4 35 0 T M M 10.5 36 270 M M 3 48 270
28 34 11 23 -3 42 0 0.00 M M 19.1 29 290 M M 6 37 300
29 15 6 11 -15 54 0 T M M 20.5 30 310 M M 9 18 39 280
30 24 0 12 -13 53 0 0.00 M M 12.7 22 140 M M 1 26 140
================================================================================
SM 990 397 1247 0 0.23 M 386.0 M 132
================================================================================
AV 33.0 13.2 12.9 FASTST M M 4 MAX(MPH)
MISC ----> # 41 270 53 280
================================================================================
NOTES:
# LAST OF SEVERAL OCCURRENCES
COLUMN 17 PEAK WIND IN M.P.H.
PRELIMINARY LOCAL CLIMATOLOGICAL DATA (WS FORM: F-6) , PAGE 2
STATION: BAKER MT
MONTH: NOVEMBER
YEAR: 2022
LATITUDE: 46 20 N
LONGITUDE: 104 15 W
[TEMPERATURE DATA] [PRECIPITATION DATA] SYMBOLS USED IN COLUMN 16
AVERAGE MONTHLY: 23.1 TOTAL FOR MONTH: 0.23 1 = FOG OR MIST
DPTR FM NORMAL: -7.7 DPTR FM NORMAL: -0.20 2 = FOG REDUCING VISIBILITY
HIGHEST: 70 ON 2 GRTST 24HR 0.19 ON 9-10 TO 1/4 MILE OR LESS
LOWEST: -13 ON 11 3 = THUNDER
SNOW, ICE PELLETS, HAIL 4 = ICE PELLETS
TOTAL MONTH: M 5 = HAIL
GRTST 24HR M ON M 6 = FREEZING RAIN OR DRIZZLE
GRTST DEPTH: M ON M 7 = DUSTSTORM OR SANDSTORM:
VSBY 1/2 MILE OR LESS
8 = SMOKE OR HAZE
[NO. OF DAYS WITH] [WEATHER - DAYS WITH] 9 = BLOWING SNOW
X = TORNADO
MAX 32 OR BELOW: 16 0.01 INCH OR MORE: 4
MAX 90 OR ABOVE: 0 0.10 INCH OR MORE: 1
MIN 32 OR BELOW: 27 0.50 INCH OR MORE: 0
MIN 0 OR BELOW: 5 1.00 INCH OR MORE: 0
[HDD (BASE 65) ]
TOTAL THIS MO. 1247 CLEAR (SCALE 0-3) 14
DPTR FM NORMAL 219 PTCLDY (SCALE 4-7) 9
TOTAL FM JUL 1 1939 CLOUDY (SCALE 8-10) 7
DPTR FM NORMAL -33
[CDD (BASE 65) ]
TOTAL THIS MO. 0
DPTR FM NORMAL 0 [PRESSURE DATA]
TOTAL FM JAN 1 613 HIGHEST SLP M ON M
DPTR FM NORMAL 145 LOWEST SLP 29.14 ON 5
[REMARKS]
#FINAL-11-22#