000
CXUS55 KBYZ 011100
CF6BHK
PRELIMINARY LOCAL CLIMATOLOGICAL DATA (WS FORM: F-6)
STATION: BAKER MT
MONTH: JANUARY
YEAR: 2021
LATITUDE: 46 20 N
LONGITUDE: 104 15 W
TEMPERATURE IN F: :PCPN: SNOW: WIND :SUNSHINE: SKY :PK WND
================================================================================
1 2 3 4 5 6A 6B 7 8 9 10 11 12 13 14 15 16 17 18
12Z AVG MX 2MIN
DY MAX MIN AVG DEP HDD CDD WTR SNW DPTH SPD SPD DIR MIN PSBL S-S WX SPD DR
================================================================================
1 44 17 31 14 34 0 0.00 M M 8.0 18 250 M M 0 22 250
2 46 20 33 16 32 0 T M M 10.9 28 270 M M 1 33 270
3 44 28 36 19 29 0 0.00 M M 14.3 31 300 M M 2 41 300
4 45 21 33 16 32 0 0.00 M M 10.3 21 270 M M 0 27 270
5 46 21 34 17 31 0 0.01 M M 9.9 28 310 M M 5 1 36 300
6 47 7 27 10 38 0 0.00 M M 4.1 13 200 M M 0 128 15 230
7 41 13 27 10 38 0 0.05 M M 5.2 10 120 M M 3 1 12 130
8 30 24 27 10 38 0 0.05 M M 4.6 12 70 M M 9 18 13 150
9 29 24 27 10 38 0 0.00 M M 3.5 14 230 M M 10 1 18 230
10 35 14 25 8 40 0 0.00 M M 12.2 21 240 M M 2 26 220
11 42 24 33 16 32 0 0.00 M M 13.2 22 260 M M 0 26 250
12 47 27 37 20 28 0 0.00 M M 9.3 16 240 M M 0 21 230
13 53 30 42 25 23 0 T M M 18.4 51 290 M M 4 63 290
14 36 25 31 14 34 0 T M M 34.8 53 320 M M 5 70 310
15 31 16 24 7 41 0 0.00 M M 13.1 35 320 M M 4 45 320
16 43 22 33 16 32 0 0.00 M M 15.1 30 300 M M 4 38 280
17 37 16 27 10 38 0 0.12 M M 7.8 23 310 M M 5 1 29 320
18 32 21 27 9 38 0 0.05 M M 18.5 32 310 M M 9 1 39 300
19 33 23 28 10 37 0 T M M 16.9 31 330 M M 5 37 310
20 37 16 27 9 38 0 0.00 M M 15.2 26 260 M M 0 32 260
21 26 14 20 2 45 0 0.00 M M 11.2 21 310 M M 5 28 300
22 27 7 17 -1 48 0 0.00 M M 5.7 12 270 M M 4 13 270
23 25 1 13 -5 52 0 0.00 M M 4.8 16 310 M M 4 19 310
24 26 1 14 -4 51 0 0.00 M M 8.7 18 140 M M 1 1 22 140
25 22 11 17 -1 48 0 T M M 7.8 14 70 M M 9 128 17 80
26 16 8 12 -6 53 0 T M M 13.9 22 120 M M 9 28 120
27 18 10 14 -4 51 0 T M M 15.7 24 120 M M 7 8 30 120
28 37 4 21 3 44 0 0.00 M M 10.5 21 120 M M 0 24 120
29 32 17 25 7 40 0 0.00 M M 12.2 17 130 M M 2 18 20 120
30 30 19 25 6 40 0 T M M 10.8 18 300 M M 9 128 22 310
31 42 7 25 6 40 0 0.00 M M 4.1 15 250 M M 3 128 18 260
================================================================================
SM 1099 508 1203 0 0.28 M 350.7 M 121
================================================================================
AV 35.5 16.4 11.3 FASTST M M 4 MAX(MPH)
MISC ----> 53 320 70 310
================================================================================
NOTES:
# LAST OF SEVERAL OCCURRENCES
COLUMN 17 PEAK WIND IN M.P.H.
PRELIMINARY LOCAL CLIMATOLOGICAL DATA (WS FORM: F-6) , PAGE 2
STATION: BAKER MT
MONTH: JANUARY
YEAR: 2021
LATITUDE: 46 20 N
LONGITUDE: 104 15 W
[TEMPERATURE DATA] [PRECIPITATION DATA] SYMBOLS USED IN COLUMN 16
AVERAGE MONTHLY: 25.9 TOTAL FOR MONTH: 0.28 1 = FOG OR MIST
DPTR FM NORMAL: 8.4 DPTR FM NORMAL: -0.05 2 = FOG REDUCING VISIBILITY
HIGHEST: 53 ON 13 GRTST 24HR 0.17 ON 7- 8 TO 1/4 MILE OR LESS
LOWEST: 1 ON 24,23 3 = THUNDER
SNOW, ICE PELLETS, HAIL 4 = ICE PELLETS
TOTAL MONTH: M 5 = HAIL
GRTST 24HR M ON M 6 = FREEZING RAIN OR DRIZZLE
GRTST DEPTH: M ON M 7 = DUSTSTORM OR SANDSTORM:
VSBY 1/2 MILE OR LESS
8 = SMOKE OR HAZE
[NO. OF DAYS WITH] [WEATHER - DAYS WITH] 9 = BLOWING SNOW
X = TORNADO
MAX 32 OR BELOW: 13 0.01 INCH OR MORE: 5
MAX 90 OR ABOVE: 0 0.10 INCH OR MORE: 1
MIN 32 OR BELOW: 31 0.50 INCH OR MORE: 0
MIN 0 OR BELOW: 0 1.00 INCH OR MORE: 0
[HDD (BASE 65) ]
TOTAL THIS MO. 1203 CLEAR (SCALE 0-3) 13
DPTR FM NORMAL -269 PTCLDY (SCALE 4-7) 12
TOTAL FM JUL 1 3829 CLOUDY (SCALE 8-10) 6
DPTR FM NORMAL -1115
[CDD (BASE 65) ]
TOTAL THIS MO. 0
DPTR FM NORMAL 0 [PRESSURE DATA]
TOTAL FM JAN 1 0 HIGHEST SLP 30.47 ON 9
DPTR FM NORMAL 0 LOWEST SLP 29.48 ON 13
[REMARKS]
#FINAL-01-21#