000
CXUS53 KBIS 010930
CF6BIS
PRELIMINARY LOCAL CLIMATOLOGICAL DATA (WS FORM: F-6)
STATION: BISMARCK ND
MONTH: JANUARY
YEAR: 2024
LATITUDE: 46 46 N
LONGITUDE: 100 45 W
TEMPERATURE IN F: :PCPN: SNOW: WIND :SUNSHINE: SKY :PK WND
================================================================================
1 2 3 4 5 6A 6B 7 8 9 10 11 12 13 14 15 16 17 18
12Z AVG MX 2MIN
DY MAX MIN AVG DEP HDD CDD WTR SNW DPTH SPD SPD DIR MIN PSBL S-S WX SPD DR
================================================================================
1 45 13 29 15 36 0 0.00 0.0 0 7.5 15 310 M M 0 22 290
2 36 23 30 17 35 0 0.00 0.0 0 7.4 15 360 M M 3 1 20 350
3 26 19 23 10 42 0 T T 0 7.2 15 10 M M 10 21 20
4 25 19 22 9 43 0 0.03 0.3 T 10.8 20 160 M M 10 1 24 160
5 27 24 26 13 39 0 0.04 0.4 T 3.2 9 320 M M 10 18 11 320
6 25 20 23 10 42 0 T T T 7.6 17 320 M M 10 18 23 340
7 22 10 16 3 49 0 0.00 0.0 T 10.3 16 100 M M 10 20 90
8 19 8 14 1 51 0 0.02 0.5 T 2.9 12 80 M M 9 18 14 80
9 23 -4 10 -3 55 0 0.14 1.0 1 5.0 15 150 M M 3 18 19 150
10 23 1 12 0 53 0 T T 2 13.1 26 300 M M 4 1 36 310
11 2 -9 -3 -15 68 0 0.00 0.0 2 12.4 24 320 M M 2 8 30 290
12 -5 -13 -9 -21 74 0 0.03 0.8 2 13.9 26 320 M M 6 8 36 320
13 -13 -27 -20 -32 85 0 T T 2 18.2 26 290 M M 10 8 37 290
14 -9 -21 -15 -27 80 0 T T 2 14.2 23 290 M M 2 8 30 290
15 -5 -16 -10 -22 75 0 0.00 0.0 2 19.2 31 300 M M 2 8 45 290
16 13 -9 2 -10 63 0 0.00 0.0 2 12.0 24 280 M M 0 31 290
17 11 1 6 -6 59 0 0.00 0.0 2 8.3 17 310 M M 1 22 310
18 2 -2 0 -12 65 0 0.05 0.5 2 14.0 28 320 M M 8 8 39 320
19 5 -2 2 -10 63 0 T T 2 9.5 23 290 M M 9 8 31 290
20 10 -6 2 -10 63 0 T T 2 13.6 29 160 M M 7 18 35 160
21 23 7 15 3 50 0 0.01 0.0 2 4.1 18 170 M M 5 6 22 170
22 24 18 21 8 44 0 T T 2 8.7 15 80 M M 10 19 60
23 25 18 22 9 43 0 0.00 0.0 2 11.2 18 170 M M 10 1 25 150
24 36 18 27 14 38 0 0.00 0.0 2 5.6 14 210 M M 5 1 19 200
25 31 18 25 12 40 0 0.00 0.0 1 2.8 8 90 M M 10 128 9 100
26 44 14 29 16 36 0 0.00 0.0 1 3.2 12 290 M M 3 28 15 310
27 48 15 32 19 33 0 0.00 0.0 T 3.1 8 120 M M 0 1 12 190
28 49 24 37 24 28 0 0.00 0.0 T 5.3 14 250 M M 1 18 240
29 50 27 39 26 26 0 0.00 0.0 T 7.4 17 320 M M 1 22 340
30 54 23 39 25 26 0 0.00 0.0 0 3.1 10 250 M M 0 16 230
31 55 26 41 27 24 0 0.00 0.0 0 1.9 8 240 M M 0 11 220
================================================================================
SM 721 237 1528 0 0.32 3.5 266.7 M 161
================================================================================
AV 23.3 7.6 8.6 FASTST M M 5 MAX(MPH)
MISC ----> 31 300 45 290
================================================================================
NOTES:
# LAST OF SEVERAL OCCURRENCES
COLUMN 17 PEAK WIND IN M.P.H.
PRELIMINARY LOCAL CLIMATOLOGICAL DATA (WS FORM: F-6) , PAGE 2
STATION: BISMARCK ND
MONTH: JANUARY
YEAR: 2024
LATITUDE: 46 46 N
LONGITUDE: 100 45 W
[TEMPERATURE DATA] [PRECIPITATION DATA] SYMBOLS USED IN COLUMN 16
AVERAGE MONTHLY: 15.5 TOTAL FOR MONTH: 0.32 1 = FOG OR MIST
DPTR FM NORMAL: 2.7 DPTR FM NORMAL: -0.16 2 = FOG REDUCING VISIBILITY
HIGHEST: 55 ON 31 GRTST 24HR 0.14 ON 9- 9 TO 1/4 MILE OR LESS
LOWEST: -27 ON 13 3 = THUNDER
SNOW, ICE PELLETS, HAIL 4 = ICE PELLETS
TOTAL MONTH: 3.5 INCHES 5 = HAIL
GRTST 24HR 1.0 ON 9- 9 6 = FREEZING RAIN OR DRIZZLE
GRTST DEPTH: 2 ON 24,23 7 = DUSTSTORM OR SANDSTORM:
VSBY 1/2 MILE OR LESS
8 = SMOKE OR HAZE
[NO. OF DAYS WITH] [WEATHER - DAYS WITH] 9 = BLOWING SNOW
X = TORNADO
MAX 32 OR BELOW: 22 0.01 INCH OR MORE: 7
MAX 90 OR ABOVE: 0 0.10 INCH OR MORE: 1
MIN 32 OR BELOW: 31 0.50 INCH OR MORE: 0
MIN 0 OR BELOW: 10 1.00 INCH OR MORE: 0
[HDD (BASE 65) ]
TOTAL THIS MO. 1528 CLEAR (SCALE 0-3) 13
DPTR FM NORMAL -90 PTCLDY (SCALE 4-7) 7
TOTAL FM JUL 1 4338 CLOUDY (SCALE 8-10) 11
DPTR FM NORMAL -671
[CDD (BASE 65) ]
TOTAL THIS MO. 0
DPTR FM NORMAL 0 [PRESSURE DATA]
TOTAL FM JAN 1 0 HIGHEST SLP 30.69 ON 19
DPTR FM NORMAL 0 LOWEST SLP 29.31 ON 10
[REMARKS]
#FINAL-01-24#