000
CXUS53 KGRR 011709
CLMBIV
CLIMATE REPORT
NATIONAL WEATHER SERVICE GRAND RAPIDS, MICHIGAN
109 PM EDT MON MAY 01 2023
...................................
...THE HOLLAND CLIMATE SUMMARY FOR THE MONTH OF APRIL 2023...
CLIMATE NORMAL PERIOD: 1991 TO 2020
CLIMATE RECORD PERIOD: 1905 TO 2023
WEATHER OBSERVED NORMAL DEPART LAST YEAR`S
VALUE DATE(S) VALUE FROM VALUE DATE(S)
NORMAL
................................................................
TEMPERATURE (F)
RECORD
HIGH 90 04/27/1986
LOW 5 04/07/1982
HIGHEST 82 04/14 MM MM 82 04/23
LOWEST 26 04/02 MM MM 25 04/10
AVG. MAXIMUM 59.1 56.8 2.3 52.0
AVG. MINIMUM 39.7 37.4 2.3 36.4
MEAN 49.4 47.1 2.3 44.2
DAYS MAX >= 90 0 0.0 0.0 0
DAYS MAX <= 32 0 0.3 -0.3 0
DAYS MIN <= 32 5 8.1 -3.1 10
DAYS MIN <= 0 0 0.0 0.0 0
PRECIPITATION (INCHES)
RECORD
MAXIMUM 10.07 1909
MINIMUM 0.39 1942
TOTALS 2.67 3.50 -0.83 5.06
DAILY AVG. 0.09 0.12 -0.03 0.17
DAYS >= .01 13 12.7 0.3 15
DAYS >= .10 9 7.6 1.4 11
DAYS >= .50 2 2.4 -0.4 4
DAYS >= 1.00 0 0.7 -0.7 1
GREATEST
24 HR. TOTAL MM
DEGREE DAYS
HEATING TOTAL 471 540 -69 618
SINCE 7/1 5122 6040 -918 MM
COOLING TOTAL 10 3 7 1
SINCE 1/1 10 4 6 MM
................................................................
WIND (MPH)
AVERAGE WIND SPEED 9.6
RESULTANT WIND SPEED/DIRECTION 5/240
HIGHEST WIND SPEED/DIRECTION 35/250 DATE 04/01
35/240 04/05
HIGHEST GUST SPEED/DIRECTION 49/230 DATE 04/01
49/220 04/05
SKY COVER
POSSIBLE SUNSHINE (PERCENT) MM
AVERAGE SKY COVER 0.40
NUMBER OF DAYS FAIR 14
NUMBER OF DAYS PC 9
NUMBER OF DAYS CLOUDY 7
AVERAGE RH (PERCENT) 63
WEATHER CONDITIONS. NUMBER OF DAYS WITH
THUNDERSTORM 5 MIXED PRECIP 0
HEAVY RAIN 4 RAIN 7
LIGHT RAIN 11 FREEZING RAIN 0
LT FREEZING RAIN 0 HAIL 0
HEAVY SNOW 0 SNOW 1
LIGHT SNOW 3 SLEET 0
FOG 11 FOG W/VIS <= 1/4 MILE 1
HAZE 0
- INDICATES NEGATIVE NUMBERS.
R INDICATES RECORD WAS SET OR TIED.
MM INDICATES DATA IS MISSING.
T INDICATES TRACE AMOUNT.
$$