000
CXUS51 KRLX 020042
CF6BKW
PRELIMINARY LOCAL CLIMATOLOGICAL DATA (WS FORM: F-6)
STATION: BECKLEY WV
MONTH: JUNE
YEAR: 2023
LATITUDE: 37 46 N
LONGITUDE: 81 7 W
TEMPERATURE IN F: :PCPN: SNOW: WIND :SUNSHINE: SKY :PK WND
================================================================================
1 2 3 4 5 6A 6B 7 8 9 10 11 12 13 14 15 16 17 18
12Z AVG MX 2MIN
DY MAX MIN AVG DEP HDD CDD WTR SNW DPTH SPD SPD DIR MIN PSBL S-S WX SPD DR
================================================================================
1 81 52 67 2 0 2 0.00 0.0 0 3.8 10 20 M M 2 17 50
2 82 52 67 2 0 2 0.00 0.0 0 4.3 16 350 M M 0 22 340
3 84 54 69 4 0 4 0.25 0.0 0 3.9 26 80 M M 2 13 39 80
4 79 56 68 2 0 3 0.00 0.0 0 6.0 15 360 M M 4 1 19 360
5 75 51 63 -3 2 0 0.00 0.0 0 5.7 16 330 M M 3 8 18 340
6 73 46 60 -6 5 0 0.00 0.0 0 5.0 14 300 M M 2 20 310
7 68 49 59 -7 6 0 0.05 0.0 0 6.7 15 340 M M 5 18 20 350
8 67 44 56 -11 9 0 0.00 0.0 0 6.6 20 270 M M 1 12 27 270
9 71 45 58 -9 7 0 0.00 0.0 0 6.6 20 260 M M 2 24 320
10 76 50 63 -4 2 0 0.00 0.0 0 6.0 15 260 M M 0 23 290
11 77 52 65 -2 0 0 0.13 0.0 0 5.4 15 210 M M 3 1 21 140
12 66 54 60 -8 5 0 0.35 0.0 0 9.4 16 310 M M 8 1 23 320
13 70 48 59 -9 6 0 0.00 0.0 0 7.3 17 260 M M 3 1 22 260
14 70 57 64 -4 1 0 0.01 0.0 0 8.9 20 260 M M 7 1 29 270
15 76 56 66 -2 0 1 0.00 0.0 0 5.5 14 270 M M 6 1 18 300
16 75 57 66 -3 0 1 0.01 0.0 0 10.2 26 310 M M 4 18 36 280
17 71 53 62 -7 3 0 0.00 0.0 0 5.8 14 350 M M 5 18 18 330
18 81 47 64 -5 1 0 0.00 0.0 0 4.3 10 120 M M 1 18 18 150
19 73 64 69 0 0 4 0.01 0.0 0 11.2 17 130 M M 6 1 24 120
20 72 62 67 -3 0 2 T 0.0 0 14.1 24 110 M M 9 1 33 130
21 67 55 61 -9 4 0 0.05 0.0 0 8.6 18 110 M M 9 1 26 80
22 64 55 60 -10 5 0 0.11 0.0 0 8.2 16 110 M M 10 1 21 110
23 79 59 69 -1 0 4 0.01 0.0 0 6.8 15 300 M M 9 1 21 270
24 75 62 69 -1 0 4 0.12 0.0 0 6.7 16 10 M M 9 1 19 10
25 81 60 71 1 0 6 0.00 0.0 0 5.7 16 260 M M 2 1 20 260
26 81 62 72 2 0 7 0.21 0.0 0 11.7 25 210 M M 2 13 36 230
27 68 59 64 -7 1 0 0.14 0.0 0 8.0 16 280 M M 9 18 25 300
28 76 58 67 -4 0 2 0.00 0.0 0 5.1 14 340 M M 5 18 18 10
29 83 54 69 -2 0 4 0.00 0.0 0 3.8 10 150 M M 1 18 16 150
30 83 63 73 2 0 8 0.14 0.0 0 5.0 15 240 M M 6 1 19 220
================================================================================
SM 2244 1636 57 54 1.59 0.0 206.3 M 135
================================================================================
AV 74.8 54.5 6.9 FASTST M M 5 MAX(MPH)
MISC ----> # 26 80 39 80
================================================================================
NOTES:
# LAST OF SEVERAL OCCURRENCES
COLUMN 17 PEAK WIND IN M.P.H.
PRELIMINARY LOCAL CLIMATOLOGICAL DATA (WS FORM: F-6) , PAGE 2
STATION: BECKLEY WV
MONTH: JUNE
YEAR: 2023
LATITUDE: 37 46 N
LONGITUDE: 81 7 W
[TEMPERATURE DATA] [PRECIPITATION DATA] SYMBOLS USED IN COLUMN 16
AVERAGE MONTHLY: 64.7 TOTAL FOR MONTH: 1.59 1 = FOG OR MIST
DPTR FM NORMAL: -3.5 DPTR FM NORMAL: -2.71 2 = FOG REDUCING VISIBILITY
HIGHEST: 84 ON 3 GRTST 24HR 0.48 ON 11-12 TO 1/4 MILE OR LESS
LOWEST: 44 ON 8 3 = THUNDER
SNOW, ICE PELLETS, HAIL 4 = ICE PELLETS
TOTAL MONTH: 0.0 INCH 5 = HAIL
GRTST 24HR 0.0 6 = FREEZING RAIN OR DRIZZLE
GRTST DEPTH: 0 7 = DUSTSTORM OR SANDSTORM:
VSBY 1/2 MILE OR LESS
8 = SMOKE OR HAZE
[NO. OF DAYS WITH] [WEATHER - DAYS WITH] 9 = BLOWING SNOW
X = TORNADO
MAX 32 OR BELOW: 0 0.01 INCH OR MORE: 14
MAX 90 OR ABOVE: 0 0.10 INCH OR MORE: 8
MIN 32 OR BELOW: 0 0.50 INCH OR MORE: 0
MIN 0 OR BELOW: 0 1.00 INCH OR MORE: 0
[HDD (BASE 65) ]
TOTAL THIS MO. 57 CLEAR (SCALE 0-3) 13
DPTR FM NORMAL 26 PTCLDY (SCALE 4-7) 10
TOTAL FM JUL 1 4640 CLOUDY (SCALE 8-10) 7
DPTR FM NORMAL -418
[CDD (BASE 65) ]
TOTAL THIS MO. 54
DPTR FM NORMAL -74 [PRESSURE DATA]
TOTAL FM JAN 1 76 HIGHEST SLP 30.11 ON 1
DPTR FM NORMAL -114 LOWEST SLP 29.60 ON 12
[REMARKS]
#FINAL-06-23#