000
CXUS55 KSEW 010930
CF6BLI
PRELIMINARY LOCAL CLIMATOLOGICAL DATA (WS FORM: F-6)
STATION: BELLINGHAM WA AIRPORT
MONTH: JULY
YEAR: 2021
LATITUDE: 48 47 N
LONGITUDE: 122 32 W
TEMPERATURE IN F: :PCPN: SNOW: WIND :SUNSHINE: SKY :PK WND
================================================================================
1 2 3 4 5 6A 6B 7 8 9 10 11 12 13 14 15 16 17 18
12Z AVG MX 2MIN
DY MAX MIN AVG DEP HDD CDD WTR SNW DPTH SPD SPD DIR MIN PSBL S-S WX SPD DR
================================================================================
1 74 63 69 7 0 4 0.00 M M 7.7 15 180 M M 8 21 160
2 75 60 68 6 0 3 0.00 M M 4.7 12 280 M M 4 18 180
3 78 58 68 6 0 3 0.00 M M 3.8 9 220 M M 0 14 240
4 76 60 68 6 0 3 0.00 M M 7.4 13 180 M M 0 20 190
5 72 58 65 3 0 0 0.00 M M 10.1 17 180 M M 1 29 190
6 80 56 68 5 0 3 0.00 M M 5.9 13 180 M M 2 1 18 190
7 65 57 61 -2 4 0 0.00 M M 12.3 22 190 M M 4 1 37 180
8 70 54 62 -1 3 0 0.00 M M 6.9 12 180 M M 2 18 180
9 79 58 69 6 0 4 0.00 M M 7.2 13 190 M M 1 20 200
10 71 57 64 1 1 0 0.00 M M 11.3 18 180 M M 0 31 180
11 76 56 66 3 0 1 0.00 M M 8.1 14 180 M M 0 23 180
12 77 55 66 2 0 1 0.00 M M 7.8 14 190 M M 1 22 190
13 73 58 66 2 0 1 0.00 M M 10.2 17 180 M M 0 25 180
14 68 56 62 -2 3 0 0.00 M M 11.9 21 180 M M 0 36 200
15 65 56 61 -3 4 0 0.00 M M 15.0 21 170 M M 5 38 190
16 69 57 63 -1 2 0 0.00 M M 7.4 17 170 M M 7 26 170
17 71 59 65 1 0 0 0.00 M M M 15 180 M M 4 15 180
18 78 55 67 3 0 2 0.00 M M 4.2 10 180 M M 1 15 190
19 75 58 67 3 0 2 0.00 M M 8.1 14 180 M M 0 22 190
20 70 57 64 0 1 0 0.00 M M 11.8 18 180 M M 3 29 160
21 69 55 62 -3 3 0 0.00 M M 9.7 17 180 M M 3 28 190
22 74 50 62 -3 3 0 0.00 M M 4.5 12 180 M M 0 17 190
23 75 57 66 1 0 1 0.00 M M 5.9 15 170 M M 3 22 180
24 81 54 68 3 0 3 0.00 M M 5.3 12 190 M M 0 1 18 190
25 75 59 67 2 0 2 0.00 M M 9.0 15 190 M M 0 27 210
26 75 53 64 -1 1 0 0.00 M M 7.2 14 190 M M 0 23 200
27 80 58 69 4 0 4 0.00 M M 6.0 10 190 M M 2 1 17 180
28 83 52 68 3 0 3 0.00 M M 4.9 10 190 M M 0 16 230
29 86 60 73 8 0 8 0.00 M M 5.5 10 180 M M 0 16 190
30 89 57 73 8 0 8 0.00 M M 3.9 10 290 M M 0 16 290
31 72 61 67 2 0 2 T M M 4.6 13 190 M M 2 20 190
================================================================================
SM 2321 1764 25 58 T M 228.3 M 53
================================================================================
AV 74.9 56.9 7.6 FASTST M M 2 MAX(MPH)
MISC ----> 22 190 38 190
================================================================================
NOTES:
# LAST OF SEVERAL OCCURRENCES
COLUMN 17 PEAK WIND IN M.P.H.
PRELIMINARY LOCAL CLIMATOLOGICAL DATA (WS FORM: F-6) , PAGE 2
STATION: BELLINGHAM WA AIRPORT
MONTH: JULY
YEAR: 2021
LATITUDE: 48 47 N
LONGITUDE: 122 32 W
[TEMPERATURE DATA] [PRECIPITATION DATA] SYMBOLS USED IN COLUMN 16
AVERAGE MONTHLY: 65.9 TOTAL FOR MONTH: T 1 = FOG OR MIST
DPTR FM NORMAL: 2.0 DPTR FM NORMAL: -0.88 2 = FOG REDUCING VISIBILITY
HIGHEST: 89 ON 30 GRTST 24HR T ON 31-31 TO 1/4 MILE OR LESS
LOWEST: 50 ON 22 3 = THUNDER
SNOW, ICE PELLETS, HAIL 4 = ICE PELLETS
TOTAL MONTH: M 5 = HAIL
GRTST 24HR M ON M 6 = FREEZING RAIN OR DRIZZLE
GRTST DEPTH: M ON M 7 = DUSTSTORM OR SANDSTORM:
VSBY 1/2 MILE OR LESS
8 = SMOKE OR HAZE
[NO. OF DAYS WITH] [WEATHER - DAYS WITH] 9 = BLOWING SNOW
X = TORNADO
MAX 32 OR BELOW: 0 0.01 INCH OR MORE: 0
MAX 90 OR ABOVE: 0 0.10 INCH OR MORE: 0
MIN 32 OR BELOW: 0 0.50 INCH OR MORE: 0
MIN 0 OR BELOW: 0 1.00 INCH OR MORE: 0
[HDD (BASE 65) ]
TOTAL THIS MO. 25 CLEAR (SCALE 0-3) 23
DPTR FM NORMAL -42 PTCLDY (SCALE 4-7) 8
TOTAL FM JUL 1 25 CLOUDY (SCALE 8-10) 0
DPTR FM NORMAL -45
[CDD (BASE 65) ]
TOTAL THIS MO. 58
DPTR FM NORMAL 27 [PRESSURE DATA]
TOTAL FM JAN 1 135 HIGHEST SLP M ON M
DPTR FM NORMAL 95 LOWEST SLP 29.90 ON 6
[REMARKS]
#FINAL-07-21#