000
CXUS55 KSEW 010930
CF6BLI
PRELIMINARY LOCAL CLIMATOLOGICAL DATA (WS FORM: F-6)
STATION: BELLINGHAM WA AIRPORT
MONTH: JUNE
YEAR: 2020
LATITUDE: 48 47 N
LONGITUDE: 122 32 W
TEMPERATURE IN F: :PCPN: SNOW: WIND :SUNSHINE: SKY :PK WND
================================================================================
1 2 3 4 5 6A 6B 7 8 9 10 11 12 13 14 15 16 17 18
12Z AVG MX 2MIN
DY MAX MIN AVG DEP HDD CDD WTR SNW DPTH SPD SPD DIR MIN PSBL S-S WX SPD DR
================================================================================
1 65 45 55 -2 10 0 0.00 0.0 0 4.7 12 170 M M 2 16 160
2 58 47 53 -4 12 0 0.06 0.0 0 3.5 10 180 M M 7 14 170
3 63 47 55 -2 10 0 0.00 0.0 0 3.7 12 280 M M 4 1 16 280
4 65 49 57 0 8 0 T 0.0 0 5.6 17 170 M M 6 23 180
5 67 47 57 0 8 0 0.00 0.0 0 4.0 13 160 M M 2 18 270
6 64 51 58 1 7 0 0.12 0.0 0 7.4 16 160 M M 7 21 150
7 65 50 58 1 7 0 0.19 0.0 0 7.7 14 170 M M 6 3 20 310
8 63 52 58 0 7 0 0.01 0.0 0 6.9 15 190 M M 8 23 180
9 63 51 57 -1 8 0 0.47 0.0 0 7.4 16 150 M M 10 18 23 140
10 69 53 61 3 4 0 0.01 0.0 0 2.3 9 170 M M 7 1 13 180
11 68 56 62 4 3 0 0.11 0.0 0 5.4 13 170 M M 6 1 17 180
12 59 53 56 -2 9 0 0.56 0.0 0 4.2 12 170 M M 9 1 29 330
13 62 52 57 -1 8 0 0.03 0.0 0 5.7 13 170 M M 7 1 18 170
14 64 52 58 0 7 0 T 0.0 0 8.1 16 160 M M 8 23 180
15 58 52 55 -3 10 0 0.28 0.0 0 4.4 12 170 M M 9 1 16 180
16 65 51 58 -1 7 0 0.00 0.0 0 4.3 12 300 M M 6 16 270
17 68 53 61 2 4 0 0.00 0.0 0 8.1 15 170 M M 5 21 190
18 73 51 62 3 3 0 0.00 0.0 0 4.2 8 300 M M 1 14 280
19 75 52 64 5 1 0 0.02 0.0 0 2.6 9 60 M M 3 8 12 190
20 70 59 65 6 0 0 0.06 0.0 0 5.6 14 200 M M 9 1 19 190
21 66 55 61 2 4 0 0.03 0.0 0 9.2 16 180 M M 5 1 23 210
22 74 49 62 3 3 0 0.00 0.0 0 3.3 10 290 M M 1 14 270
23 78 54 66 7 0 1 T 0.0 0 2.4 13 290 M M 1 17 300
24 71 57 64 4 1 0 0.03 0.0 0 6.3 18 190 M M 6 1 24 190
25 76 56 66 6 0 1 0.00 0.0 0 4.1 10 190 M M 3 13 190
26 68 57 63 3 2 0 T 0.0 0 10.2 17 190 M M 4 25 180
27 64 54 59 -1 6 0 0.05 0.0 0 8.4 15 170 M M 10 21 190
28 70 51 61 1 4 0 0.00 0.0 0 4.6 12 170 M M 5 1 16 320
29 71 55 63 3 2 0 0.00 0.0 0 10.8 24 180 M M 2 32 170
30 64 55 60 0 5 0 0.02 0.0 0 12.0 22 180 M M 10 35 190
================================================================================
SM 2006 1566 160 2 2.05 0.0 177.1 M 169
================================================================================
AV 66.9 52.2 5.9 FASTST M M 6 MAX(MPH)
MISC ----> # 24 180 # 35 190
================================================================================
NOTES:
# LAST OF SEVERAL OCCURRENCES
COLUMN 17 PEAK WIND IN M.P.H.
PRELIMINARY LOCAL CLIMATOLOGICAL DATA (WS FORM: F-6) , PAGE 2
STATION: BELLINGHAM WA AIRPORT
MONTH: JUNE
YEAR: 2020
LATITUDE: 48 47 N
LONGITUDE: 122 32 W
[TEMPERATURE DATA] [PRECIPITATION DATA] SYMBOLS USED IN COLUMN 16
AVERAGE MONTHLY: 59.5 TOTAL FOR MONTH: 2.05 1 = FOG OR MIST
DPTR FM NORMAL: 1.0 DPTR FM NORMAL: 0.19 2 = FOG REDUCING VISIBILITY
HIGHEST: 78 ON 23 GRTST 24HR 0.56 ON 12-12 TO 1/4 MILE OR LESS
LOWEST: 45 ON 1 3 = THUNDER
SNOW, ICE PELLETS, HAIL 4 = ICE PELLETS
TOTAL MONTH: 0.0 INCH 5 = HAIL
GRTST 24HR 0.0 6 = FREEZING RAIN OR DRIZZLE
GRTST DEPTH: 0 7 = DUSTSTORM OR SANDSTORM:
VSBY 1/2 MILE OR LESS
8 = SMOKE OR HAZE
[NO. OF DAYS WITH] [WEATHER - DAYS WITH] 9 = BLOWING SNOW
X = TORNADO
MAX 32 OR BELOW: 0 0.01 INCH OR MORE: 16
MAX 90 OR ABOVE: 0 0.10 INCH OR MORE: 6
MIN 32 OR BELOW: 0 0.50 INCH OR MORE: 1
MIN 0 OR BELOW: 0 1.00 INCH OR MORE: 0
[HDD (BASE 65) ]
TOTAL THIS MO. 160 CLEAR (SCALE 0-3) 7
DPTR FM NORMAL -41 PTCLDY (SCALE 4-7) 17
TOTAL FM JUL 1 4922 CLOUDY (SCALE 8-10) 6
DPTR FM NORMAL -637
[CDD (BASE 65) ]
TOTAL THIS MO. 2
DPTR FM NORMAL -2 [PRESSURE DATA]
TOTAL FM JAN 1 2 HIGHEST SLP M ON M
DPTR FM NORMAL -2 LOWEST SLP 29.75 ON 5
[REMARKS]
#FINAL-06-20#