000
CXUS53 KILX 011000
CF6BMI
PRELIMINARY LOCAL CLIMATOLOGICAL DATA (WS FORM: F-6)
STATION: BLOOMINGTON IL AIRPORT
MONTH: FEBRUARY
YEAR: 2022
LATITUDE: 40 28 N
LONGITUDE: 88 56 W
TEMPERATURE IN F: :PCPN: SNOW: WIND :SUNSHINE: SKY :PK WND
================================================================================
1 2 3 4 5 6A 6B 7 8 9 10 11 12 13 14 15 16 17 18
12Z AVG MX 2MIN
DY MAX MIN AVG DEP HDD CDD WTR SNW DPTH SPD SPD DIR MIN PSBL S-S WX SPD DR
================================================================================
1 49 27 38 M 27 0 0.22 M M 14.6 21 340 M M 7 14 27 200
2 27 13 20 M 45 0 M M M 20.4 24 360 M M 10 12 32 10
3 17 12 15 M 50 0 M M M 19.1 23 360 M M 9 1 31 360
4 M 6 M M M M T M M 12.1 25 290 M M 4 1 31 300
5 16 -2 7 M 58 0 0.00 M M 14.8 24 180 M M 0 31 180
6 34 12 23 M 42 0 0.00 M M 15.0 23 180 M M 1 M M
7 M 9 M M M M 0.00 M M 10.3 18 280 M M 2 27 280
8 40 14 27 M 38 0 0.00 M M 13.4 20 210 M M 2 M M
9 39 28 34 M 31 0 T M M 12.4 18 280 M M 4 24 280
10 36 26 31 M 34 0 0.00 M M 13.8 21 300 M M 8 M M
11 43 22 33 M 32 0 0.28 M M 18.3 29 290 M M 9 6 37 300
12 22 15 19 M 46 0 T M M 13.9 23 290 M M 9 32 290
13 17 8 13 M 52 0 T M M 6.7 17 340 M M 7 1 M M
14 28 9 19 M 46 0 T M M 7.0 13 180 M M 5 M M
15 42 15 29 M 36 0 0.00 M M 12.9 23 170 M M 0 32 140
16 53 40 47 M 18 0 0.41 M M 25.1 36 190 M M 6 47 190
17 51 10 31 M 34 0 M M M 19.6 27 350 M M 9 126 38 350
18 31 1 16 M 49 0 T M M 15.4 25 210 M M 1 33 210
19 30 10 20 M 45 0 T M M 14.1 24 320 M M 1 37 320
20 46 18 32 M 33 0 0.00 M M 19.9 27 200 M M 0 37 200
21 54 32 43 M 22 0 T M M 13.5 22 160 M M 3 1 31 150
22 56 21 39 M 26 0 0.22 M M 19.2 35 210 M M 10 13 43 210
23 22 13 18 M 47 0 T M M 15.9 23 310 M M 10 30 310
24 29 21 25 M 40 0 M M M 13.9 21 80 M M 10 16 21 90
25 29 17 23 M 42 0 0.01 M M 10.6 18 310 M M 9 1 M M
26 33 12 23 M 42 0 0.00 M M 9.3 15 220 M M 0 M M
27 43 23 33 M 32 0 0.00 M M 9.1 14 270 M M 0 M M
28 53 25 39 M 26 0 0.00 M M 10.4 20 200 M M 0 22 210
================================================================================
SM 940 457 993 0 1.14 M 400.7 M 136
================================================================================
AV 36.2 16.3 14.3 FASTST M M 5 MAX(MPH)
MISC ----> 36 190 47 190
================================================================================
NOTES:
# LAST OF SEVERAL OCCURRENCES
COLUMN 17 PEAK WIND IN M.P.H.
PRELIMINARY LOCAL CLIMATOLOGICAL DATA (WS FORM: F-6) , PAGE 2
STATION: BLOOMINGTON IL AIRPORT
MONTH: FEBRUARY
YEAR: 2022
LATITUDE: 40 28 N
LONGITUDE: 88 56 W
[TEMPERATURE DATA] [PRECIPITATION DATA] SYMBOLS USED IN COLUMN 16
AVERAGE MONTHLY: 26.2 TOTAL FOR MONTH: 1.14 1 = FOG OR MIST
DPTR FM NORMAL: 0.0 DPTR FM NORMAL: 1.14 2 = FOG REDUCING VISIBILITY
HIGHEST: 56 ON 22 GRTST 24HR 0.41 ON 16-16 TO 1/4 MILE OR LESS
LOWEST: -2 ON 5 3 = THUNDER
SNOW, ICE PELLETS, HAIL 4 = ICE PELLETS
TOTAL MONTH: M 5 = HAIL
GRTST 24HR M ON M 6 = FREEZING RAIN OR DRIZZLE
GRTST DEPTH: M ON M 7 = DUSTSTORM OR SANDSTORM:
VSBY 1/2 MILE OR LESS
8 = SMOKE OR HAZE
[NO. OF DAYS WITH] [WEATHER - DAYS WITH] 9 = BLOWING SNOW
X = TORNADO
MAX 32 OR BELOW: 11 0.01 INCH OR MORE: 5
MAX 90 OR ABOVE: 0 0.10 INCH OR MORE: 4
MIN 32 OR BELOW: 27 0.50 INCH OR MORE: 0
MIN 0 OR BELOW: 1 1.00 INCH OR MORE: 0
[HDD (BASE 65) ]
TOTAL THIS MO. 993 CLEAR (SCALE 0-3) 12
DPTR FM NORMAL M PTCLDY (SCALE 4-7) 7
TOTAL FM JUL 1 4163 CLOUDY (SCALE 8-10) 9
DPTR FM NORMAL M
[CDD (BASE 65) ]
TOTAL THIS MO. 0
DPTR FM NORMAL M [PRESSURE DATA]
TOTAL FM JAN 1 0 HIGHEST SLP M ON M
DPTR FM NORMAL M LOWEST SLP M ON M
[REMARKS]
#FINAL-02-22#