000
CXUS53 KILX 011000
CF6BMI
PRELIMINARY LOCAL CLIMATOLOGICAL DATA (WS FORM: F-6)
STATION: BLOOMINGTON IL AIRPORT
MONTH: JANUARY
YEAR: 2022
LATITUDE: 40 28 N
LONGITUDE: 88 56 W
TEMPERATURE IN F: :PCPN: SNOW: WIND :SUNSHINE: SKY :PK WND
================================================================================
1 2 3 4 5 6A 6B 7 8 9 10 11 12 13 14 15 16 17 18
12Z AVG MX 2MIN
DY MAX MIN AVG DEP HDD CDD WTR SNW DPTH SPD SPD DIR MIN PSBL S-S WX SPD DR
================================================================================
1 36 20 28 M 37 0 0.21 M M 17.6 27 350 M M 10 12 32 40
2 21 7 14 M 51 0 T M M 15.4 24 360 M M 10 16 32 340
3 27 3 15 M 50 0 0.00 M M 9.2 15 200 M M 0 M M
4 34 20 27 M 38 0 0.00 M M 19.9 28 200 M M 0 40 190
5 32 9 21 M 44 0 T M M 23.4 31 260 M M 5 44 270
6 14 -3 6 M 59 0 0.00 M M 16.3 21 290 M M 0 25 290
7 19 -5 7 M 58 0 0.00 M M 9.7 18 290 M M 1 M M
8 37 13 25 M 40 0 0.01 M M 18.3 24 170 M M 7 16 32 170
9 37 10 24 M 41 0 0.01 M M 15.9 23 330 M M 4 1 35 330
10 26 8 17 M 48 0 0.00 0.0 0 10.9 18 330 M M 3 21 340
11 38 5 22 M 43 0 0.00 M M 16.5 27 200 M M 0 33 200
12 42 29 36 M 29 0 0.00 M M 9.3 15 220 M M 2 M M
13 37 25 31 M 34 0 0.00 0.0 M 7.7 13 350 M M 6 12 M M
14 35 24 30 M 35 0 T M M 9.4 18 70 M M 10 12 M M
15 32 12 22 M 43 0 T M M 17.0 23 60 M M 5 1 29 70
16 29 8 19 M 46 0 T M M 7.5 13 270 M M 3 M M
17 29 17 23 M 42 0 T M M 13.5 22 310 M M 9 M M
18 47 15 31 M 34 0 0.00 M M 15.9 27 180 M M 2 35 180
19 39 7 23 M 42 0 0.00 M M 17.5 22 320 M M 2 33 330
20 17 4 11 M 54 0 0.00 M M 13.4 18 330 M M 0 24 330
21 24 2 13 M 52 0 0.00 M M 7.8 13 160 M M 1 M M
22 35 13 24 M 41 0 0.00 M M 13.8 20 280 M M 3 24 280
23 37 15 26 M 39 0 T M M 14.3 25 240 M M 7 33 240
24 33 12 23 M 42 0 T M M 15.3 20 330 M M 10 1 25 330
25 19 2 11 M 54 0 0.00 M M 12.7 17 320 M M 0 21 310
26 19 -3 8 M 57 0 0.00 M M 9.4 16 180 M M 0 20 330
27 39 13 26 M 39 0 T M M 14.6 22 240 M M 9 30 250
28 30 4 17 M 48 0 M M M 12.9 22 350 M M 8 1 24 350
29 28 2 15 M 50 0 0.00 M M 10.1 16 190 M M 3 M M
30 31 17 24 M 41 0 0.00 M M 11.0 17 320 M M 2 23 320
31 40 12 26 M 39 0 0.00 M M 11.9 23 160 M M 2 29 160
================================================================================
SM 963 317 1370 0 0.23 0.0 418.1 M 124
================================================================================
AV 31.1 10.2 13.5 FASTST M M 4 MAX(MPH)
MISC ----> 31 260 44 270
================================================================================
NOTES:
# LAST OF SEVERAL OCCURRENCES
COLUMN 17 PEAK WIND IN M.P.H.
PRELIMINARY LOCAL CLIMATOLOGICAL DATA (WS FORM: F-6) , PAGE 2
STATION: BLOOMINGTON IL AIRPORT
MONTH: JANUARY
YEAR: 2022
LATITUDE: 40 28 N
LONGITUDE: 88 56 W
[TEMPERATURE DATA] [PRECIPITATION DATA] SYMBOLS USED IN COLUMN 16
AVERAGE MONTHLY: 20.6 TOTAL FOR MONTH: 0.23 1 = FOG OR MIST
DPTR FM NORMAL: 0.0 DPTR FM NORMAL: M 2 = FOG REDUCING VISIBILITY
HIGHEST: 47 ON 18 GRTST 24HR 0.45 ON 1- 2 TO 1/4 MILE OR LESS
LOWEST: -5 ON 7 3 = THUNDER
SNOW, ICE PELLETS, HAIL 4 = ICE PELLETS
TOTAL MONTH: 0.0 INCH 5 = HAIL
GRTST 24HR 0.0 6 = FREEZING RAIN OR DRIZZLE
GRTST DEPTH: 0 7 = DUSTSTORM OR SANDSTORM:
VSBY 1/2 MILE OR LESS
8 = SMOKE OR HAZE
[NO. OF DAYS WITH] [WEATHER - DAYS WITH] 9 = BLOWING SNOW
X = TORNADO
MAX 32 OR BELOW: 16 0.01 INCH OR MORE: 3
MAX 90 OR ABOVE: 0 0.10 INCH OR MORE: 1
MIN 32 OR BELOW: 31 0.50 INCH OR MORE: 0
MIN 0 OR BELOW: 3 1.00 INCH OR MORE: 0
[HDD (BASE 65) ]
TOTAL THIS MO. 1370 CLEAR (SCALE 0-3) 15
DPTR FM NORMAL M PTCLDY (SCALE 4-7) 10
TOTAL FM JUL 1 3170 CLOUDY (SCALE 8-10) 6
DPTR FM NORMAL M
[CDD (BASE 65) ]
TOTAL THIS MO. 0
DPTR FM NORMAL M [PRESSURE DATA]
TOTAL FM JAN 1 0 HIGHEST SLP M ON M
DPTR FM NORMAL M LOWEST SLP M ON M
[REMARKS]
#FINAL-01-22#