000
CXUS53 KILX 011000
CF6BMI
PRELIMINARY LOCAL CLIMATOLOGICAL DATA (WS FORM: F-6)
STATION: BLOOMINGTON IL AIRPORT
MONTH: OCTOBER
YEAR: 2020
LATITUDE: 40 28 N
LONGITUDE: 88 56 W
TEMPERATURE IN F: :PCPN: SNOW: WIND :SUNSHINE: SKY :PK WND
================================================================================
1 2 3 4 5 6A 6B 7 8 9 10 11 12 13 14 15 16 17 18
12Z AVG MX 2MIN
DY MAX MIN AVG DEP HDD CDD WTR SNW DPTH SPD SPD DIR MIN PSBL S-S WX SPD DR
================================================================================
1 60 44 52 M 13 0 0.06 M M 11.7 23 300 M M 6 33 290
2 57 40 49 M 16 0 0.00 M M 4.6 8 290 M M 5 M M
3 56 42 49 M 16 0 0.23 M M 5.1 10 120 M M 8 1 M M
4 55 38 47 M 18 0 0.24 M M 10.7 20 360 M M 5 1 25 340
5 62 32 47 M 18 0 0.00 M M 9.1 17 190 M M 0 23 210
6 75 49 62 M 3 0 0.00 M M 11.2 15 200 M M 1 M M
7 80 55 68 M 0 3 0.00 M M 9.7 17 330 M M 0 M M
8 77 49 63 M 2 0 0.00 M M 5.6 12 100 M M 0 8 M M
9 82 51 67 M 0 2 0.00 M M 12.6 20 210 M M 0 8 30 210
10 81 56 69 M 0 4 0.00 M M 9.8 16 220 M M 1 1 M M
11 81 52 67 M 0 2 0.00 M M 9.4 16 140 M M 1 M M
12 69 48 59 M 6 0 M M M 15.9 31 310 M M 3 1 39 310
13 74 39 57 M 8 0 0.00 M M 10.9 22 250 M M 0 35 250
14 79 44 62 M 3 0 0.01 M M 15.8 30 190 M M 2 45 190
15 62 39 51 M 14 0 T M M 12.8 20 300 M M 3 28 300
16 58 31 45 M 20 0 0.00 M M 10.4 23 260 M M 2 33 280
17 65 33 49 M 16 0 0.00 M M 19.8 33 180 M M 4 46 200
18 57 39 48 M 17 0 T M M 13.0 21 350 M M 6 27 200
19 50 38 44 M 21 0 T M M 12.7 18 20 M M 9 22 10
20 56 40 48 M 17 0 0.02 M M 13.4 20 130 M M 10 1 24 130
21 53 44 49 M 16 0 0.13 M M 8.9 15 290 M M 10 1 21 270
22 81 52 67 M 0 2 0.01 M M 13.4 24 210 M M 4 128 30 220
23 67 37 52 M 13 0 0.28 M M 15.7 22 330 M M 8 1 30 300
24 46 33 40 M 25 0 0.00 M M 9.8 18 50 M M 6 M M
25 47 39 43 M 22 0 0.00 M M 13.5 18 60 M M 10 24 40
26 42 33 38 M 27 0 0.03 M M 12.5 18 340 M M 10 1 18 360
27 40 33 37 M 28 0 0.02 M M 6.7 13 360 M M 10 1 M M
28 47 34 41 M 24 0 0.00 M M 5.7 10 290 M M 5 M M
29 50 37 44 M 21 0 T M M 14.5 23 340 M M 8 30 330
30 48 30 39 M 26 0 0.00 M M 5.9 9 120 M M 4 M M
31 61 29 45 M 20 0 0.00 M M 16.7 23 180 M M 1 32 180
================================================================================
SM 1918 1260 430 13 1.03 M 347.5 M 142
================================================================================
AV 61.9 40.6 11.2 FASTST M M 5 MAX(MPH)
MISC ----> 33 180 46 200
================================================================================
NOTES:
# LAST OF SEVERAL OCCURRENCES
COLUMN 17 PEAK WIND IN M.P.H.
PRELIMINARY LOCAL CLIMATOLOGICAL DATA (WS FORM: F-6) , PAGE 2
STATION: BLOOMINGTON IL AIRPORT
MONTH: OCTOBER
YEAR: 2020
LATITUDE: 40 28 N
LONGITUDE: 88 56 W
[TEMPERATURE DATA] [PRECIPITATION DATA] SYMBOLS USED IN COLUMN 16
AVERAGE MONTHLY: 51.3 TOTAL FOR MONTH: 1.03 1 = FOG OR MIST
DPTR FM NORMAL: 0.0 DPTR FM NORMAL: M 2 = FOG REDUCING VISIBILITY
HIGHEST: 82 ON 9 GRTST 24HR 0.28 ON 23-23 TO 1/4 MILE OR LESS
LOWEST: 29 ON 31 3 = THUNDER
SNOW, ICE PELLETS, HAIL 4 = ICE PELLETS
TOTAL MONTH: M 5 = HAIL
GRTST 24HR M ON M 6 = FREEZING RAIN OR DRIZZLE
GRTST DEPTH: M ON M 7 = DUSTSTORM OR SANDSTORM:
VSBY 1/2 MILE OR LESS
8 = SMOKE OR HAZE
[NO. OF DAYS WITH] [WEATHER - DAYS WITH] 9 = BLOWING SNOW
X = TORNADO
MAX 32 OR BELOW: 0 0.01 INCH OR MORE: 10
MAX 90 OR ABOVE: 0 0.10 INCH OR MORE: 4
MIN 32 OR BELOW: 4 0.50 INCH OR MORE: 0
MIN 0 OR BELOW: 0 1.00 INCH OR MORE: 0
[HDD (BASE 65) ]
TOTAL THIS MO. 430 CLEAR (SCALE 0-3) 12
DPTR FM NORMAL M PTCLDY (SCALE 4-7) 11
TOTAL FM JUL 1 501 CLOUDY (SCALE 8-10) 8
DPTR FM NORMAL M
[CDD (BASE 65) ]
TOTAL THIS MO. 13
DPTR FM NORMAL M [PRESSURE DATA]
TOTAL FM JAN 1 1036 HIGHEST SLP M ON M
DPTR FM NORMAL M LOWEST SLP M ON M
[REMARKS]
#FINAL-10-20#