005
CXUS53 KILX 041334
CF6BMI
PRELIMINARY LOCAL CLIMATOLOGICAL DATA (WS FORM: F-6)
STATION: BLOOMINGTON IL AIRPORT
MONTH: JULY
YEAR: 2020
LATITUDE: 40 28 N
LONGITUDE: 88 56 W
TEMPERATURE IN F: :PCPN: SNOW: WIND :SUNSHINE: SKY :PK WND
================================================================================
1 2 3 4 5 6A 6B 7 8 9 10 11 12 13 14 15 16 17 18
12Z AVG MX 2MIN
DY MAX MIN AVG DEP HDD CDD WTR SNW DPTH SPD SPD DIR MIN PSBL S-S WX SPD DR
================================================================================
1 87 67 77 M 0 12 0.00 M M 8.3 16 120 M M 3 23 120
2 92 69 81 M 0 16 0.00 M M 7.7 15 50 M M 2 18 100
3 91 66 79 M 0 14 0.00 M M 6.3 9 50 M M 2 M M
4 92 67 80 M 0 15 0.00 M M 5.0 9 30 M M 2 M M
5 92 69 81 M 0 16 0.00 M M 5.4 10 50 M M 2 M M
6 93 69 81 M 0 16 0.00 M M 5.6 12 280 M M 2 M M
7 91 72 82 M 0 17 T M M 5.8 16 30 M M 3 3 M M
8 93 69 81 M 0 16 0.00 M M 4.8 18 170 M M 1 3 M M
9 93 70 82 M 0 17 0.77 M M 10.8 18 200 M M 2 13 22 220
10 87 70 79 M 0 14 T M M 15.0 24 320 M M 3 33 300
11 90 63 77 M 0 12 0.79 M M 8.2 27 330 M M 2 35 52 330
12 84 63 74 M 0 9 0.01 M M 7.6 16 10 M M 2 M M
13 82 63 73 M 0 8 0.00 M M 4.8 8 120 M M 1 M M
14 85 60 73 M 0 8 0.00 M M 8.6 14 170 M M 0 20 150
15 82 66 74 M 0 9 2.15 M M 11.2 21 200 M M 3 13 31 270
16 84 66 75 M 0 10 T M M 7.8 15 310 M M 7 1 M M
17 87 64 76 M 0 11 0.00 M M 6.9 13 170 M M 2 M M
18 90 70 80 M 0 15 T M M 13.3 18 200 M M 2 23 200
19 86 70 78 M 0 13 0.09 M M 11.3 20 210 M M 2 13 27 310
20 85 69 77 M 0 12 0.00 M M 2.9 7 200 M M 3 M M
21 82 69 76 M 0 11 0.23 M M 7.0 12 270 M M 8 13 M M
22 85 67 76 M 0 11 0.01 M M 7.7 14 320 M M 6 M M
23 82 65 74 M 0 9 0.00 M M 6.9 13 360 M M 1 M M
24 85 61 73 M 0 8 0.00 M M 5.3 9 50 M M 0 M M
25 88 65 77 M 0 12 0.00 M M 6.6 10 180 M M 1 M M
26 91 72 82 M 0 17 0.00 M M 9.3 16 200 M M 1 20 210
27 83 68 76 M 0 11 0.61 M M 8.0 14 290 M M 5 1 M M
28 84 64 74 M 0 9 0.00 M M 5.4 9 240 M M 0 M M
29 86 65 76 M 0 11 0.00 M M 7.4 12 250 M M 0 M M
30 76 67 72 M 0 7 0.10 M M 8.2 17 50 M M 9 1 23 50
31 76 64 70 M 0 5 0.01 M M 10.4 16 30 M M 1 M M
================================================================================
SM 2684 2069 0 371 4.77 M 239.5 M 78
================================================================================
AV 86.6 66.7 7.7 FASTST M M 3 MAX(MPH)
MISC ----> # 27 330 # 52 330
================================================================================
NOTES:
# LAST OF SEVERAL OCCURRENCES
COLUMN 17 PEAK WIND IN M.P.H.
PRELIMINARY LOCAL CLIMATOLOGICAL DATA (WS FORM: F-6) , PAGE 2
STATION: BLOOMINGTON IL AIRPORT
MONTH: JULY
YEAR: 2020
LATITUDE: 40 28 N
LONGITUDE: 88 56 W
[TEMPERATURE DATA] [PRECIPITATION DATA] SYMBOLS USED IN COLUMN 16
AVERAGE MONTHLY: 76.7 TOTAL FOR MONTH: 4.77 1 = FOG OR MIST
DPTR FM NORMAL: M DPTR FM NORMAL: M 2 = FOG REDUCING VISIBILITY
HIGHEST: 93 ON 9, 8 GRTST 24HR 2.15 ON 15-15 TO 1/4 MILE OR LESS
LOWEST: 60 ON 14 3 = THUNDER
SNOW, ICE PELLETS, HAIL 4 = ICE PELLETS
TOTAL MONTH: M 5 = HAIL
GRTST 24HR M ON M 6 = FREEZING RAIN OR DRIZZLE
GRTST DEPTH: M ON M 7 = DUSTSTORM OR SANDSTORM:
VSBY 1/2 MILE OR LESS
8 = SMOKE OR HAZE
[NO. OF DAYS WITH] [WEATHER - DAYS WITH] 9 = BLOWING SNOW
X = TORNADO
MAX 32 OR BELOW: 0 0.01 INCH OR MORE: 10
MAX 90 OR ABOVE: 11 0.10 INCH OR MORE: 6
MIN 32 OR BELOW: 0 0.50 INCH OR MORE: 4
MIN 0 OR BELOW: 0 1.00 INCH OR MORE: 1
[HDD (BASE 65) ]
TOTAL THIS MO. 0 CLEAR (SCALE 0-3) 24
DPTR FM NORMAL M PTCLDY (SCALE 4-7) 5
TOTAL FM JUL 1 0 CLOUDY (SCALE 8-10) 2
DPTR FM NORMAL M
[CDD (BASE 65) ]
TOTAL THIS MO. 371
DPTR FM NORMAL M [PRESSURE DATA]
TOTAL FM JAN 1 715 HIGHEST SLP M ON M
DPTR FM NORMAL M LOWEST SLP M ON M
[REMARKS]
#FINAL-07-20#