000
CXUS53 KILX 012300
CF6BMI
PRELIMINARY LOCAL CLIMATOLOGICAL DATA (WS FORM: F-6)
STATION: BLOOMINGTON IL AIRPORT
MONTH: JUNE
YEAR: 2020
LATITUDE: 40 28 N
LONGITUDE: 88 56 W
TEMPERATURE IN F: :PCPN: SNOW: WIND :SUNSHINE: SKY :PK WND
================================================================================
1 2 3 4 5 6A 6B 7 8 9 10 11 12 13 14 15 16 17 18
12Z AVG MX 2MIN
DY MAX MIN AVG DEP HDD CDD WTR SNW DPTH SPD SPD DIR MIN PSBL S-S WX SPD DR
================================================================================
1 79 56 68 M 0 3 0.00 M M 14.9 22 190 M M 3 29 200
2 91 65 78 M 0 13 0.00 M M 15.9 21 230 M M 0 30 240
3 86 70 78 M 0 13 0.00 M M 8.2 21 350 M M 3 27 350
4 85 67 76 M 0 11 0.00 M M 7.7 14 250 M M 1 18 270
5 89 65 77 M 0 12 0.00 M M 9.5 15 290 M M 0 16 240
6 90 64 77 M 0 12 0.00 M M 9.6 20 60 M M 1 24 60
7 88 60 74 M 0 9 0.00 M M 10.9 17 60 M M 0 20 120
8 90 62 76 M 0 11 0.00 M M 13.3 20 150 M M 0 23 150
9 83 72 78 M 0 13 0.39 M M 17.8 36 140 M M 6 13 47 180
10 78 61 70 M 0 5 0.02 M M 16.2 30 300 M M 7 38 280
11 83 57 70 M 0 5 0.00 M M 11.7 21 280 M M 1 30 280
12 86 61 74 M 0 9 0.00 M M 6.5 12 360 M M 0 M M
13 78 55 67 M 0 2 T M M 14.5 20 60 M M 2 21 30
14 77 56 67 M 0 2 T M M 12.5 17 60 M M 3 25 70
15 80 51 66 M 0 1 0.00 M M 9.3 16 110 M M 0 20 90
16 84 54 69 M 0 4 0.00 M M 8.1 13 150 M M 1 17 150
17 86 61 74 M 0 9 0.00 M M 4.8 9 160 M M 2 M M
18 88 63 76 M 0 11 0.00 M M 4.5 9 170 M M 2 M M
19 90 65 78 M 0 13 0.00 M M 6.9 12 230 M M 1 17 200
20 89 66 78 M 0 13 0.40 M M 9.8 18 200 M M 4 13 39 240
21 84 67 76 M 0 11 0.09 M M 6.7 14 30 M M 5 3 M M
22 87 64 76 M 0 11 0.21 M M 9.0 14 230 M M 4 13 17 200
23 77 M M M M M 0.00 M M 13.3 18 330 M M 5 25 320
24 81 61 71 M 0 6 0.00 M M 10.0 15 320 M M 3 18 320
25 86 61 74 M 0 9 0.00 M M 7.5 12 220 M M 2 17 270
26 92 67 80 M 0 15 T M M 13.9 25 210 M M 3 3 35 220
27 85 70 78 M 0 13 0.02 M M 8.3 14 240 M M 5 M M
28 87 68 78 M 0 13 0.02 M M 5.8 14 170 M M 4 16 140
29 92 73 83 M 0 18 0.00 M M 8.7 12 190 M M 1 13 18 210
30 83 69 76 M 0 11 0.00 M M 8.3 15 190 M M 2 20 190
================================================================================
SM 2554 1831 0 278 1.15 M 304.1 M 71
================================================================================
AV 85.1 63.1 10.1 FASTST M M 2 MAX(MPH)
MISC ----> # 36 140 # 47 180
================================================================================
NOTES:
# LAST OF SEVERAL OCCURRENCES
COLUMN 17 PEAK WIND IN M.P.H.
PRELIMINARY LOCAL CLIMATOLOGICAL DATA (WS FORM: F-6) , PAGE 2
STATION: BLOOMINGTON IL AIRPORT
MONTH: JUNE
YEAR: 2020
LATITUDE: 40 28 N
LONGITUDE: 88 56 W
[TEMPERATURE DATA] [PRECIPITATION DATA] SYMBOLS USED IN COLUMN 16
AVERAGE MONTHLY: 74.1 TOTAL FOR MONTH: 1.15 1 = FOG OR MIST
DPTR FM NORMAL: M DPTR FM NORMAL: M 2 = FOG REDUCING VISIBILITY
HIGHEST: 92 ON 29,26 GRTST 24HR 0.40 ON 20-20 TO 1/4 MILE OR LESS
LOWEST: 51 ON 15 3 = THUNDER
SNOW, ICE PELLETS, HAIL 4 = ICE PELLETS
TOTAL MONTH: M 5 = HAIL
GRTST 24HR M ON M 6 = FREEZING RAIN OR DRIZZLE
GRTST DEPTH: M ON M 7 = DUSTSTORM OR SANDSTORM:
VSBY 1/2 MILE OR LESS
8 = SMOKE OR HAZE
[NO. OF DAYS WITH] [WEATHER - DAYS WITH] 9 = BLOWING SNOW
X = TORNADO
MAX 32 OR BELOW: 0 0.01 INCH OR MORE: 7
MAX 90 OR ABOVE: 6 0.10 INCH OR MORE: 3
MIN 32 OR BELOW: 0 0.50 INCH OR MORE: 0
MIN 0 OR BELOW: 0 1.00 INCH OR MORE: 0
[HDD (BASE 65) ]
TOTAL THIS MO. 0 CLEAR (SCALE 0-3) 21
DPTR FM NORMAL M PTCLDY (SCALE 4-7) 9
TOTAL FM JUL 1 5691 CLOUDY (SCALE 8-10) 0
DPTR FM NORMAL M
[CDD (BASE 65) ]
TOTAL THIS MO. 278
DPTR FM NORMAL M [PRESSURE DATA]
TOTAL FM JAN 1 344 HIGHEST SLP M ON M
DPTR FM NORMAL M LOWEST SLP M ON M
[REMARKS]
#FINAL-06-20#