000
CXUS53 KILX 011000
CF6BMI
PRELIMINARY LOCAL CLIMATOLOGICAL DATA (WS FORM: F-6)
STATION: BLOOMINGTON IL AIRPORT
MONTH: NOVEMBER
YEAR: 2023
LATITUDE: 40 28 N
LONGITUDE: 88 56 W
TEMPERATURE IN F: :PCPN: SNOW: WIND :SUNSHINE: SKY :PK WND
================================================================================
1 2 3 4 5 6A 6B 7 8 9 10 11 12 13 14 15 16 17 18
12Z AVG MX 2MIN
DY MAX MIN AVG DEP HDD CDD WTR SNW DPTH SPD SPD DIR MIN PSBL S-S WX SPD DR
================================================================================
1 42 24 33 M 32 0 0.00 M M 9.4 14 330 M M 0 18 190
2 55 26 41 M 24 0 0.00 M M 12.7 18 200 M M 0 24 210
3 58 38 48 M 17 0 T M M 16.2 22 200 M M 2 30 200
4 61 39 50 M 15 0 0.00 M M 6.0 9 310 M M 0 M M
5 62 33 48 M 17 0 0.00 M M 8.0 16 170 M M 0 M M
6 66 48 57 M 8 0 0.00 M M 12.8 22 220 M M 2 8 31 220
7 64 41 53 M 12 0 0.00 M M 7.7 18 70 M M 1 8 M M
8 76 48 62 M 3 0 T M M 15.1 21 330 M M 9 27 330
9 57 39 48 M 17 0 0.00 M M 12.4 20 330 M M 1 27 330
10 49 32 41 M 24 0 0.00 M M 9.4 16 310 M M 0 22 320
11 51 26 39 M 26 0 0.00 M M 5.5 12 140 M M 1 M M
12 58 36 47 M 18 0 0.00 M M 11.9 18 170 M M 2 M M
13 64 36 50 M 15 0 M M M 9.1 17 340 M M 0 23 340
14 62 32 47 M 18 0 M M M 9.3 18 180 M M 0 8 22 190
15 67 33 50 M 15 0 M M M 9.8 16 230 M M 0 M M
16 64 38 51 M 14 0 M M M 14.8 25 210 M M 3 33 200
17 60 30 45 M 20 0 T M M 11.9 21 320 M M 3 25 330
18 53 26 40 M 25 0 M M M 6.7 15 250 M M 0 17 240
19 60 34 47 M 18 0 0.00 M M 6.7 13 50 M M 0 M M
20 47 40 44 M 21 0 0.30 M M 14.5 22 100 M M 7 1 27 100
21 42 35 39 M 26 0 0.28 M M 13.2 18 320 M M 9 1 24 310
22 42 32 37 M 28 0 0.00 M M 10.5 15 320 M M 6 M M
23 48 30 39 M 26 0 0.00 M M 10.9 16 350 M M 0 M M
24 35 26 31 M 34 0 0.00 M M 12.1 18 10 M M 2 23 20
25 38 24 31 M 34 0 0.00 M M 5.4 9 30 M M 1 M M
26 34 26 30 M 35 0 0.13 M M 10.5 22 270 M M 9 1 29 270
27 30 16 23 M 42 0 T M M 15.2 23 280 M M 4 31 260
28 M 8 M M M M T M M 8.9 15 310 M M 1 M M
29 41 18 30 M 35 0 0.00 M M 10.9 17 250 M M 0 M M
30 54 32 43 M 22 0 0.09 M M 12.9 22 200 M M 4 1 27 200
================================================================================
SM 1540 946 641 0 0.80 M 320.4 M 67
================================================================================
AV 53.1 31.5 10.7 FASTST M M 2 MAX(MPH)
MISC ----> 25 210 33 200
================================================================================
NOTES:
# LAST OF SEVERAL OCCURRENCES
COLUMN 17 PEAK WIND IN M.P.H.
PRELIMINARY LOCAL CLIMATOLOGICAL DATA (WS FORM: F-6) , PAGE 2
STATION: BLOOMINGTON IL AIRPORT
MONTH: NOVEMBER
YEAR: 2023
LATITUDE: 40 28 N
LONGITUDE: 88 56 W
[TEMPERATURE DATA] [PRECIPITATION DATA] SYMBOLS USED IN COLUMN 16
AVERAGE MONTHLY: 42.3 TOTAL FOR MONTH: 0.80 1 = FOG OR MIST
DPTR FM NORMAL: 0.0 DPTR FM NORMAL: M 2 = FOG REDUCING VISIBILITY
HIGHEST: 76 ON 8 GRTST 24HR 0.30 ON 20-20 TO 1/4 MILE OR LESS
LOWEST: 8 ON 28 3 = THUNDER
SNOW, ICE PELLETS, HAIL 4 = ICE PELLETS
TOTAL MONTH: M 5 = HAIL
GRTST 24HR M ON M 6 = FREEZING RAIN OR DRIZZLE
GRTST DEPTH: M ON M 7 = DUSTSTORM OR SANDSTORM:
VSBY 1/2 MILE OR LESS
8 = SMOKE OR HAZE
[NO. OF DAYS WITH] [WEATHER - DAYS WITH] 9 = BLOWING SNOW
X = TORNADO
MAX 32 OR BELOW: 1 0.01 INCH OR MORE: 4
MAX 90 OR ABOVE: 0 0.10 INCH OR MORE: 3
MIN 32 OR BELOW: 16 0.50 INCH OR MORE: 0
MIN 0 OR BELOW: 0 1.00 INCH OR MORE: 0
[HDD (BASE 65) ]
TOTAL THIS MO. 641 CLEAR (SCALE 0-3) 22
DPTR FM NORMAL M PTCLDY (SCALE 4-7) 5
TOTAL FM JUL 1 998 CLOUDY (SCALE 8-10) 3
DPTR FM NORMAL M
[CDD (BASE 65) ]
TOTAL THIS MO. 0
DPTR FM NORMAL M [PRESSURE DATA]
TOTAL FM JAN 1 956 HIGHEST SLP M ON M
DPTR FM NORMAL M LOWEST SLP M ON M
[REMARKS]
#FINAL-11-23#