000
CXUS55 KOHX 011110
CF6BNA
PRELIMINARY LOCAL CLIMATOLOGICAL DATA (WS FORM: F-6)
STATION: NASHVILLE
MONTH: MARCH
YEAR: 2023
LATITUDE: 36 7 N
LONGITUDE: 86 41 W
TEMPERATURE IN F: :PCPN: SNOW: WIND :SUNSHINE: SKY :PK WND
================================================================================
1 2 3 4 5 6A 6B 7 8 9 10 11 12 13 14 15 16 17 18
12Z AVG MX 2MIN
DY MAX MIN AVG DEP HDD CDD WTR SNW DPTH SPD SPD DIR MIN PSBL S-S WX SPD DR
================================================================================
1 78 53 66 19 0 1 0.42 0.0 0 8.1 22 190 M M 7 13 31 300
2 65 57 61 14 4 0 0.14 0.0 0 4.7 14 150 M M 10 1 18 150
3 75 47 61 13 4 0 0.42 0.0 0 18.1 38 250 M M 7 13 65 250
4 64 45 55 7 10 0 0.00 0.0 0 5.7 13 360 M M 4 17 310
5 72 37 55 7 10 0 0.00 0.0 0 3.2 13 60 M M 2 19 70
6 80 47 64 15 1 0 0.00 0.0 0 7.9 22 190 M M 5 27 190
7 67 48 58 9 7 0 0.00 0.0 0 11.4 22 30 M M 4 28 30
8 59 45 52 3 13 0 0.00 0.0 0 10.8 17 80 M M 8 25 70
9 61 45 53 4 12 0 T 0.0 0 8.3 17 170 M M 10 1 26 160
10 55 40 48 -2 17 0 T 0.0 0 10.4 17 340 M M 8 1 27 320
11 53 35 44 -6 21 0 0.31 0.0 0 6.2 13 110 M M 8 1 18 50
12 51 43 47 -3 18 0 0.18 0.0 0 7.2 16 340 M M 10 1 24 330
13 45 35 40 -10 25 0 0.00 0.0 0 10.6 17 360 M M 8 24 360
14 46 31 39 -12 26 0 0.00 0.0 0 8.4 15 360 M M 6 23 340
15 58 26 42 -9 23 0 0.00 0.0 0 3.2 12 110 M M 2 16 100
16 70 35 53 2 12 0 0.13 0.0 0 10.5 23 190 M M 8 1 32 190
17 59 38 49 -3 16 0 0.50 0.0 0 12.2 28 180 M M 8 1 37 180
18 51 29 40 -12 25 0 0.00 0.0 0 9.7 25 320 M M 4 37 300
19 40 25 33 -19 32 0 T T 0 6.7 17 340 M M 4 24 350
20 53 21 37 -16 28 0 0.00 0.0 0 3.8 10 200 M M 3 16 200
21 58 31 45 -8 20 0 0.17 0.0 0 6.2 22 190 M M 9 8 32 200
22 60 47 54 1 11 0 0.16 0.0 0 11.5 21 180 M M 10 1 29 190
23 74 56 65 11 0 0 0.00 0.0 0 10.7 21 200 M M 8 30 190
24 75 58 67 13 0 2 0.74 0.0 0 12.2 30 170 M M 7 13 52 210
25 74 50 62 8 3 0 0.01 0.0 0 10.4 22 270 M M 4 1 32 280
26 79 44 62 8 3 0 0.00 0.0 0 2.8 13 190 M M 2 19 160
27 72 46 59 4 6 0 0.00 0.0 0 8.8 20 320 M M 3 27 310
28 61 44 53 -2 12 0 0.00 0.0 0 9.1 21 360 M M 5 29 360
29 65 34 50 -5 15 0 0.00 0.0 0 3.5 13 40 M M 1 18 50
30 73 37 55 -1 10 0 0.00 0.0 0 5.3 15 180 M M 2 8 22 170
31 74 57 66 10 0 1 0.16 0.0 0 16.9 31 200 M M 9 13 47 200
================================================================================
SM 1967 1286 384 4 3.34 T 264.5 M 186
================================================================================
AV 63.5 41.5 8.5 FASTST M M 6 MAX(MPH)
MISC ----> 38 250 65 250
================================================================================
NOTES:
# LAST OF SEVERAL OCCURRENCES
COLUMN 17 PEAK WIND IN M.P.H.
PRELIMINARY LOCAL CLIMATOLOGICAL DATA (WS FORM: F-6) , PAGE 2
STATION: NASHVILLE
MONTH: MARCH
YEAR: 2023
LATITUDE: 36 7 N
LONGITUDE: 86 41 W
[TEMPERATURE DATA] [PRECIPITATION DATA] SYMBOLS USED IN COLUMN 16
AVERAGE MONTHLY: 52.5 TOTAL FOR MONTH: 3.34 1 = FOG OR MIST
DPTR FM NORMAL: 1.0 DPTR FM NORMAL: -1.18 2 = FOG REDUCING VISIBILITY
HIGHEST: 80 ON 6 GRTST 24HR 0.75 ON 24-25 TO 1/4 MILE OR LESS
LOWEST: 21 ON 20 3 = THUNDER
SNOW, ICE PELLETS, HAIL 4 = ICE PELLETS
TOTAL MONTH: T 5 = HAIL
GRTST 24HR T ON 19-19 6 = FREEZING RAIN OR DRIZZLE
GRTST DEPTH: 0 7 = DUSTSTORM OR SANDSTORM:
VSBY 1/2 MILE OR LESS
8 = SMOKE OR HAZE
[NO. OF DAYS WITH] [WEATHER - DAYS WITH] 9 = BLOWING SNOW
X = TORNADO
MAX 32 OR BELOW: 0 0.01 INCH OR MORE: 12
MAX 90 OR ABOVE: 0 0.10 INCH OR MORE: 11
MIN 32 OR BELOW: 6 0.50 INCH OR MORE: 2
MIN 0 OR BELOW: 0 1.00 INCH OR MORE: 0
[HDD (BASE 65) ]
TOTAL THIS MO. 384 CLEAR (SCALE 0-3) 7
DPTR FM NORMAL -47 PTCLDY (SCALE 4-7) 18
TOTAL FM JUL 1 2574 CLOUDY (SCALE 8-10) 6
DPTR FM NORMAL -568
[CDD (BASE 65) ]
TOTAL THIS MO. 4
DPTR FM NORMAL -7 [PRESSURE DATA]
TOTAL FM JAN 1 19 HIGHEST SLP 30.46 ON 19
DPTR FM NORMAL 7 LOWEST SLP 29.06 ON 3
[REMARKS]
#FINAL-03-23#