000
CXUS55 KOHX 011210
CF6BNA
PRELIMINARY LOCAL CLIMATOLOGICAL DATA (WS FORM: F-6)
STATION: NASHVILLE
MONTH: FEBRUARY
YEAR: 2021
LATITUDE: 36 7 N
LONGITUDE: 86 41 W
TEMPERATURE IN F: :PCPN: SNOW: WIND :SUNSHINE: SKY :PK WND
================================================================================
1 2 3 4 5 6A 6B 7 8 9 10 11 12 13 14 15 16 17 18
12Z AVG MX 2MIN
DY MAX MIN AVG DEP HDD CDD WTR SNW DPTH SPD SPD DIR MIN PSBL S-S WX SPD DR
================================================================================
1 41 32 37 -2 28 0 0.02 0.1 0 14.1 22 320 M M 9 35 350
2 42 29 36 -3 29 0 0.00 T 0 12.4 20 360 M M 7 32 360
3 46 27 37 -2 28 0 0.00 0.0 0 4.3 12 360 M M 2 18 320
4 55 27 41 2 24 0 0.16 0.0 0 12.3 29 190 M M 8 1 42 190
5 50 30 40 1 25 0 0.00 0.0 0 6.2 16 280 M M 4 23 290
6 50 33 42 2 23 0 0.02 0.0 0 4.0 13 170 M M 8 15 170
7 41 26 34 -6 31 0 0.15 T 0 7.9 18 10 M M 6 1 23 360
8 49 26 38 -2 27 0 0.00 0.0 0 4.0 12 160 M M 7 18 18 150
9 57 34 46 6 19 0 T 0.0 0 5.3 15 10 M M 9 18 18 360
10 63 37 50 10 15 0 0.05 0.0 0 5.5 15 360 M M 9 1 22 310
11 37 30 34 -7 31 0 0.31 0.0 0 10.5 16 10 M M 10 18 26 350
12 31 28 30 -11 35 0 0.00 0.0 0 9.8 15 360 M M 10 18 23 320
13 30 23 27 -14 38 0 T 0.0 0 9.2 16 360 M M 10 168 23 320
14 26 23 25 -16 40 0 0.17 0.1 T 10.4 18 10 M M 10 146 28 350
15 26 16 21 -21 44 0 0.76 1.7 2 10.8 18 40 M M 10 14568 24 290
16 18 11 15 -27 50 0 T T 2 6.7 14 280 M M 10 18 27 150
17 28 15 22 -20 43 0 0.28 2.8 4 6.2 13 60 M M 10 145 15 60
18 31 23 27 -15 38 0 0.03 0.5 4 8.1 14 340 M M 10 168 32 90
19 36 15 26 -17 39 0 0.00 0.0 4 5.1 12 340 M M 3 18 24 100
20 42 13 28 -15 37 0 0.00 0.0 4 2.6 8 160 M M 0 128 13 180
21 56 24 40 -3 25 0 T 0.0 2 8.8 25 190 M M 4 18 35 180
22 57 37 47 3 18 0 0.14 0.0 0 8.7 21 200 M M 5 1 33 190
23 70 38 54 10 11 0 0.00 0.0 0 7.2 17 270 M M 0 25 270
24 75 43 59 15 6 0 T 0.0 0 9.5 20 190 M M 4 28 190
25 62 41 52 8 13 0 0.00 0.0 0 9.4 15 10 M M 5 21 10
26 60 46 53 8 12 0 0.44 0.0 0 7.1 17 170 M M 10 13 25 140
27 61 55 58 13 7 0 1.37 0.0 0 4.5 17 300 M M 10 13 26 300
28 75 56 66 21 0 1 0.91 0.0 0 13.5 26 320 M M 9 123 39 310
================================================================================
SM 1315 838 736 1 4.81 5.2 224.1 M 199
================================================================================
AV 47.0 29.9 8.0 FASTST M M 7 MAX(MPH)
MISC ----> 29 190 42 190
================================================================================
NOTES:
# LAST OF SEVERAL OCCURRENCES
COLUMN 17 PEAK WIND IN M.P.H.
PRELIMINARY LOCAL CLIMATOLOGICAL DATA (WS FORM: F-6) , PAGE 2
STATION: NASHVILLE
MONTH: FEBRUARY
YEAR: 2021
LATITUDE: 36 7 N
LONGITUDE: 86 41 W
[TEMPERATURE DATA] [PRECIPITATION DATA] SYMBOLS USED IN COLUMN 16
AVERAGE MONTHLY: 38.4 TOTAL FOR MONTH: 4.81 1 = FOG OR MIST
DPTR FM NORMAL: -3.3 DPTR FM NORMAL: 0.87 2 = FOG REDUCING VISIBILITY
HIGHEST: 75 ON 28,24 GRTST 24HR 1.67 ON 26-27 TO 1/4 MILE OR LESS
LOWEST: 11 ON 16 3 = THUNDER
SNOW, ICE PELLETS, HAIL 4 = ICE PELLETS
TOTAL MONTH: 5.2 INCHES 5 = HAIL
GRTST 24HR 2.8 ON 17-17 6 = FREEZING RAIN OR DRIZZLE
GRTST DEPTH: 4 ON 20,19 7 = DUSTSTORM OR SANDSTORM:
VSBY 1/2 MILE OR LESS
8 = SMOKE OR HAZE
[NO. OF DAYS WITH] [WEATHER - DAYS WITH] 9 = BLOWING SNOW
X = TORNADO
MAX 32 OR BELOW: 7 0.01 INCH OR MORE: 14
MAX 90 OR ABOVE: 0 0.10 INCH OR MORE: 10
MIN 32 OR BELOW: 18 0.50 INCH OR MORE: 3
MIN 0 OR BELOW: 0 1.00 INCH OR MORE: 1
[HDD (BASE 65) ]
TOTAL THIS MO. 736 CLEAR (SCALE 0-3) 4
DPTR FM NORMAL 83 PTCLDY (SCALE 4-7) 8
TOTAL FM JUL 1 2637 CLOUDY (SCALE 8-10) 16
DPTR FM NORMAL -301
[CDD (BASE 65) ]
TOTAL THIS MO. 1
DPTR FM NORMAL 1 [PRESSURE DATA]
TOTAL FM JAN 1 1 HIGHEST SLP 30.50 ON 20
DPTR FM NORMAL 1 LOWEST SLP 29.63 ON 4
[REMARKS]
#FINAL-02-21#