000
CXUS56 KBOI 011002
CF6BNO
PRELIMINARY LOCAL CLIMATOLOGICAL DATA (WS FORM: F-6)
STATION: BURNS OR
MONTH: JANUARY
YEAR: 2021
LATITUDE: 43 34 N
LONGITUDE: 118 57 W
TEMPERATURE IN F: :PCPN: SNOW: WIND :SUNSHINE: SKY :PK WND
================================================================================
1 2 3 4 5 6A 6B 7 8 9 10 11 12 13 14 15 16 17 18
12Z AVG MX 2MIN
DY MAX MIN AVG DEP HDD CDD WTR SNW DPTH SPD SPD DIR MIN PSBL S-S WX SPD DR
================================================================================
1 39 14 27 3 38 0 0.01 M M 4.5 14 80 M M 6 128 18 80
2 38 22 30 6 35 0 0.05 M M 3.9 15 210 M M 9 12 20 200
3 48 35 42 18 23 0 0.02 M M 6.3 16 270 M M 8 22 280
4 44 31 38 14 27 0 0.09 M M 9.1 25 250 M M 9 1 36 250
5 42 21 32 8 33 0 0.00 M M 5.1 12 260 M M 3 16 260
6 40 26 33 9 32 0 0.03 M M 3.0 14 210 M M 6 1 18 210
7 40 26 33 9 32 0 0.00 M M 4.1 14 270 M M 2 19 260
8 35 23 29 5 36 0 0.22 M M 6.3 18 60 M M 7 12 24 80
9 35 14 25 1 40 0 0.00 M M 3.8 7 290 M M 5 9 70
10 37 13 25 1 40 0 0.00 M M 3.5 14 100 M M 1 18 90
11 35 11 23 -1 42 0 0.00 M M 4.9 15 100 M M 1 19 100
12 45 27 36 12 29 0 0.12 M M 6.2 17 210 M M 10 1 24 200
13 46 23 35 10 30 0 0.01 M M 8.2 24 300 M M 4 1 36 300
14 46 23 35 10 30 0 0.00 M M 1.9 7 290 M M 2 8 300
15 37 22 30 5 35 0 0.06 M M 1.8 7 40 M M 3 126 8 50
16 38 23 31 6 34 0 0.00 M M 2.4 8 210 M M 3 12 10 210
17 49 29 39 14 26 0 0.00 M M 4.4 16 330 M M 4 12 22 330
18 43 23 33 8 32 0 0.00 M M 8.8 21 350 M M 0 29 360
19 41 18 30 5 35 0 0.00 M M 4.9 12 90 M M 0 14 90
20 39 13 26 1 39 0 0.00 M M 1.6 7 300 M M 1 9 300
21 40 27 34 9 31 0 T M M 2.0 9 20 M M 10 11 20
22 36 30 33 8 32 0 0.04 M M 5.3 14 340 M M 10 1 19 340
23 40 18 29 4 36 0 0.00 M M 10.5 21 330 M M 1 29 340
24 35 13 24 -1 41 0 0.05 M M 2.1 8 100 M M 4 1 11 110
25 33 14 24 -2 41 0 0.14 M M 6.8 16 360 M M 9 1 21 350
26 30 -5 13 -13 52 0 0.29 M M 7.9 21 170 M M 7 128 29 170
27 39 25 32 6 33 0 0.15 M M 10.0 20 200 M M 7 1 25 190
28 37 24 31 5 34 0 0.32 M M 7.4 12 110 M M 9 1 16 110
29 39 15 27 1 38 0 T M M 4.7 15 270 M M 5 1 20 260
30 42 19 31 5 34 0 0.00 M M 5.0 13 80 M M 8 14 90
31 41 15 28 2 37 0 0.00 M M 8.0 15 70 M M 5 21 70
================================================================================
SM 1229 632 1077 0 1.60 M 164.4 M 159
================================================================================
AV 39.6 20.4 5.3 FASTST M M 5 MAX(MPH)
MISC ----> 25 250 # 36 250
================================================================================
NOTES:
# LAST OF SEVERAL OCCURRENCES
COLUMN 17 PEAK WIND IN M.P.H.
PRELIMINARY LOCAL CLIMATOLOGICAL DATA (WS FORM: F-6) , PAGE 2
STATION: BURNS OR
MONTH: JANUARY
YEAR: 2021
LATITUDE: 43 34 N
LONGITUDE: 118 57 W
[TEMPERATURE DATA] [PRECIPITATION DATA] SYMBOLS USED IN COLUMN 16
AVERAGE MONTHLY: 30.0 TOTAL FOR MONTH: 1.60 1 = FOG OR MIST
DPTR FM NORMAL: 5.2 DPTR FM NORMAL: 0.41 2 = FOG REDUCING VISIBILITY
HIGHEST: 49 ON 17 GRTST 24HR 0.78 ON 27-27 TO 1/4 MILE OR LESS
LOWEST: -5 ON 26 3 = THUNDER
SNOW, ICE PELLETS, HAIL 4 = ICE PELLETS
TOTAL MONTH: M 5 = HAIL
GRTST 24HR M ON M 6 = FREEZING RAIN OR DRIZZLE
GRTST DEPTH: M ON M 7 = DUSTSTORM OR SANDSTORM:
VSBY 1/2 MILE OR LESS
8 = SMOKE OR HAZE
[NO. OF DAYS WITH] [WEATHER - DAYS WITH] 9 = BLOWING SNOW
X = TORNADO
MAX 32 OR BELOW: 1 0.01 INCH OR MORE: 15
MAX 90 OR ABOVE: 0 0.10 INCH OR MORE: 6
MIN 32 OR BELOW: 30 0.50 INCH OR MORE: 0
MIN 0 OR BELOW: 1 1.00 INCH OR MORE: 0
[HDD (BASE 65) ]
TOTAL THIS MO. 1077 CLEAR (SCALE 0-3) 11
DPTR FM NORMAL -169 PTCLDY (SCALE 4-7) 13
TOTAL FM JUL 1 3986 CLOUDY (SCALE 8-10) 7
DPTR FM NORMAL -526
[CDD (BASE 65) ]
TOTAL THIS MO. 0
DPTR FM NORMAL 0 [PRESSURE DATA]
TOTAL FM JAN 1 0 HIGHEST SLP 30.63 ON 14
DPTR FM NORMAL 0 LOWEST SLP 29.59 ON 27
[REMARKS]
#FINAL-01-21#