000
CXUS54 KMAF 011210
CF6BPG
PRELIMINARY LOCAL CLIMATOLOGICAL DATA (WS FORM: F-6)
STATION: BIG SPRING MCMAHON-WRINKLE FI
MONTH: NOVEMBER
YEAR: 2021
LATITUDE: 32 12 N
LONGITUDE: 101 31 W
TEMPERATURE IN F: :PCPN: SNOW: WIND :SUNSHINE: SKY :PK WND
================================================================================
1 2 3 4 5 6A 6B 7 8 9 10 11 12 13 14 15 16 17 18
12Z AVG MX 2MIN
DY MAX MIN AVG DEP HDD CDD WTR SNW DPTH SPD SPD DIR MIN PSBL S-S WX SPD DR
================================================================================
1 71 47 59 M 6 0 M M M 8.6 14 80 M M 5 24 50
2 59 44 52 M 13 0 M M M 13.0 21 60 M M 9 1 26 50
3 46 42 44 M 21 0 0.02 M M 10.7 14 40 M M 10 1 M M
4 52 38 45 M 20 0 M M M 3.0 8 130 M M 8 M M
5 73 32 53 M 12 0 M M M 7.8 13 180 M M 1 1 20 180
6 79 44 62 M 3 0 M M M 10.0 13 160 M M 2 1 17 180
7 81 44 63 M 2 0 M M M 12.3 20 190 M M 0 22 180
8 81 49 65 M 0 0 M M M 13.3 21 180 M M 0 25 180
9 80 54 67 M 0 2 M M M 7.6 14 190 M M 0 M M
10 82 56 69 M 0 4 M M M 13.4 25 280 M M 0 30 280
11 69 43 56 M 9 0 M M M 7.3 12 80 M M 0 M M
12 64 39 52 M 13 0 M M M 10.5 25 50 M M 0 30 40
13 74 32 53 M 12 0 M M M 10.3 24 200 M M 0 28 200
14 71 39 55 M 10 0 M M M 8.6 22 30 M M 0 33 30
15 85 36 61 M 4 0 M M M 7.3 14 170 M M 0 20 230
16 85 47 66 M 0 1 M M M 12.9 21 220 M M 0 25 210
17 73 45 59 M 6 0 M M M 13.6 20 40 M M 0 28 40
18 58 38 48 M 17 0 M M M 11.3 22 40 M M 0 30 40
19 70 33 52 M 13 0 M M M 11.9 20 180 M M 0 25 200
20 82 45 64 M 1 0 M M M 12.6 21 180 M M 0 24 180
21 62 47 55 M 10 0 M M M 12.1 22 20 M M 0 28 350
22 67 28 48 M 17 0 M M M 4.1 9 230 M M 0 M M
23 75 38 57 M 8 0 M M M 14.0 21 190 M M 0 25 190
24 75 55 65 M 0 0 M M M 12.8 22 40 M M 1 29 40
25 56 37 47 M 18 0 M M M 15.3 26 30 M M 0 33 40
26 64 30 47 M 18 0 M M M 5.4 13 190 M M 0 M M
27 67 48 58 M 7 0 0.01 M M 7.8 12 20 M M 8 M M
28 66 41 54 M 11 0 M M M 6.0 12 50 M M 0 M M
29 77 35 56 M 9 0 M M M 9.2 15 220 M M 0 17 220
30 78 39 59 M 6 0 M M M 8.0 14 240 M M 0 20 220
================================================================================
SM 2122 1245 266 7 0.03 M 300.8 M 44
================================================================================
AV 70.7 41.5 10.0 FASTST M M 1 MAX(MPH)
MISC ----> 26 30 # 33 30
================================================================================
NOTES:
# LAST OF SEVERAL OCCURRENCES
COLUMN 17 PEAK WIND IN M.P.H.
PRELIMINARY LOCAL CLIMATOLOGICAL DATA (WS FORM: F-6) , PAGE 2
STATION: BIG SPRING MCMAHON-WRINKLE FI
MONTH: NOVEMBER
YEAR: 2021
LATITUDE: 32 12 N
LONGITUDE: 101 31 W
[TEMPERATURE DATA] [PRECIPITATION DATA] SYMBOLS USED IN COLUMN 16
AVERAGE MONTHLY: 56.1 TOTAL FOR MONTH: 0.03 1 = FOG OR MIST
DPTR FM NORMAL: 0.0 DPTR FM NORMAL: M 2 = FOG REDUCING VISIBILITY
HIGHEST: 85 ON 16,15 GRTST 24HR 0.02 ON 3- 3 TO 1/4 MILE OR LESS
LOWEST: 28 ON 22 3 = THUNDER
SNOW, ICE PELLETS, HAIL 4 = ICE PELLETS
TOTAL MONTH: M 5 = HAIL
GRTST 24HR M ON M 6 = FREEZING RAIN OR DRIZZLE
GRTST DEPTH: M ON M 7 = DUSTSTORM OR SANDSTORM:
VSBY 1/2 MILE OR LESS
8 = SMOKE OR HAZE
[NO. OF DAYS WITH] [WEATHER - DAYS WITH] 9 = BLOWING SNOW
X = TORNADO
MAX 32 OR BELOW: 0 0.01 INCH OR MORE: 2
MAX 90 OR ABOVE: 0 0.10 INCH OR MORE: 0
MIN 32 OR BELOW: 4 0.50 INCH OR MORE: 0
MIN 0 OR BELOW: 0 1.00 INCH OR MORE: 0
[HDD (BASE 65) ]
TOTAL THIS MO. 266 CLEAR (SCALE 0-3) 25
DPTR FM NORMAL M PTCLDY (SCALE 4-7) 2
TOTAL FM JUL 1 320 CLOUDY (SCALE 8-10) 3
DPTR FM NORMAL M
[CDD (BASE 65) ]
TOTAL THIS MO. 7
DPTR FM NORMAL M [PRESSURE DATA]
TOTAL FM JAN 1 2332 HIGHEST SLP M ON M
DPTR FM NORMAL M LOWEST SLP M ON M
[REMARKS]
#FINAL-11-21#