000
CXUS54 KBRO 010800
CF6BRO
PRELIMINARY LOCAL CLIMATOLOGICAL DATA (WS FORM: F-6)
STATION: BROWNSVILLE
MONTH: MARCH
YEAR: 2023
LATITUDE: 25 53 N
LONGITUDE: 97 26 W
TEMPERATURE IN F: :PCPN: SNOW: WIND :SUNSHINE: SKY :PK WND
================================================================================
1 2 3 4 5 6A 6B 7 8 9 10 11 12 13 14 15 16 17 18
12Z AVG MX 2MIN
DY MAX MIN AVG DEP HDD CDD WTR SNW DPTH SPD SPD DIR MIN PSBL S-S WX SPD DR
================================================================================
1 89 73 81 12 0 16 0.00 0.0 0 20.5 30 160 M M 6 1 40 160
2 91 73 82 13 0 17 0.00 0.0 0 17.9 28 150 M M 5 18 35 150
3 82 56 69 0 0 4 0.00 0.0 0 10.4 24 330 M M 1 46 320
4 81 52 67 -2 0 2 0.00 0.0 0 5.4 18 80 M M 0 24 100
5 84 56 70 1 0 5 0.00 0.0 0 7.7 17 120 M M 2 1 24 110
6 86 69 78 8 0 13 0.00 0.0 0 10.8 20 150 M M 5 1 26 150
7 87 71 79 9 0 14 0.00 0.0 0 13.5 28 160 M M 4 36 150
8 88 69 79 9 0 14 0.00 0.0 0 12.9 25 150 M M 4 1 35 150
9 85 69 77 7 0 12 0.00 0.0 0 13.5 25 150 M M 4 1 36 160
10 87 66 77 7 0 12 0.00 0.0 0 8.0 18 130 M M 4 12 24 120
11 89 68 79 9 0 14 0.00 0.0 0 15.4 28 150 M M 2 1 36 150
12 96 71 84 14 0 19 0.00 0.0 0 11.2 25 190 M M 0 32 190
13 79 67 73 2 0 8 0.02 0.0 0 12.7 21 40 M M 8 3 29 30
14 75 67 71 0 0 6 0.09 0.0 0 11.9 22 70 M M 10 1 32 80
15 81 68 75 4 0 10 0.00 0.0 0 15.4 24 100 M M 9 33 110
16 86 72 79 8 0 14 0.00 0.0 0 22.9 36 170 M M 7 48 180
17 75 54 65 -6 0 0 0.05 0.0 0 14.8 26 330 M M 4 47 20
18 61 50 56 -16 9 0 0.00 0.0 0 13.5 24 350 M M 9 36 10
19 58 45 52 -20 13 0 0.07 0.0 0 10.9 22 360 M M 10 33 40
20 68 52 60 -12 5 0 T 0.0 0 8.1 20 140 M M 10 27 140
21 82 66 74 2 0 9 0.07 0.0 0 15.0 29 160 M M 9 1 38 170
22 85 69 77 5 0 12 0.00 0.0 0 17.7 30 150 M M 5 39 160
23 88 73 81 9 0 16 0.00 0.0 0 22.7 37 170 M M 6 47 160
24 92 73 83 10 0 18 0.00 0.0 0 20.7 39 180 M M 6 55 180
25 84 69 77 4 0 12 0.00 0.0 0 9.0 18 40 M M 6 18 27 50
26 85 69 77 4 0 12 0.00 0.0 0 9.9 18 160 M M 9 1 24 160
27 87 71 79 6 0 14 0.00 0.0 0 8.1 18 120 M M 9 12 23 130
28 80 65 73 -1 0 8 0.85 0.0 M 9.2 22 20 M M 10 138 34 10
29 70 59 65 -9 0 0 T 0.0 M 9.3 15 330 M M 10 3 23 350
30 84 63 74 0 0 9 0.00 0.0 0 12.6 28 150 M M 7 18 35 160
31 89 72 81 7 0 16 0.00 0.0 0 14.8 26 170 M M 5 1 35 160
================================================================================
SM 2554 2017 27 306 1.15 0.0 406.4 M 186
================================================================================
AV 82.4 65.1 13.1 FASTST M M 6 MAX(MPH)
MISC ----> 39 180 55 180
================================================================================
NOTES:
# LAST OF SEVERAL OCCURRENCES
COLUMN 17 PEAK WIND IN M.P.H.
PRELIMINARY LOCAL CLIMATOLOGICAL DATA (WS FORM: F-6) , PAGE 2
STATION: BROWNSVILLE
MONTH: MARCH
YEAR: 2023
LATITUDE: 25 53 N
LONGITUDE: 97 26 W
[TEMPERATURE DATA] [PRECIPITATION DATA] SYMBOLS USED IN COLUMN 16
AVERAGE MONTHLY: 73.7 TOTAL FOR MONTH: 1.15 1 = FOG OR MIST
DPTR FM NORMAL: 2.4 DPTR FM NORMAL: -0.30 2 = FOG REDUCING VISIBILITY
HIGHEST: 96 ON 12 GRTST 24HR 0.85 ON 28-28 TO 1/4 MILE OR LESS
LOWEST: 45 ON 19 3 = THUNDER
SNOW, ICE PELLETS, HAIL 4 = ICE PELLETS
TOTAL MONTH: 0.0 INCH 5 = HAIL
GRTST 24HR 0.0 6 = FREEZING RAIN OR DRIZZLE
GRTST DEPTH: 0 7 = DUSTSTORM OR SANDSTORM:
VSBY 1/2 MILE OR LESS
8 = SMOKE OR HAZE
[NO. OF DAYS WITH] [WEATHER - DAYS WITH] 9 = BLOWING SNOW
X = TORNADO
MAX 32 OR BELOW: 0 0.01 INCH OR MORE: 6
MAX 90 OR ABOVE: 3 0.10 INCH OR MORE: 1
MIN 32 OR BELOW: 0 0.50 INCH OR MORE: 1
MIN 0 OR BELOW: 0 1.00 INCH OR MORE: 0
[HDD (BASE 65) ]
TOTAL THIS MO. 27 CLEAR (SCALE 0-3) 5
DPTR FM NORMAL -2 PTCLDY (SCALE 4-7) 15
TOTAL FM JUL 1 472 CLOUDY (SCALE 8-10) 11
DPTR FM NORMAL 55
[CDD (BASE 65) ]
TOTAL THIS MO. 306
DPTR FM NORMAL 81 [PRESSURE DATA]
TOTAL FM JAN 1 594 HIGHEST SLP M ON M
DPTR FM NORMAL 174 LOWEST SLP 29.39 ON 2
[REMARKS]
#FINAL-03-23#