000
CXUS54 KBRO 010900
CF6BRO
PRELIMINARY LOCAL CLIMATOLOGICAL DATA (WS FORM: F-6)
STATION: BROWNSVILLE
MONTH: DECEMBER
YEAR: 2021
LATITUDE: 25 53 N
LONGITUDE: 97 26 W
TEMPERATURE IN F: :PCPN: SNOW: WIND :SUNSHINE: SKY :PK WND
================================================================================
1 2 3 4 5 6A 6B 7 8 9 10 11 12 13 14 15 16 17 18
12Z AVG MX 2MIN
DY MAX MIN AVG DEP HDD CDD WTR SNW DPTH SPD SPD DIR MIN PSBL S-S WX SPD DR
================================================================================
1 84 57 71 4 0 6 0.00 0.0 0 2.6 10 110 M M 1 1 17 140
2 85 65 75 8 0 10 0.00 0.0 0 3.0 13 130 M M 3 12 17 130
3 86 64 75 8 0 10 0.00 0.0 0 8.1 18 150 M M 3 12 24 170
4 86 69 78 12 0 13 0.00 0.0 0 9.0 18 150 M M 2 24 160
5 88 72 80 14 0 15 0.00 0.0 0 12.7 24 160 M M 2 32 160
6 88 65 77 11 0 12 0.17 0.0 0 10.4 23 360 M M 6 1 33 360
7 67 61 64 -2 1 0 0.00 0.0 0 5.8 15 320 M M 10 21 320
8 78 60 69 3 0 4 0.00 0.0 0 5.2 13 60 M M 5 18 17 50
9 88 73 81 15 0 16 0.00 0.0 0 13.3 26 180 M M 7 1 36 180
10 86 76 81 16 0 16 0.00 0.0 0 18.4 36 170 M M 8 49 170
11 82 58 70 5 0 5 T 0.0 0 11.8 29 360 M M 9 53 350
12 72 50 61 -4 4 0 0.00 0.0 0 9.5 15 20 M M 8 24 330
13 84 65 75 10 0 10 0.00 0.0 0 6.0 12 100 M M 5 16 130
14 86 69 78 13 0 13 0.00 0.0 0 9.9 20 150 M M 2 1 25 130
15 84 73 79 15 0 14 0.03 0.0 0 14.2 32 170 M M 5 8 43 160
16 86 74 80 16 0 15 0.00 0.0 0 13.8 25 160 M M 3 1 36 150
17 83 72 78 14 0 13 0.02 0.0 0 11.6 25 150 M M 5 32 150
18 85 67 76 12 0 11 T 0.0 0 9.8 21 20 M M 6 138 32 30
19 67 47 57 -7 8 0 0.86 0.0 0 14.4 22 340 M M 10 1 33 320
20 67 48 58 -6 7 0 0.24 0.0 0 8.3 18 330 M M 6 1 28 330
21 72 48 60 -4 5 0 0.00 0.0 0 4.6 13 70 M M 0 1 16 50
22 79 48 64 1 1 0 0.00 0.0 0 6.5 17 190 M M 1 12 25 170
23 81 61 71 8 0 6 0.00 0.0 0 10.7 23 150 M M 2 32 170
24 82 65 74 11 0 9 0.00 0.0 0 13.9 29 170 M M 2 38 160
25 83 69 76 13 0 11 0.00 0.0 0 13.9 26 170 M M 0 38 170
26 84 66 75 12 0 10 0.00 0.0 0 13.8 29 180 M M 1 36 180
27 85 70 78 15 0 13 0.00 0.0 0 14.5 28 170 M M 3 39 170
28 84 72 78 15 0 13 0.00 0.0 0 13.8 30 180 M M 3 18 43 170
29 87 69 78 15 0 13 0.00 0.0 0 7.4 16 200 M M 6 128 22 160
30 85 70 78 15 0 13 0.00 0.0 0 4.3 13 130 M M 6 18 17 130
31 87 72 80 18 0 15 0.00 0.0 0 18.7 33 170 M M 7 1 44 180
================================================================================
SM 2541 1995 26 286 1.32 0.0 319.9 M 137
================================================================================
AV 82.0 64.4 10.3 FASTST M M 4 MAX(MPH)
MISC ----> 36 170 53 350
================================================================================
NOTES:
# LAST OF SEVERAL OCCURRENCES
COLUMN 17 PEAK WIND IN M.P.H.
PRELIMINARY LOCAL CLIMATOLOGICAL DATA (WS FORM: F-6) , PAGE 2
STATION: BROWNSVILLE
MONTH: DECEMBER
YEAR: 2021
LATITUDE: 25 53 N
LONGITUDE: 97 26 W
[TEMPERATURE DATA] [PRECIPITATION DATA] SYMBOLS USED IN COLUMN 16
AVERAGE MONTHLY: 73.2 TOTAL FOR MONTH: 1.32 1 = FOG OR MIST
DPTR FM NORMAL: 8.8 DPTR FM NORMAL: 0.11 2 = FOG REDUCING VISIBILITY
HIGHEST: 88 ON 9, 6 GRTST 24HR 1.10 ON 19-20 TO 1/4 MILE OR LESS
LOWEST: 47 ON 19 3 = THUNDER
SNOW, ICE PELLETS, HAIL 4 = ICE PELLETS
TOTAL MONTH: 0.0 INCH 5 = HAIL
GRTST 24HR 0.0 6 = FREEZING RAIN OR DRIZZLE
GRTST DEPTH: 0 7 = DUSTSTORM OR SANDSTORM:
VSBY 1/2 MILE OR LESS
8 = SMOKE OR HAZE
[NO. OF DAYS WITH] [WEATHER - DAYS WITH] 9 = BLOWING SNOW
X = TORNADO
MAX 32 OR BELOW: 0 0.01 INCH OR MORE: 5
MAX 90 OR ABOVE: 0 0.10 INCH OR MORE: 3
MIN 32 OR BELOW: 0 0.50 INCH OR MORE: 1
MIN 0 OR BELOW: 0 1.00 INCH OR MORE: 0
[HDD (BASE 65) ]
TOTAL THIS MO. 26 CLEAR (SCALE 0-3) 12
DPTR FM NORMAL -97 PTCLDY (SCALE 4-7) 15
TOTAL FM JUL 1 37 CLOUDY (SCALE 8-10) 4
DPTR FM NORMAL -134
[CDD (BASE 65) ]
TOTAL THIS MO. 286
DPTR FM NORMAL 180 [PRESSURE DATA]
TOTAL FM JAN 1 4677 HIGHEST SLP 30.28 ON 12
DPTR FM NORMAL 133 LOWEST SLP 29.62 ON 28
[REMARKS]
#FINAL-12-21#