000
CXAK56 PAFG 050115
CF6BRW
PRELIMINARY LOCAL CLIMATOLOGICAL DATA (WS FORM: F-6)
STATION: UTQIAGVIK (BARROW) AK
MONTH: JANUARY
YEAR: 2021
LATITUDE: 71 17 N
LONGITUDE: 156 47 W
TEMPERATURE IN F: :PCPN: SNOW: WIND :SUNSHINE: SKY :PK WND
================================================================================
1 2 3 4 5 6A 6B 7 8 9 10 11 12 13 14 15 16 17 18
12Z AVG MX 2MIN
DY MAX MIN AVG DEP HDD CDD WTR SNW DPTH SPD SPD DIR MIN PSBL S-S WX SPD DR
================================================================================
1 -6 -17 -11 0 76 0 T M M 11.5 18 50 M M 5 168 27 60
2 -3 -18 -10 1 75 0 T M M 8.1 15 50 M M 9 168 20 50
3 2 -5 -1 11 66 0 T M M 7.4 14 50 M M 10 18 16 60
4 -5 -25 -15 -3 80 0 0.00 M M 6.0 12 60 M M 9 18 15 360
5 -9 -27 -18 -6 83 0 T M M 6.3 13 60 M M 7 128 18 70
6 -7 -16 -11 1 76 0 T M M 7.8 15 50 M M 8 128 20 60
7 -6 -15 -10 2 75 0 M M M 5.3 13 60 M M 8 18 18 70
8 -1 -9 -5 8 70 0 M M M 6.3 15 60 M M 9 8 18 70
9 7 -11 -2 11 67 0 0.00 M M 4.8 10 180 M M 9 12 180
10 5 2 4 17 61 0 T M M 8.8 22 60 M M 10 189 26 60
11 4 0 2 15 63 0 T M M 21.5 30 60 M M 10 689 34 60
12 3 -3 0 13 65 0 T M M 25.6 33 60 M M 4 89 40 70
13 -1 -12 -6 7 71 0 T M M 20.3 32 70 M M 1 89 40 60
14 -9 -13 -11 3 76 0 0.00 M M 14.7 17 50 M M 0 8 22 50
15 -5 -11 -8 6 73 0 T M M 16.9 28 60 M M 4 689 34 50
16 2 -6 -2 12 67 0 T M M 19.9 26 50 M M 10 89 31 50
17 2 -5 -1 13 66 0 0.00 M M 14.7 22 80 M M 9 8 24 80
18 1 -5 -2 12 67 0 T M M 17.5 25 70 M M 9 8 29 60
19 2 -5 -1 13 66 0 0.01 M M 20.5 30 70 M M 10 89 34 70
20 -2 -15 -8 6 73 0 T M M 11.8 17 130 M M 10 8 20 120
21 2 -15 -6 8 71 0 0.01 M M 20.2 32 100 M M 9 89 40 90
22 9 2 6 20 59 0 0.01 M M 25.1 32 110 M M 10 189 39 110
23 8 -1 4 18 61 0 0.01 M M 20.1 26 80 M M 5 189 37 80
24 0 -6 -3 11 68 0 T M M 16.2 25 80 M M 0 18 31 70
25 -3 -12 -7 7 72 0 0.00 M M 11.5 18 60 M M 2 18 25 50
26 -7 -22 -14 0 79 0 0.00 M M 6.5 14 70 M M 8 128 20 80
27 -7 -15 -11 3 76 0 T M M 4.9 8 70 M M 9 18 11 80
28 -6 -19 -12 2 77 0 0.00 M M 8.3 13 60 M M 7 8 19 80
29 -10 -21 -15 -1 80 0 M M M 9.2 13 40 M M 6 8 18 30
30 -4 -21 -12 2 77 0 M M M 8.2 14 360 M M 10 8 17 350
31 -13 -22 -17 -3 82 0 0.00 M M 9.1 15 60 M M 6 8 18 80
================================================================================
SM -57 -368 2218 0 0.04 M 395.0 M 223
================================================================================
AV -1.8-11.9 12.7 FASTST M M 7 MAX(MPH)
MISC ----> 33 60 # 40 60
================================================================================
NOTES:
# LAST OF SEVERAL OCCURRENCES
COLUMN 17 PEAK WIND IN M.P.H.
PRELIMINARY LOCAL CLIMATOLOGICAL DATA (WS FORM: F-6) , PAGE 2
STATION: UTQIAGVIK (BARROW) AK
MONTH: JANUARY
YEAR: 2021
LATITUDE: 71 17 N
LONGITUDE: 156 47 W
[TEMPERATURE DATA] [PRECIPITATION DATA] SYMBOLS USED IN COLUMN 16
AVERAGE MONTHLY: -6.9 TOTAL FOR MONTH: 0.04 1 = FOG OR MIST
DPTR FM NORMAL: 6.5 DPTR FM NORMAL: -0.09 2 = FOG REDUCING VISIBILITY
HIGHEST: 9 ON 22 GRTST 24HR 0.22 ON 22-22 TO 1/4 MILE OR LESS
LOWEST: -27 ON 5 3 = THUNDER
SNOW, ICE PELLETS, HAIL 4 = ICE PELLETS
TOTAL MONTH: M 5 = HAIL
GRTST 24HR M ON M 6 = FREEZING RAIN OR DRIZZLE
GRTST DEPTH: M ON M 7 = DUSTSTORM OR SANDSTORM:
VSBY 1/2 MILE OR LESS
8 = SMOKE OR HAZE
[NO. OF DAYS WITH] [WEATHER - DAYS WITH] 9 = BLOWING SNOW
X = TORNADO
MAX 32 OR BELOW: 31 0.01 INCH OR MORE: 4
MAX 90 OR ABOVE: 0 0.10 INCH OR MORE: 0
MIN 32 OR BELOW: 31 0.50 INCH OR MORE: 0
MIN 0 OR BELOW: 29 1.00 INCH OR MORE: 0
[HDD (BASE 65) ]
TOTAL THIS MO. 2218 CLEAR (SCALE 0-3) 4
DPTR FM NORMAL -212 PTCLDY (SCALE 4-7) 10
TOTAL FM JUL 1 9461 CLOUDY (SCALE 8-10) 17
DPTR FM NORMAL -1177
[CDD (BASE 65) ]
TOTAL THIS MO. 0
DPTR FM NORMAL 0 [PRESSURE DATA]
TOTAL FM JAN 1 0 HIGHEST SLP 30.99 ON 31
DPTR FM NORMAL 0 LOWEST SLP 29.30 ON 6
[REMARKS]
#FINAL-01-21#