000
CXUS53 KGRR 012306
CF6BTL
PRELIMINARY LOCAL CLIMATOLOGICAL DATA (WS FORM: F-6)
STATION: BATTLE CREEK
MONTH: MAY
YEAR: 2021
LATITUDE: 42 17 N
LONGITUDE: 85 14 W
TEMPERATURE IN F: :PCPN: SNOW: WIND :SUNSHINE: SKY :PK WND
================================================================================
1 2 3 4 5 6A 6B 7 8 9 10 11 12 13 14 15 16 17 18
12Z AVG MX 2MIN
DY MAX MIN AVG DEP HDD CDD WTR SNW DPTH SPD SPD DIR MIN PSBL S-S WX SPD DR
================================================================================
1 73 31 52 -2 13 0 0.00 M M 13.7 30 210 M M 1 46 210
2 82 59 71 17 0 6 0.00 M M 16.9 28 200 M M 3 36 220
3 66 56 61 6 4 0 0.12 M M 6.4 23 210 M M 10 1 31 200
4 63 48 56 1 9 0 0.07 M M 11.5 21 300 M M 9 1 27 280
5 58 40 49 -6 16 0 0.00 M M 10.0 21 310 M M 4 27 310
6 50 37 44 -12 21 0 M M M M M M M M 8 1 M M
7 57 34 46 -10 19 0 T M M 9.1 23 290 M M 6 12 31 300
8 55 33 44 -12 21 0 0.00 M M 7.7 16 290 M M 1 21 290
9 57 40 49 -8 16 0 T M M 5.6 20 50 M M 6 28 50
10 54 33 44 -13 21 0 T M M 7.3 18 290 M M 6 26 260
11 56 30 43 -15 22 0 0.00 M M 9.0 22 300 M M 3 29 310
12 65 33 49 -9 16 0 0.00 M M 5.3 14 320 M M 1 18 330
13 68 35 52 -6 13 0 0.00 M M 3.5 13 290 M M 0 19 230
14 73 35 54 -5 11 0 0.00 M M 2.3 16 300 M M 1 20 310
15 71 41 56 -3 9 0 0.02 M M 5.7 20 200 M M 4 27 190
16 72 51 62 2 3 0 0.04 M M 4.9 13 200 M M 7 18 19 180
17 76 53 65 5 0 0 0.00 M M 6.0 16 160 M M 1 22 150
18 81 48 65 5 0 0 0.00 M M 6.9 17 160 M M 1 1 23 190
19 82 62 72 12 0 7 T M M 9.8 22 180 M M 3 33 200
20 87 66 77 16 0 12 0.00 M M 7.2 18 200 M M 4 8 26 160
21 87 64 76 15 0 11 0.00 M M 9.7 22 200 M M 1 36 220
22 86 66 76 14 0 11 T M M 7.7 17 250 M M 4 24 250
23 80 60 70 8 0 5 T M M 8.9 14 40 M M 6 19 280
24 86 58 72 10 0 7 T M M 6.6 16 240 M M 6 18 24 240
25 90 67 79 16 0 14 0.03 M M 12.4 29 230 M M 4 41 260
26 77 59 68 5 0 3 0.21 M M 11.2 22 290 M M 5 1 29 300
27 67 45 56 -7 9 0 T M M 10.7 20 70 M M 3 30 100
28 49 41 45 -19 20 0 0.17 M M 15.9 25 60 M M 10 18 40 50
29 65 36 51 -13 14 0 0.00 M M 11.0 21 30 M M 0 32 30
30 71 36 54 -10 11 0 0.00 M M 2.8 13 290 M M 0 17 310
31 69 48 59 -6 6 0 0.00 M M 5.4 14 200 M M 2 17 210
================================================================================
SM 2173 1445 274 76 0.66 M 251.1 M 120
================================================================================
AV 70.1 46.6 8.4 FASTST M M 4 MAX(MPH)
MISC ----> 30 210 46 210
================================================================================
NOTES:
# LAST OF SEVERAL OCCURRENCES
COLUMN 17 PEAK WIND IN M.P.H.
PRELIMINARY LOCAL CLIMATOLOGICAL DATA (WS FORM: F-6) , PAGE 2
STATION: BATTLE CREEK
MONTH: MAY
YEAR: 2021
LATITUDE: 42 17 N
LONGITUDE: 85 14 W
[TEMPERATURE DATA] [PRECIPITATION DATA] SYMBOLS USED IN COLUMN 16
AVERAGE MONTHLY: 58.4 TOTAL FOR MONTH: 0.66 1 = FOG OR MIST
DPTR FM NORMAL: -1.0 DPTR FM NORMAL: -3.06 2 = FOG REDUCING VISIBILITY
HIGHEST: 90 ON 25 GRTST 24HR 0.23 ON 25-26 TO 1/4 MILE OR LESS
LOWEST: 30 ON 11 3 = THUNDER
SNOW, ICE PELLETS, HAIL 4 = ICE PELLETS
TOTAL MONTH: M 5 = HAIL
GRTST 24HR M ON M 6 = FREEZING RAIN OR DRIZZLE
GRTST DEPTH: M ON M 7 = DUSTSTORM OR SANDSTORM:
VSBY 1/2 MILE OR LESS
8 = SMOKE OR HAZE
[NO. OF DAYS WITH] [WEATHER - DAYS WITH] 9 = BLOWING SNOW
X = TORNADO
MAX 32 OR BELOW: 0 0.01 INCH OR MORE: 7
MAX 90 OR ABOVE: 1 0.10 INCH OR MORE: 3
MIN 32 OR BELOW: 2 0.50 INCH OR MORE: 0
MIN 0 OR BELOW: 0 1.00 INCH OR MORE: 0
[HDD (BASE 65) ]
TOTAL THIS MO. 274 CLEAR (SCALE 0-3) 12
DPTR FM NORMAL 56 PTCLDY (SCALE 4-7) 16
TOTAL FM JUL 1 6005 CLOUDY (SCALE 8-10) 3
DPTR FM NORMAL -366
[CDD (BASE 65) ]
TOTAL THIS MO. 76
DPTR FM NORMAL 32 [PRESSURE DATA]
TOTAL FM JAN 1 80 HIGHEST SLP 30.48 ON 12
DPTR FM NORMAL 31 LOWEST SLP 29.58 ON 4
[REMARKS]
#FINAL-05-21#