000
CXUS54 KLIX 010810
CF6BTR
PRELIMINARY LOCAL CLIMATOLOGICAL DATA (WS FORM: F-6)
STATION: BATON ROUGE
MONTH: OCTOBER
YEAR: 2023
LATITUDE: 30 31 N
LONGITUDE: 91 9 W
TEMPERATURE IN F: :PCPN: SNOW: WIND :SUNSHINE: SKY :PK WND
================================================================================
1 2 3 4 5 6A 6B 7 8 9 10 11 12 13 14 15 16 17 18
12Z AVG MX 2MIN
DY MAX MIN AVG DEP HDD CDD WTR SNW DPTH SPD SPD DIR MIN PSBL S-S WX SPD DR
================================================================================
1 95 68 82 7 0 17 0.00 0.0 M 7.5 20 100 M M 0 25 30
2 93 65 79 4 0 14 0.00 0.0 M 7.6 20 60 M M 0 27 70
3 93 66 80 6 0 15 0.00 0.0 M 8.5 18 110 M M 2 29 160
4 93 66 80 6 0 15 0.00 0.0 M 6.8 16 170 M M 0 18 26 150
5 92 73 83 9 0 18 0.04 0.0 M 5.5 15 280 M M 4 8 22 330
6 88 72 80 7 0 15 0.00 0.0 M 6.8 15 360 M M 3 22 360
7 82 59 71 -2 0 6 0.00 0.0 M 8.1 18 30 M M 0 30 50
8 80 49 65 -7 0 0 0.00 0.0 M 4.5 14 100 M M 0 19 30
9 85 47 66 -6 0 1 0.00 0.0 M 5.2 14 220 M M 0 8 18 240
10 82 57 70 -2 0 5 0.00 0.0 M 1.9 9 160 M M 0 12 190
11 69 60 65 -6 0 0 1.43 0.0 M 9.8 22 80 M M 9 1 31 80
12 81 60 71 0 0 6 0.00 0.0 M 4.8 13 60 M M 6 16 50
13 88 61 75 4 0 10 0.00 0.0 M 2.0 9 280 M M 4 14 300
14 79 59 69 -1 0 4 0.00 0.0 M 7.4 17 280 M M 1 26 300
15 72 53 63 -7 2 0 0.00 0.0 M 7.1 18 340 M M 5 27 330
16 71 49 60 -10 5 0 0.00 0.0 M 5.8 18 360 M M 1 27 280
17 76 45 61 -8 4 0 0.00 0.0 M 2.7 13 270 M M 0 8 16 290
18 78 47 63 -6 2 0 0.00 0.0 M 4.1 15 190 M M 0 8 22 180
19 84 53 69 1 0 4 0.00 0.0 M 7.0 15 220 M M 2 1 20 210
20 90 64 77 9 0 12 0.00 0.0 M 7.9 14 280 M M 2 128 19 270
21 91 55 73 5 0 8 0.00 0.0 M 3.0 12 140 M M 0 15 140
22 88 62 75 8 0 10 0.00 0.0 M 1.8 7 180 M M 3 12 10 230
23 89 58 74 7 0 9 0.00 0.0 M 5.7 14 170 M M 1 128 18 150
24 88 66 77 11 0 12 0.00 0.0 M 9.8 17 100 M M 6 1 27 120
25 89 67 78 12 0 13 0.00 0.0 M 9.7 21 110 M M 2 29 110
26 88 68 78 12 0 13 0.00 0.0 M 8.4 17 130 M M 4 1 26 170
27 89 69 79 14 0 14 T 0.0 M 5.0 10 130 M M 4 1 15 100
28 88 66 77 12 0 12 0.00 0.0 M 6.1 15 110 M M 3 12 20 110
29 89 66 78 13 0 13 0.00 0.0 M 5.9 14 160 M M 5 12 19 140
30 70 48 59 -5 6 0 T M M 8.8 17 10 M M 8 1 28 20
31 60 44 52 -12 13 0 T M M 9.2 17 10 M M 6 1 26 10
================================================================================
SM 2600 1842 32 246 1.47 0.0 194.4 M 81
================================================================================
AV 83.9 59.4 6.3 FASTST M M 3 MAX(MPH)
MISC ----> 22 80 31 80
================================================================================
NOTES:
# LAST OF SEVERAL OCCURRENCES
COLUMN 17 PEAK WIND IN M.P.H.
PRELIMINARY LOCAL CLIMATOLOGICAL DATA (WS FORM: F-6) , PAGE 2
STATION: BATON ROUGE
MONTH: OCTOBER
YEAR: 2023
LATITUDE: 30 31 N
LONGITUDE: 91 9 W
[TEMPERATURE DATA] [PRECIPITATION DATA] SYMBOLS USED IN COLUMN 16
AVERAGE MONTHLY: 71.6 TOTAL FOR MONTH: 1.47 1 = FOG OR MIST
DPTR FM NORMAL: 2.1 DPTR FM NORMAL: -3.37 2 = FOG REDUCING VISIBILITY
HIGHEST: 95 ON 1 GRTST 24HR 1.43 ON 11-11 TO 1/4 MILE OR LESS
LOWEST: 44 ON 31 3 = THUNDER
SNOW, ICE PELLETS, HAIL 4 = ICE PELLETS
TOTAL MONTH: 0.0 INCH 5 = HAIL
GRTST 24HR 0.0 6 = FREEZING RAIN OR DRIZZLE
GRTST DEPTH: M ON M 7 = DUSTSTORM OR SANDSTORM:
VSBY 1/2 MILE OR LESS
8 = SMOKE OR HAZE
[NO. OF DAYS WITH] [WEATHER - DAYS WITH] 9 = BLOWING SNOW
X = TORNADO
MAX 32 OR BELOW: 0 0.01 INCH OR MORE: 2
MAX 90 OR ABOVE: 7 0.10 INCH OR MORE: 1
MIN 32 OR BELOW: 0 0.50 INCH OR MORE: 1
MIN 0 OR BELOW: 0 1.00 INCH OR MORE: 1
[HDD (BASE 65) ]
TOTAL THIS MO. 32 CLEAR (SCALE 0-3) 17
DPTR FM NORMAL -13 PTCLDY (SCALE 4-7) 13
TOTAL FM JUL 1 32 CLOUDY (SCALE 8-10) 1
DPTR FM NORMAL -13
[CDD (BASE 65) ]
TOTAL THIS MO. 246
DPTR FM NORMAL 62 [PRESSURE DATA]
TOTAL FM JAN 1 3801 HIGHEST SLP M ON M
DPTR FM NORMAL 1047 LOWEST SLP 29.58 ON 11
[REMARKS]
#FINAL-10-23#