000
CXUS51 KBUF 010905
CF6BUF
PRELIMINARY LOCAL CLIMATOLOGICAL DATA (WS FORM: F-6)
STATION: BUFFALO NY
MONTH: JUNE
YEAR: 2020
LATITUDE: 42 55 N
LONGITUDE: 78 44 W
TEMPERATURE IN F: :PCPN: SNOW: WIND :SUNSHINE: SKY :PK WND
================================================================================
1 2 3 4 5 6A 6B 7 8 9 10 11 12 13 14 15 16 17 18
12Z AVG MX 2MIN
DY MAX MIN AVG DEP HDD CDD WTR SNW DPTH SPD SPD DIR MIN PSBL S-S WX SPD DR
================================================================================
1 61 48 55 -7 10 0 0.00 0.0 0 12.5 25 240 M M 6 32 240
2 69 53 61 -1 4 0 1.04 0.0 0 12.2 31 330 M M 8 135 45 320
3 68 56 62 -1 3 0 0.59 0.0 0 11.5 22 260 M M 6 13 26 260
4 80 52 66 3 0 1 0.00 0.0 0 9.9 21 260 M M 5 26 230
5 77 60 69 6 0 4 0.00 0.0 0 8.5 14 210 M M 5 18 220
6 74 58 66 2 0 1 0.00 0.0 0 10.0 18 240 M M 5 3 24 240
7 68 53 61 -3 4 0 0.00 0.0 0 6.8 16 330 M M 5 23 330
8 77 49 63 -1 2 0 0.00 0.0 0 3.3 12 240 M M 1 16 280
9 85 59 72 7 0 7 0.00 0.0 0 6.7 14 240 M M 3 8 19 220
10 90 67 79 14 0 14 0.76 0.0 0 13.0 36 270 M M 5 13 55 260
11 71 61 66 1 0 1 T 0.0 0 18.9 31 240 M M 3 44 230
12 66 49 58 -8 7 0 0.00 0.0 0 11.1 21 250 M M 4 27 250
13 63 45 54 -12 11 0 0.00 0.0 0 6.7 15 50 M M 2 20 50
14 66 42 54 -12 11 0 0.00 0.0 0 10.1 18 40 M M 5 24 40
15 73 48 61 -5 4 0 0.00 0.0 0 7.4 21 20 M M 1 26 10
16 81 48 65 -2 0 0 0.00 0.0 0 6.0 17 340 M M 1 21 330
17 83 57 70 3 0 5 0.00 0.0 0 6.2 16 360 M M 2 21 340
18 87 64 76 9 0 11 T 0.0 0 6.2 17 30 M M 5 21 20
19 83 66 75 8 0 10 T 0.0 0 6.7 14 210 M M 4 3 16 250
20 86 63 75 7 0 10 0.00 0.0 0 6.1 17 200 M M 3 20 200
21 89 65 77 9 0 12 0.00 0.0 0 7.6 16 250 M M 2 19 250
22 88 67 78 10 0 13 0.12 0.0 0 6.5 17 220 M M 5 13 25 130
23 81 63 72 4 0 7 0.54 0.0 0 12.7 29 220 M M 7 13 41 210
24 67 59 63 -6 2 0 0.00 0.0 0 17.4 28 240 M M 4 35 250
25 76 55 66 -3 0 1 0.00 0.0 0 10.7 21 220 M M 4 28 240
26 75 60 68 -1 0 3 0.00 0.0 0 11.8 21 230 M M 4 27 220
27 73 63 68 -1 0 3 0.40 0.0 0 12.9 25 230 M M 8 1 33 230
28 76 65 71 1 0 6 0.10 0.0 0 10.2 18 230 M M 4 13 23 250
29 88 62 75 5 0 10 0.00 0.0 0 6.3 15 250 M M 2 1 18 240
30 83 67 75 5 0 10 0.00 0.0 0 7.9 15 30 M M 4 20 30
================================================================================
SM 2304 1724 58 129 3.55 0.0 283.8 M 123
================================================================================
AV 76.8 57.5 9.5 FASTST M M 4 MAX(MPH)
MISC ----> # 36 270 # 55 260
================================================================================
NOTES:
# LAST OF SEVERAL OCCURRENCES
COLUMN 17 PEAK WIND IN M.P.H.
PRELIMINARY LOCAL CLIMATOLOGICAL DATA (WS FORM: F-6) , PAGE 2
STATION: BUFFALO NY
MONTH: JUNE
YEAR: 2020
LATITUDE: 42 55 N
LONGITUDE: 78 44 W
[TEMPERATURE DATA] [PRECIPITATION DATA] SYMBOLS USED IN COLUMN 16
AVERAGE MONTHLY: 67.1 TOTAL FOR MONTH: 3.55 1 = FOG OR MIST
DPTR FM NORMAL: 0.8 DPTR FM NORMAL: -0.11 2 = FOG REDUCING VISIBILITY
HIGHEST: 90 ON 10 GRTST 24HR 1.04 ON 2- 2 TO 1/4 MILE OR LESS
LOWEST: 42 ON 14 3 = THUNDER
SNOW, ICE PELLETS, HAIL 4 = ICE PELLETS
TOTAL MONTH: 0.0 INCH 5 = HAIL
GRTST 24HR 0.0 6 = FREEZING RAIN OR DRIZZLE
GRTST DEPTH: 0 7 = DUSTSTORM OR SANDSTORM:
VSBY 1/2 MILE OR LESS
8 = SMOKE OR HAZE
[NO. OF DAYS WITH] [WEATHER - DAYS WITH] 9 = BLOWING SNOW
X = TORNADO
MAX 32 OR BELOW: 0 0.01 INCH OR MORE: 7
MAX 90 OR ABOVE: 1 0.10 INCH OR MORE: 7
MIN 32 OR BELOW: 0 0.50 INCH OR MORE: 4
MIN 0 OR BELOW: 0 1.00 INCH OR MORE: 1
[HDD (BASE 65) ]
TOTAL THIS MO. 58 CLEAR (SCALE 0-3) 8
DPTR FM NORMAL -6 PTCLDY (SCALE 4-7) 22
TOTAL FM JUL 1 6047 CLOUDY (SCALE 8-10) 0
DPTR FM NORMAL -570
[CDD (BASE 65) ]
TOTAL THIS MO. 129
DPTR FM NORMAL 26 [PRESSURE DATA]
TOTAL FM JAN 1 188 HIGHEST SLP 30.47 ON 15
DPTR FM NORMAL 59 LOWEST SLP 29.55 ON 23
[REMARKS]
#FINAL-06-20#