000
CXUS54 KTSA 011331
CF6BVO
PRELIMINARY LOCAL CLIMATOLOGICAL DATA (WS FORM: F-6)
STATION: BARTLESVILLE OKLAHOMA
MONTH: DECEMBER
YEAR: 2023
LATITUDE: 36 45 N
LONGITUDE: 96 0 W
TEMPERATURE IN F: :PCPN: SNOW: WIND :SUNSHINE: SKY :PK WND
================================================================================
1 2 3 4 5 6A 6B 7 8 9 10 11 12 13 14 15 16 17 18
12Z AVG MX 2MIN
DY MAX MIN AVG DEP HDD CDD WTR SNW DPTH SPD SPD DIR MIN PSBL S-S WX SPD DR
================================================================================
1 51 39 45 4 20 0 0.00 0.0 M 3.4 12 220 M M 10 17 220
2 46 35 41 0 24 0 0.00 0.0 M 4.6 13 290 M M 9 8 22 280
3 60 25 43 2 22 0 0.00 0.0 M 7.7 18 280 M M 1 1 35 280
4 59 29 44 4 21 0 0.00 0.0 M 3.3 14 210 M M 0 26 330
5 57 27 42 2 23 0 0.00 0.0 M 3.7 15 350 M M 1 27 360
6 63 23 43 3 22 0 0.00 0.0 M 5.5 16 210 M M 0 23 210
7 69 42 56 17 9 0 0.00 0.0 M 12.0 25 180 M M 0 38 170
8 70 45 58 19 7 0 0.00 0.0 M 8.0 18 190 M M 7 28 200
9 54 33 44 5 21 0 0.00 0.0 M 4.4 16 360 M M 0 26 360
10 51 24 38 0 27 0 0.00 0.0 M 2.3 8 260 M M 0 12 290
11 58 20 39 1 26 0 0.00 0.0 M 1.2 8 140 M M 0 11 170
12 59 23 41 3 24 0 0.00 0.0 M 1.6 9 90 M M 0 13 90
13 57 25 41 3 24 0 0.00 0.0 M 0.9 8 130 M M 0 11 150
14 59 27 43 6 22 0 0.00 0.0 M 1.8 12 160 M M 1 15 170
15 47 43 45 8 20 0 0.47 0.0 M 3.9 14 110 M M 9 1 18 110
16 53 27 40 3 25 0 0.00 0.0 M 4.6 14 270 M M 6 23 300
17 65 23 44 7 21 0 0.00 0.0 M 2.3 12 220 M M 0 16 360
18 48 22 35 -1 30 0 0.00 0.0 M 3.8 17 20 M M 0 24 350
19 54 19 37 1 28 0 0.00 0.0 M 9.9 23 160 M M 0 30 160
20 60 42 51 15 14 0 0.00 0.0 M 10.6 20 190 M M 4 29 200
21 61 50 56 20 9 0 0.30 0.0 M 9.1 14 160 M M 10 1 19 170
22 62 46 54 18 11 0 0.07 0.0 M 6.3 9 190 M M 9 12 14 180
23 61 53 57 21 8 0 0.00 0.0 M 8.6 16 170 M M 9 1 21 170
24 60 42 51 16 14 0 0.71 0.0 M 12.1 23 160 M M 10 1 35 140
25 42 33 38 3 27 0 T 0.0 M 8.3 16 280 M M 10 1 26 250
26 47 28 38 3 27 0 0.00 0.0 M 9.5 25 210 M M 8 37 210
27 43 30 37 2 28 0 0.00 0.0 M 6.0 15 290 M M 7 28 290
28 41 31 36 1 29 0 0.00 0.0 M 4.9 16 10 M M 8 20 10
29 53 29 41 6 24 0 0.00 0.0 M 3.4 10 290 M M 4 19 290
30 59 21 40 5 25 0 0.00 0.0 M 2.2 10 220 M M 0 15 220
31 36 24 30 -5 35 0 0.00 0.0 M 8.3 20 10 M M 6 25 20
================================================================================
SM 1705 980 667 0 1.55 0.0 174.2 M 129
================================================================================
AV 55.0 31.6 5.6 FASTST M M 4 MAX(MPH)
MISC ----> # 25 180 38 170
================================================================================
NOTES:
# LAST OF SEVERAL OCCURRENCES
COLUMN 17 PEAK WIND IN M.P.H.
PRELIMINARY LOCAL CLIMATOLOGICAL DATA (WS FORM: F-6) , PAGE 2
STATION: BARTLESVILLE OKLAHOMA
MONTH: DECEMBER
YEAR: 2023
LATITUDE: 36 45 N
LONGITUDE: 96 0 W
[TEMPERATURE DATA] [PRECIPITATION DATA] SYMBOLS USED IN COLUMN 16
AVERAGE MONTHLY: 43.3 TOTAL FOR MONTH: 1.55 1 = FOG OR MIST
DPTR FM NORMAL: 6.0 DPTR FM NORMAL: -0.57 2 = FOG REDUCING VISIBILITY
HIGHEST: 70 ON 8 GRTST 24HR 0.71 ON 24-24 TO 1/4 MILE OR LESS
LOWEST: 19 ON 19 3 = THUNDER
SNOW, ICE PELLETS, HAIL 4 = ICE PELLETS
TOTAL MONTH: 0.0 INCH 5 = HAIL
GRTST 24HR 0.0 6 = FREEZING RAIN OR DRIZZLE
GRTST DEPTH: M ON M 7 = DUSTSTORM OR SANDSTORM:
VSBY 1/2 MILE OR LESS
8 = SMOKE OR HAZE
[NO. OF DAYS WITH] [WEATHER - DAYS WITH] 9 = BLOWING SNOW
X = TORNADO
MAX 32 OR BELOW: 0 0.01 INCH OR MORE: 4
MAX 90 OR ABOVE: 0 0.10 INCH OR MORE: 3
MIN 32 OR BELOW: 19 0.50 INCH OR MORE: 1
MIN 0 OR BELOW: 0 1.00 INCH OR MORE: 0
[HDD (BASE 65) ]
TOTAL THIS MO. 667 CLEAR (SCALE 0-3) 15
DPTR FM NORMAL -193 PTCLDY (SCALE 4-7) 8
TOTAL FM JUL 1 1341 CLOUDY (SCALE 8-10) 8
DPTR FM NORMAL -315
[CDD (BASE 65) ]
TOTAL THIS MO. 0
DPTR FM NORMAL 0 [PRESSURE DATA]
TOTAL FM JAN 1 1867 HIGHEST SLP 30.38 ON 31
DPTR FM NORMAL 179 LOWEST SLP 29.72 ON 24
[REMARKS]
#FINAL-12-23#