441
CXUS54 KTSA 010950
CF6BVO
PRELIMINARY LOCAL CLIMATOLOGICAL DATA (WS FORM: F-6)
STATION: BARTLESVILLE OKLAHOMA
MONTH: OCTOBER
YEAR: 2020
LATITUDE: 36 45 N
LONGITUDE: 96 0 W
TEMPERATURE IN F: :PCPN: SNOW: WIND :SUNSHINE: SKY :PK WND
================================================================================
1 2 3 4 5 6A 6B 7 8 9 10 11 12 13 14 15 16 17 18
12Z AVG MX 2MIN
DY MAX MIN AVG DEP HDD CDD WTR SNW DPTH SPD SPD DIR MIN PSBL S-S WX SPD DR
================================================================================
1 72 39 56 -8 9 0 0.00 0.0 M 4.1 20 10 M M 0 8 30 360
2 70 36 53 -11 12 0 0.00 0.0 M 3.5 13 140 M M 0 12 18 110
3 73 46 60 -4 5 0 0.00 0.0 M 2.7 17 220 M M 0 24 230
4 68 40 54 -9 11 0 0.00 0.0 M 3.0 13 20 M M 0 17 40
5 76 37 57 -6 8 0 0.00 0.0 M 5.9 21 160 M M 0 28 160
6 81 47 64 1 1 0 0.00 0.0 M 2.8 13 210 M M 0 1 20 200
7 88 48 68 6 0 3 0.00 0.0 M 2.2 12 150 M M 2 12 15 210
8 86 54 70 8 0 5 0.00 0.0 M 4.0 15 170 M M 1 12 22 140
9 85 52 69 7 0 4 0.00 0.0 M 5.2 17 160 M M 5 12 24 200
10 81 56 69 8 0 4 0.00 0.0 M 0.5 7 10 M M 5 12 10 50
11 88 52 70 9 0 5 0.00 0.0 M 9.3 26 160 M M 3 12 33 170
12 76 41 59 -2 6 0 0.00 0.0 M 5.5 16 10 M M 1 8 28 290
13 83 35 59 -1 6 0 0.00 0.0 M 4.6 14 200 M M 0 1 22 200
14 89 45 67 7 0 2 0.00 0.0 M 10.3 26 20 M M 1 37 40
15 71 45 58 -2 7 0 0.00 0.0 M 10.8 26 10 M M 5 35 10
16 70 38 54 -5 11 0 0.00 0.0 M 3.2 10 220 M M 2 128 19 260
17 75 44 60 1 5 0 0.00 0.0 M 10.6 26 160 M M 0 40 200
18 62 45 54 -5 11 0 0.05 0.0 M 9.7 24 10 M M 9 1 33 30
19 47 42 45 -13 20 0 T 0.0 M 5.8 16 30 M M 10 128 22 30
20 56 45 51 -7 14 0 0.00 0.0 M 4.2 10 10 M M 10 12 14 360
21 85 53 69 11 0 4 0.00 0.0 M 7.4 21 170 M M 5 1 27 160
22 87 64 76 18 0 11 T 0.0 M 12.5 28 160 M M 1 8 37 170
23 73 41 57 0 8 0 0.18 0.0 M 12.7 23 360 M M 10 138 34 10
24 46 40 43 -14 22 0 0.00 0.0 M 6.9 15 20 M M 10 19 10
25 48 38 43 -14 22 0 0.00 0.0 M 9.6 17 10 M M 10 1 24 10
26 38 30 34 -22 31 0 0.94 M M 11.6 22 10 M M 10 136 31 360
27 34 30 32 -24 33 0 0.76 0.0 M 9.1 16 20 M M 10 16 25 20
28 44 34 39 -17 26 0 1.09 M M 6.5 17 20 M M 10 1 24 20
29 58 32 45 -10 20 0 1.19 M M 6.7 28 360 M M 5 13 46 10
30 68 29 49 -6 16 0 0.00 0.0 M 2.5 12 170 M M 0 12 15 180
31 68 35 52 -3 13 0 0.00 0.0 M 6.6 21 170 M M 0 128 32 210
================================================================================
SM 2146 1313 317 38 4.21 0.0 200.0 M 125
================================================================================
AV 69.2 42.4 6.5 FASTST M M 4 MAX(MPH)
MISC ----> # 28 160 46 10
================================================================================
NOTES:
# LAST OF SEVERAL OCCURRENCES
COLUMN 17 PEAK WIND IN M.P.H.
PRELIMINARY LOCAL CLIMATOLOGICAL DATA (WS FORM: F-6) , PAGE 2
STATION: BARTLESVILLE OKLAHOMA
MONTH: OCTOBER
YEAR: 2020
LATITUDE: 36 45 N
LONGITUDE: 96 0 W
[TEMPERATURE DATA] [PRECIPITATION DATA] SYMBOLS USED IN COLUMN 16
AVERAGE MONTHLY: 55.8 TOTAL FOR MONTH: 4.21 1 = FOG OR MIST
DPTR FM NORMAL: -3.7 DPTR FM NORMAL: 0.74 2 = FOG REDUCING VISIBILITY
HIGHEST: 89 ON 14 GRTST 24HR 2.26 ON 28-29 TO 1/4 MILE OR LESS
LOWEST: 29 ON 30 3 = THUNDER
SNOW, ICE PELLETS, HAIL 4 = ICE PELLETS
TOTAL MONTH: 0.0 INCH 5 = HAIL
GRTST 24HR 0.0 6 = FREEZING RAIN OR DRIZZLE
GRTST DEPTH: 0 7 = DUSTSTORM OR SANDSTORM:
VSBY 1/2 MILE OR LESS
8 = SMOKE OR HAZE
[NO. OF DAYS WITH] [WEATHER - DAYS WITH] 9 = BLOWING SNOW
X = TORNADO
MAX 32 OR BELOW: 0 0.01 INCH OR MORE: 6
MAX 90 OR ABOVE: 0 0.10 INCH OR MORE: 5
MIN 32 OR BELOW: 4 0.50 INCH OR MORE: 4
MIN 0 OR BELOW: 0 1.00 INCH OR MORE: 2
[HDD (BASE 65) ]
TOTAL THIS MO. 317 CLEAR (SCALE 0-3) 16
DPTR FM NORMAL 107 PTCLDY (SCALE 4-7) 6
TOTAL FM JUL 1 347 CLOUDY (SCALE 8-10) 9
DPTR FM NORMAL 99
[CDD (BASE 65) ]
TOTAL THIS MO. 38
DPTR FM NORMAL -2 [PRESSURE DATA]
TOTAL FM JAN 1 1596 HIGHEST SLP 30.42 ON 16
DPTR FM NORMAL -157 LOWEST SLP 29.59 ON 11
[REMARKS]
#FINAL-10-20#