000
CXUS54 KLZK 011330
CF6BVX
PRELIMINARY LOCAL CLIMATOLOGICAL DATA (WS FORM: F-6)
STATION: BATESVILLE REGIONAL AIRPORT
MONTH: JANUARY
YEAR: 2024
LATITUDE: 35 43 N
LONGITUDE: 91 39 W
TEMPERATURE IN F: :PCPN: SNOW: WIND :SUNSHINE: SKY :PK WND
================================================================================
1 2 3 4 5 6A 6B 7 8 9 10 11 12 13 14 15 16 17 18
12Z AVG MX 2MIN
DY MAX MIN AVG DEP HDD CDD WTR SNW DPTH SPD SPD DIR MIN PSBL S-S WX SPD DR
================================================================================
1 38 23 31 -6 34 0 0.00 M M 2.4 7 20 M M 6 M M
2 46 19 33 -4 32 0 0.00 M M 2.4 6 150 M M 0 M M
3 52 29 41 4 24 0 0.00 M M 2.6 7 270 M M 0 M M
4 37 25 31 -6 34 0 0.00 M M 5.3 10 100 M M 6 1 M M
5 34 25 30 -7 35 0 0.56 M M 4.5 12 100 M M 7 1 M M
6 42 34 38 2 27 0 0.01 M M 3.7 7 230 M M 10 1 M M
7 54 30 42 6 23 0 0.00 M M 6.2 10 260 M M 3 M M
8 43 30 37 1 28 0 1.04 M M 7.9 16 120 M M 7 1 24 110
9 45 34 40 4 25 0 0.02 M M 13.2 21 250 M M 10 12 35 270
10 49 25 37 1 28 0 0.00 M M 5.9 12 170 M M 0 16 170
11 56 27 42 6 23 0 1.14 M M 5.7 15 100 M M 3 13 43 260
12 53 28 41 5 24 0 1.47 M M 10.0 32 260 M M 8 13 43 260
13 43 19 31 -5 34 0 0.00 M M 6.0 10 310 M M 1 23 310
14 19 7 13 -24 52 0 0.08 M M 6.3 14 320 M M 3 12 21 320
15 13 4 9 -28 56 0 0.06 M M 5.0 7 99 M M 6 M M
16 20 3 12 -25 53 0 0.00 M M 6.0 9 280 M M 0 18 320
17 34 6 20 -17 45 0 0.00 M M 6.3 12 200 M M 0 M M
18 42 22 32 -5 33 0 0.00 M M 3.5 8 150 M M 5 1 M M
19 33 16 25 -12 40 0 0.00 M M 8.2 14 310 M M 2 32 320
20 28 9 19 -18 46 0 0.00 M M 4.8 7 100 M M 0 M M
21 33 8 21 -16 44 0 0.00 M M 5.6 13 110 M M 3 M M
22 37 30 34 -3 31 0 0.85 M M 6.5 9 80 M M 10 1 18 160
23 49 36 43 6 22 0 1.35 M M 3.3 8 100 M M 10 18 M M
24 55 46 51 14 14 0 0.07 M M 2.6 7 99 M M 9 128 M M
25 59 47 53 16 12 0 0.36 M M 2.2 10 230 M M 7 12 M M
26 50 45 48 11 17 0 0.00 M M 2.8 8 60 M M 10 M M
27 46 40 43 6 22 0 1.42 M M 6.3 13 310 M M 10 1 18 310
28 53 33 43 5 22 0 0.00 M M 7.0 13 310 M M 5 20 320
29 58 26 42 4 23 0 0.00 M M 3.5 10 80 M M 0 1 M M
30 66 44 55 17 10 0 0.00 M M 6.1 14 290 M M 0 21 290
31 58 31 45 7 20 0 0.00 M M 2.4 7 70 M M 0 M M
================================================================================
SM 1345 801 933 0 8.43 M 164.1 M 141
================================================================================
AV 43.4 25.8 5.3 FASTST M M 5 MAX(MPH)
MISC ----> 32 260 43 260
================================================================================
NOTES:
# LAST OF SEVERAL OCCURRENCES
COLUMN 17 PEAK WIND IN M.P.H.
PRELIMINARY LOCAL CLIMATOLOGICAL DATA (WS FORM: F-6) , PAGE 2
STATION: BATESVILLE REGIONAL AIRPORT
MONTH: JANUARY
YEAR: 2024
LATITUDE: 35 43 N
LONGITUDE: 91 39 W
[TEMPERATURE DATA] [PRECIPITATION DATA] SYMBOLS USED IN COLUMN 16
AVERAGE MONTHLY: 34.6 TOTAL FOR MONTH: 8.43 1 = FOG OR MIST
DPTR FM NORMAL: -2.3 DPTR FM NORMAL: 5.03 2 = FOG REDUCING VISIBILITY
HIGHEST: 66 ON 30 GRTST 24HR 1.78 ON 22-23 TO 1/4 MILE OR LESS
LOWEST: 3 ON 16 3 = THUNDER
SNOW, ICE PELLETS, HAIL 4 = ICE PELLETS
TOTAL MONTH: M 5 = HAIL
GRTST 24HR M ON M 6 = FREEZING RAIN OR DRIZZLE
GRTST DEPTH: M ON M 7 = DUSTSTORM OR SANDSTORM:
VSBY 1/2 MILE OR LESS
8 = SMOKE OR HAZE
[NO. OF DAYS WITH] [WEATHER - DAYS WITH] 9 = BLOWING SNOW
X = TORNADO
MAX 32 OR BELOW: 4 0.01 INCH OR MORE: 13
MAX 90 OR ABOVE: 0 0.10 INCH OR MORE: 8
MIN 32 OR BELOW: 22 0.50 INCH OR MORE: 7
MIN 0 OR BELOW: 0 1.00 INCH OR MORE: 5
[HDD (BASE 65) ]
TOTAL THIS MO. 933 CLEAR (SCALE 0-3) 13
DPTR FM NORMAL 60 PTCLDY (SCALE 4-7) 11
TOTAL FM JUL 1 2046 CLOUDY (SCALE 8-10) 7
DPTR FM NORMAL -323
[CDD (BASE 65) ]
TOTAL THIS MO. 0
DPTR FM NORMAL 0 [PRESSURE DATA]
TOTAL FM JAN 1 0 HIGHEST SLP M ON M
DPTR FM NORMAL 0 LOWEST SLP M ON M
[REMARKS]
#FINAL-01-24#