000
CXUS53 KLMK 010710
CF6BWG
PRELIMINARY LOCAL CLIMATOLOGICAL DATA (WS FORM: F-6)
STATION: BOWLING GREEN KY
MONTH: JUNE
YEAR: 2021
LATITUDE: 36 58 N
LONGITUDE: 86 26 W
TEMPERATURE IN F: :PCPN: SNOW: WIND :SUNSHINE: SKY :PK WND
================================================================================
1 2 3 4 5 6A 6B 7 8 9 10 11 12 13 14 15 16 17 18
12Z AVG MX 2MIN
DY MAX MIN AVG DEP HDD CDD WTR SNW DPTH SPD SPD DIR MIN PSBL S-S WX SPD DR
================================================================================
1 77 58 68 -4 0 3 0.27 0.0 0 4.4 13 190 M M 5 1 19 180
2 74 64 69 -4 0 4 1.62 0.0 0 9.1 20 190 M M 9 13 28 190
3 80 61 71 -2 0 6 0.01 0.0 0 6.4 17 260 M M 5 3 23 300
4 85 57 71 -2 0 6 0.00 0.0 M 1.6 10 110 M M 0 1 13 160
5 88 60 74 0 0 9 0.00 0.0 0 2.3 15 220 M M 2 1 21 220
6 82 71 77 3 0 12 0.35 0.0 0 5.3 18 220 M M 7 138 29 220
7 84 70 77 3 0 12 T 0.0 0 7.0 18 190 M M 5 26 190
8 83 70 77 3 0 12 0.09 0.0 0 7.6 18 210 M M 4 1 24 220
9 85 71 78 3 0 13 T 0.0 0 7.0 14 220 M M 6 1 18 220
10 84 73 79 4 0 14 T 0.0 0 7.2 14 200 M M 7 19 190
11 89 72 81 6 0 16 0.03 0.0 0 4.8 25 40 M M 5 13 35 30
12 94 69 82 6 0 17 0.00 0.0 0 2.8 10 320 M M 1 1 16 310
13 93 73 83 7 0 18 0.00 0.0 0 4.1 12 80 M M 1 8 17 330
14 91 73 82 6 0 17 0.00 0.0 0 4.2 14 280 M M 1 8 19 280
15 84 63 74 -2 0 9 0.00 0.0 0 4.0 15 40 M M 1 22 50
16 87 60 74 -2 0 9 0.00 0.0 0 2.6 12 310 M M 2 19 320
17 90 61 76 -1 0 11 0.00 0.0 0 3.2 12 140 M M 2 17 160
18 92 71 82 5 0 17 0.00 0.0 0 9.5 18 200 M M 3 28 200
19 89 69 79 2 0 14 0.00 0.0 0 8.8 17 190 M M 1 25 200
20 92 69 81 4 0 16 0.00 0.0 0 7.9 17 220 M M 1 25 230
21 90 67 79 1 0 14 0.41 0.0 0 10.6 25 220 M M 5 13 35 230
22 77 57 67 -11 0 2 0.00 0.0 0 4.3 13 40 M M 3 18 50
23 82 54 68 -10 0 3 0.00 0.0 0 3.3 10 100 M M 0 17 120
24 90 60 75 -3 0 10 0.00 0.0 0 7.5 17 220 M M 1 25 160
25 88 75 82 4 0 17 0.00 0.0 0 12.9 20 180 M M 3 28 180
26 91 73 82 4 0 17 0.00 0.0 0 10.8 21 220 M M 1 30 170
27 94 72 83 5 0 18 0.00 0.0 0 8.8 18 200 M M 2 25 200
28 94 72 83 4 0 18 0.00 0.0 0 3.9 14 180 M M 2 3 19 170
29 96 71 84 5 0 19 T 0.0 0 4.7 25 220 M M 2 3 35 220
30 92 71 82 3 0 17 T 0.0 0 5.8 14 220 M M 3 18 240
================================================================================
SM 2617 2007 0 370 2.78 0.0 182.4 M 90
================================================================================
AV 87.2 66.9 6.1 FASTST M M 3 MAX(MPH)
MISC ----> # 25 40 # 35 30
================================================================================
NOTES:
# LAST OF SEVERAL OCCURRENCES
COLUMN 17 PEAK WIND IN M.P.H.
PRELIMINARY LOCAL CLIMATOLOGICAL DATA (WS FORM: F-6) , PAGE 2
STATION: BOWLING GREEN KY
MONTH: JUNE
YEAR: 2021
LATITUDE: 36 58 N
LONGITUDE: 86 26 W
[TEMPERATURE DATA] [PRECIPITATION DATA] SYMBOLS USED IN COLUMN 16
AVERAGE MONTHLY: 77.1 TOTAL FOR MONTH: 2.78 1 = FOG OR MIST
DPTR FM NORMAL: 1.0 DPTR FM NORMAL: -1.73 2 = FOG REDUCING VISIBILITY
HIGHEST: 96 ON 29 GRTST 24HR 1.82 ON 1- 2 TO 1/4 MILE OR LESS
LOWEST: 54 ON 23 3 = THUNDER
SNOW, ICE PELLETS, HAIL 4 = ICE PELLETS
TOTAL MONTH: 0.0 INCH 5 = HAIL
GRTST 24HR 0.0 6 = FREEZING RAIN OR DRIZZLE
GRTST DEPTH: 0 7 = DUSTSTORM OR SANDSTORM:
VSBY 1/2 MILE OR LESS
8 = SMOKE OR HAZE
[NO. OF DAYS WITH] [WEATHER - DAYS WITH] 9 = BLOWING SNOW
X = TORNADO
MAX 32 OR BELOW: 0 0.01 INCH OR MORE: 7
MAX 90 OR ABOVE: 13 0.10 INCH OR MORE: 4
MIN 32 OR BELOW: 0 0.50 INCH OR MORE: 1
MIN 0 OR BELOW: 0 1.00 INCH OR MORE: 1
[HDD (BASE 65) ]
TOTAL THIS MO. 0 CLEAR (SCALE 0-3) 18
DPTR FM NORMAL -3 PTCLDY (SCALE 4-7) 11
TOTAL FM JUL 1 3781 CLOUDY (SCALE 8-10) 1
DPTR FM NORMAL -13
[CDD (BASE 65) ]
TOTAL THIS MO. 370
DPTR FM NORMAL 34 [PRESSURE DATA]
TOTAL FM JAN 1 494 HIGHEST SLP M ON M
DPTR FM NORMAL -40 LOWEST SLP 29.69 ON 21
[REMARKS]
#FINAL-06-21#