000
CXUS55 KPIH 011630
CF6BYI
PRELIMINARY LOCAL CLIMATOLOGICAL DATA (WS FORM: F-6)
STATION: BURLEY
MONTH: MARCH
YEAR: 2022
LATITUDE: 42 32 N
LONGITUDE: 113 46 W
TEMPERATURE IN F: :PCPN: SNOW: WIND :SUNSHINE: SKY :PK WND
================================================================================
1 2 3 4 5 6A 6B 7 8 9 10 11 12 13 14 15 16 17 18
12Z AVG MX 2MIN
DY MAX MIN AVG DEP HDD CDD WTR SNW DPTH SPD SPD DIR MIN PSBL S-S WX SPD DR
================================================================================
1 59 29 44 7 21 0 0.00 M M 4.5 17 210 M M 2 22 200
2 61 29 45 7 20 0 0.00 M M 4.0 10 10 M M 0 15 30
3 64 32 48 10 17 0 0.00 M M 6.4 18 260 M M 0 27 260
4 43 33 38 0 27 0 0.00 M M 9.6 21 250 M M 6 29 240
5 35 29 32 -7 33 0 0.04 M M 5.1 10 290 M M 10 1 15 290
6 38 24 31 -8 34 0 T M M 4.8 13 60 M M 9 18 50
7 39 21 30 -9 35 0 T M M 8.1 18 240 M M 6 25 220
8 41 27 34 -6 31 0 T M M 13.5 28 260 M M 6 1 47 260
9 33 16 25 -15 40 0 T M M 11.2 23 80 M M 9 18 33 80
10 28 9 19 -21 46 0 T M M 9.1 21 250 M M 4 29 250
11 43 16 30 -10 35 0 0.00 M M 9.2 20 250 M M 4 25 250
12 58 35 47 6 18 0 0.00 M M 15.9 25 210 M M 0 35 210
13 49 31 40 -1 25 0 T M M 15.0 29 260 M M 5 41 260
14 53 29 41 0 24 0 0.00 M M 8.0 15 170 M M 1 22 170
15 51 37 44 2 21 0 0.06 M M 11.7 25 200 M M 6 1 35 190
16 47 34 41 -1 24 0 T M M 15.1 29 260 M M 5 1 46 270
17 52 25 39 -3 26 0 0.00 M M 6.0 14 240 M M 0 21 250
18 56 29 43 1 22 0 0.00 M M 6.0 15 250 M M 2 22 260
19 60 41 51 9 14 0 0.00 M M 10.7 25 200 M M 4 34 200
20 43 29 36 -7 29 0 M M M 20.2 35 250 M M 5 1 53 250
21 48 31 40 -3 25 0 0.00 M M 9.3 18 290 M M 1 27 300
22 55 29 42 -1 23 0 0.00 M M 6.3 15 240 M M 0 20 260
23 65 31 48 5 17 0 0.00 M M 5.2 16 200 M M 0 24 190
24 65 40 53 10 12 0 0.00 M M 12.0 22 290 M M 1 33 260
25 75 32 54 10 11 0 0.00 M M 3.8 13 280 M M 0 19 290
26 71 34 53 9 12 0 0.00 M M 2.9 13 260 M M 0 18 270
27 73 35 54 10 11 0 0.00 M M 4.9 21 200 M M 0 26 180
28 62 44 53 9 12 0 0.00 M M 9.3 26 200 M M 1 35 210
29 59 39 49 5 16 0 T M M 10.6 16 90 M M 8 25 250
30 60 29 45 1 20 0 0.00 M M 10.1 22 250 M M 1 31 280
31 49 33 41 -3 24 0 0.00 M M 18.4 31 250 M M 1 56 250
================================================================================
SM 1635 932 725 0 0.10 M 286.9 M 97
================================================================================
AV 52.7 30.1 9.3 FASTST M M 3 MAX(MPH)
MISC ----> 35 250 56 250
================================================================================
NOTES:
# LAST OF SEVERAL OCCURRENCES
20TH: PRECIPITATION MISSING DUE TO TIPPING BUCKET ERRORS.
COLUMN 17 PEAK WIND IN M.P.H.
PRELIMINARY LOCAL CLIMATOLOGICAL DATA (WS FORM: F-6) , PAGE 2
STATION: BURLEY
MONTH: MARCH
YEAR: 2022
LATITUDE: 42 32 N
LONGITUDE: 113 46 W
[TEMPERATURE DATA] [PRECIPITATION DATA] SYMBOLS USED IN COLUMN 16
AVERAGE MONTHLY: 41.4 TOTAL FOR MONTH: 0.10 1 = FOG OR MIST
DPTR FM NORMAL: 0.0 DPTR FM NORMAL: -0.92 2 = FOG REDUCING VISIBILITY
HIGHEST: 75 ON 25 GRTST 24HR 0.08 ON 20-20 TO 1/4 MILE OR LESS
LOWEST: 9 ON 10 3 = THUNDER
SNOW, ICE PELLETS, HAIL 4 = ICE PELLETS
TOTAL MONTH: M 5 = HAIL
GRTST 24HR M ON M 6 = FREEZING RAIN OR DRIZZLE
GRTST DEPTH: M ON M 7 = DUSTSTORM OR SANDSTORM:
VSBY 1/2 MILE OR LESS
8 = SMOKE OR HAZE
[NO. OF DAYS WITH] [WEATHER - DAYS WITH] 9 = BLOWING SNOW
X = TORNADO
MAX 32 OR BELOW: 1 0.01 INCH OR MORE: 2
MAX 90 OR ABOVE: 0 0.10 INCH OR MORE: 0
MIN 32 OR BELOW: 20 0.50 INCH OR MORE: 0
MIN 0 OR BELOW: 0 1.00 INCH OR MORE: 0
[HDD (BASE 65) ]
TOTAL THIS MO. 725 CLEAR (SCALE 0-3) 17
DPTR FM NORMAL -5 PTCLDY (SCALE 4-7) 11
TOTAL FM JUL 1 5289 CLOUDY (SCALE 8-10) 3
DPTR FM NORMAL -60
[CDD (BASE 65) ]
TOTAL THIS MO. 0
DPTR FM NORMAL 0 [PRESSURE DATA]
TOTAL FM JAN 1 0 HIGHEST SLP 30.43 ON 22
DPTR FM NORMAL 0 LOWEST SLP 29.49 ON 28
[REMARKS]
25TH: HIGH OF 75 BREAKS PREVIOUS RECORD OF 73 SET IN 1956
#FINAL-03-22#