000
CXUS54 KHGX 010719
CF6BYY
PRELIMINARY LOCAL CLIMATOLOGICAL DATA (WS FORM: F-6)
STATION: Bay City
MONTH: MARCH
YEAR: 2020
LATITUDE: 28 58 N
LONGITUDE: 95 52 W
TEMPERATURE IN F: :PCPN: SNOW: WIND :SUNSHINE: SKY :PK WND
================================================================================
1 2 3 4 5 6A 6B 7 8 9 10 11 12 13 14 15 16 17 18
12Z AVG MX 2MIN
DY MAX MIN AVG DEP HDD CDD WTR SNW DPTH SPD SPD DIR MIN PSBL S-S WX SPD DR
================================================================================
1 74 63 69 M 0 4 0.00 0.0 0 11.4 17 160 M M 7 24 160
2 80 68 74 M 0 9 0.03 0.0 0 9.7 18 160 M M 8 1 23 160
3 80 70 75 M 0 10 0.00 0.0 0 5.8 15 110 M M 9 12 16 130
4 80 62 71 M 0 6 0.00 0.0 0 7.7 17 310 M M 9 1 24 310
5 75 56 66 M 0 1 0.00 0.0 0 10.8 16 360 M M 5 24 10
6 75 47 61 M 4 0 0.00 0.0 0 7.0 18 60 M M 0 23 60
7 67 42 55 M 10 0 0.00 0.0 0 4.6 12 90 M M 0 M M
8 76 53 65 M 0 0 0.00 0.0 0 11.6 18 140 M M 2 27 120
9 77 65 71 M 0 6 0.00 0.0 0 5.8 13 170 M M 4 8 16 190
10 82 65 74 M 0 9 0.03 0.0 0 2.9 9 170 M M 6 12 M M
11 80 63 72 M 0 7 0.00 0.0 0 5.2 13 190 M M 10 12 M M
12 82 69 76 M 0 11 0.00 0.0 0 10.0 16 190 M M 9 23 190
13 82 71 77 M 0 12 0.00 0.0 0 10.0 20 170 M M 10 1 24 160
14 82 72 77 M 0 12 0.00 0.0 0 9.9 15 150 M M 9 1 23 170
15 82 69 76 M 0 11 0.00 0.0 0 6.9 13 140 M M 9 1 16 130
16 74 66 70 M 0 5 0.02 0.0 0 4.3 12 120 M M 8 1 21 120
17 80 71 76 M 0 11 0.00 0.0 0 8.7 17 170 M M 10 1 16 150
18 83 72 78 M 0 13 0.00 0.0 0 11.4 18 150 M M 10 1 23 150
19 84 73 79 M 0 14 0.00 0.0 0 13.9 22 160 M M 10 1 29 160
20 84 64 74 M 0 9 0.00 0.0 0 8.4 18 20 M M 9 1 27 30
21 68 59 64 M 1 0 0.08 0.0 0 10.4 17 20 M M 10 1 20 10
22 83 66 75 M 0 10 0.01 0.0 0 8.4 18 180 M M 10 1 23 170
23 83 73 78 M 0 13 0.00 0.0 0 10.1 18 160 M M 10 1 25 160
24 86 69 78 M 0 13 0.00 0.0 0 11.0 20 200 M M 8 128 29 200
25 85 67 76 M 0 11 0.00 0.0 0 4.1 12 160 M M 7 12 M M
26 84 71 78 M 0 13 0.00 0.0 0 10.1 18 170 M M 6 1 23 160
27 86 75 81 M 0 16 0.00 0.0 0 14.7 22 150 M M 7 1 36 160
28 81 67 74 M 0 9 0.00 0.0 0 9.1 18 360 M M 9 18 23 160
29 82 59 71 M 0 6 0.02 0.0 0 6.0 16 60 M M 4 23 60
30 84 65 75 M 0 10 0.00 0.0 0 9.1 22 150 M M 7 1 28 150
31 78 61 70 M 0 5 0.00 0.0 0 9.1 18 20 M M 3 1 25 360
================================================================================
SM 2479 2013 15 256 0.19 0.0 268.1 M 225
================================================================================
AV 80.0 64.9 8.6 FASTST M M 7 MAX(MPH)
MISC ----> # 22 160 # 36 160
================================================================================
NOTES:
# LAST OF SEVERAL OCCURRENCES
COLUMN 17 PEAK WIND IN M.P.H.
PRELIMINARY LOCAL CLIMATOLOGICAL DATA (WS FORM: F-6) , PAGE 2
STATION: Bay City
MONTH: MARCH
YEAR: 2020
LATITUDE: 28 58 N
LONGITUDE: 95 52 W
[TEMPERATURE DATA] [PRECIPITATION DATA] SYMBOLS USED IN COLUMN 16
AVERAGE MONTHLY: 72.5 TOTAL FOR MONTH: 0.19 1 = FOG OR MIST
DPTR FM NORMAL: M DPTR FM NORMAL: M 2 = FOG REDUCING VISIBILITY
HIGHEST: 86 ON 27,24 GRTST 24HR 0.08 ON 21-21 TO 1/4 MILE OR LESS
LOWEST: 42 ON 7 3 = THUNDER
SNOW, ICE PELLETS, HAIL 4 = ICE PELLETS
TOTAL MONTH: 0.0 INCH 5 = HAIL
GRTST 24HR 0.0 6 = FREEZING RAIN OR DRIZZLE
GRTST DEPTH: 0 7 = DUSTSTORM OR SANDSTORM:
VSBY 1/2 MILE OR LESS
8 = SMOKE OR HAZE
[NO. OF DAYS WITH] [WEATHER - DAYS WITH] 9 = BLOWING SNOW
X = TORNADO
MAX 32 OR BELOW: 0 0.01 INCH OR MORE: 6
MAX 90 OR ABOVE: 0 0.10 INCH OR MORE: 0
MIN 32 OR BELOW: 0 0.50 INCH OR MORE: 0
MIN 0 OR BELOW: 0 1.00 INCH OR MORE: 0
[HDD (BASE 65) ]
TOTAL THIS MO. 15 CLEAR (SCALE 0-3) 3
DPTR FM NORMAL M PTCLDY (SCALE 4-7) 11
TOTAL FM JUL 1 746 CLOUDY (SCALE 8-10) 17
DPTR FM NORMAL M
[CDD (BASE 65) ]
TOTAL THIS MO. 256
DPTR FM NORMAL M [PRESSURE DATA]
TOTAL FM JAN 1 360 HIGHEST SLP M ON M
DPTR FM NORMAL M LOWEST SLP M ON M
[REMARKS]
#FINAL-03-20#